{"id":6030,"date":"2025-06-09T11:13:54","date_gmt":"2025-06-09T17:13:54","guid":{"rendered":"https:\/\/www.corporacionbi.com\/pa\/bibank\/?page_id=6030"},"modified":"2025-06-09T11:14:53","modified_gmt":"2025-06-09T17:14:53","slug":"pago-de-impuestos-desde-banca-en-linea-app","status":"publish","type":"page","link":"https:\/\/www.corporacionbi.com\/pa\/bibank\/pago-de-impuestos-desde-banca-en-linea-app\/","title":{"rendered":"Pago de Impuestos desde Banca en L\u00ednea App"},"content":{"rendered":"<div class=\"wpb-content-wrapper\"><p>[vc_section][vc_row][vc_column][vc_empty_space][\/vc_column][\/vc_row][\/vc_section][vc_section][vc_row content_placement=&#8221;middle&#8221; overflow=&#8221;default&#8221;][vc_column width=&#8221;1\/2&#8243;][vc_empty_space][vc_raw_html css=&#8221;.vc_custom_1749488198550{border-left-width: 4px !important;padding-left: 0.5em !important;border-left-style: solid !important;border-color: #fbbb47 !important;}&#8221;]JTNDaDIlMjBjbGFzcyUzRCUyMmgtZGVjb3JhdGlvbi11bnNldCUyMHR4LWxoLTElMjIlM0UlMEElM0NzcGFuJTIwY2xhc3MlM0QlMjJ0eGMtZGlnaXRhbCUyMHR4LWxoLTA1JTIyJTNFUGFnbyUyMGRlJTIwSW1wdWVzdG9zJTNDJTJGc3BhbiUzRSUzQyUyRmJyJTNFJTBBJTNDc3BhbiUyMGNsYXNzJTNEJTIydHhzLWwlMjIlM0VkZXNkZSUyMEJhbmNhJTIwZW4lMjBMJUMzJUFEbmVhJTIwQXBwJTNDJTJGc3BhbiUzRSUzQ2JyJTNFJTBBJTNDJTJGaDIlM0U=[\/vc_raw_html][vc_empty_space][\/vc_column][\/vc_row][vc_row][vc_column][vc_column_text css=&#8221;&#8221;]Ahora en Banca en L\u00ednea App puedes realizar el pago de tus impuestos. Los pagos se aplican de manera inmediata, solo necesitas tener el n\u00famero de boleta electr\u00f3nica que obtienes del etax en la DGI.[\/vc_column_text][\/vc_column][\/vc_row][vc_row][vc_column][vc_btn title=&#8221;Hazlo tambi\u00e9n desde la Web&#8221; style=&#8221;classic&#8221; css=&#8221;&#8221; link=&#8221;url:https%3A%2F%2Fwww.corporacionbi.com%2Fpa%2Fbibank%2Fpago-de-impuestos-desde-banca-en-linea-web%2F|target:_blank&#8221; el_class=&#8221;btn-corp-01&#8243;][\/vc_column][\/vc_row][\/vc_section][vc_section][vc_row full_width=&#8221;stretch_row&#8221; overflow=&#8221;default&#8221; css=&#8221;.vc_custom_1687469879407{background-color: #f2f2f2 !important;}&#8221;][vc_column css_animation=&#8221;fadeInUp&#8221; width=&#8221;1\/2&#8243; overflow=&#8221;default&#8221;][vc_row_inner overflow=&#8221;default&#8221;][vc_column_inner width=&#8221;1\/2&#8243; overflow=&#8221;default&#8221;][vc_single_image image=&#8221;6031&#8243; img_size=&#8221;full&#8221; css=&#8221;&#8221;][\/vc_column_inner][vc_column_inner width=&#8221;1\/2&#8243; overflow=&#8221;default&#8221;][vc_custom_heading text=&#8221;Paso 1&#8243; font_container=&#8221;tag:h4|text_align:left&#8221;][vc_column_text css=&#8221;&#8221;]<\/p>\n<p class=\"p1\">Descarga el App desde las tiendas de iOS o Android e ingresa a <strong>Banca en L\u00ednea App.<\/strong><\/p>\n<p>[\/vc_column_text][vc_single_image image=&#8221;6040&#8243; img_size=&#8221;full&#8221; css=&#8221;&#8221;][\/vc_column_inner][\/vc_row_inner][\/vc_column][vc_column css_animation=&#8221;fadeInUp&#8221; width=&#8221;1\/2&#8243; overflow=&#8221;default&#8221;][vc_row_inner][vc_column_inner width=&#8221;1\/2&#8243;][vc_single_image image=&#8221;6032&#8243; img_size=&#8221;full&#8221; css=&#8221;&#8221;][\/vc_column_inner][vc_column_inner width=&#8221;1\/2&#8243;][vc_custom_heading text=&#8221;Paso 2&#8243; font_container=&#8221;tag:h4|text_align:left&#8221;][vc_column_text css=&#8221;&#8221;]<\/p>\n<p class=\"p1\">Selecciona la opci\u00f3n de <strong>\u201cPagos\u201d,<\/strong> luego da clic en <strong>\u201cPago de Impuestos DGI\u201d.<\/strong><\/p>\n<p>[\/vc_column_text][\/vc_column_inner][\/vc_row_inner][\/vc_column][\/vc_row][vc_row full_width=&#8221;stretch_row&#8221; overflow=&#8221;default&#8221;][vc_column css_animation=&#8221;fadeInUp&#8221; width=&#8221;1\/2&#8243; overflow=&#8221;default&#8221;][vc_row_inner overflow=&#8221;default&#8221;][vc_column_inner width=&#8221;1\/2&#8243;][vc_single_image image=&#8221;6033&#8243; img_size=&#8221;full&#8221; css=&#8221;&#8221;][\/vc_column_inner][vc_column_inner width=&#8221;1\/2&#8243;][vc_custom_heading text=&#8221;Paso 3&#8243; font_container=&#8221;tag:h4|text_align:left&#8221;][vc_column_text css=&#8221;&#8221;]Ingresa el n\u00famero de boleta que generaste en <strong>https:\/\/etax2.mef.gob.pa\/ etax2web\/Login.aspx<\/strong> , luego selecciona el bot\u00f3n <strong>\u201cconsultar\u201d.<\/strong>[\/vc_column_text][\/vc_column_inner][\/vc_row_inner][\/vc_column][vc_column width=&#8221;1\/2&#8243;][vc_row_inner][vc_column_inner width=&#8221;1\/2&#8243; overflow=&#8221;default&#8221; css_animation=&#8221;fadeInUp&#8221;][vc_single_image image=&#8221;6034&#8243; img_size=&#8221;full&#8221; css=&#8221;&#8221;][\/vc_column_inner][vc_column_inner width=&#8221;1\/2&#8243;][vc_custom_heading text=&#8221;Paso 4&#8243; font_container=&#8221;tag:h4|text_align:left&#8221;][vc_column_text css=&#8221;&#8221;]<\/p>\n<p class=\"p1\">Completa la informaci\u00f3n y luego selecciona el bot\u00f3n <strong>\u201cPagar\u201d.<\/strong><\/p>\n<p>[\/vc_column_text][\/vc_column_inner][\/vc_row_inner][\/vc_column][\/vc_row][vc_row full_width=&#8221;stretch_row&#8221; overflow=&#8221;default&#8221; css=&#8221;.vc_custom_1686675425725{background-color: #f2f2f2 !important;}&#8221;][vc_column css_animation=&#8221;fadeInUp&#8221; width=&#8221;1\/2&#8243; overflow=&#8221;default&#8221;][vc_row_inner overflow=&#8221;default&#8221;][vc_column_inner width=&#8221;1\/2&#8243; overflow=&#8221;default&#8221;][vc_single_image image=&#8221;6035&#8243; img_size=&#8221;full&#8221; css=&#8221;&#8221;][\/vc_column_inner][vc_column_inner width=&#8221;1\/2&#8243; overflow=&#8221;default&#8221;][vc_custom_heading text=&#8221;Paso 5&#8243; font_container=&#8221;tag:h4|text_align:left&#8221;][vc_column_text css=&#8221;&#8221;]<\/p>\n<p class=\"p1\">Verifica la informaci\u00f3n que te aparece en pantalla, si todo est\u00e1 correcto, seleccionar el bot\u00f3n <strong>\u201cAceptar\u201d.<\/strong><\/p>\n<p>[\/vc_column_text][\/vc_column_inner][\/vc_row_inner][\/vc_column][vc_column css_animation=&#8221;fadeInUp&#8221; width=&#8221;1\/2&#8243; overflow=&#8221;default&#8221;][vc_row_inner][vc_column_inner width=&#8221;1\/2&#8243;][vc_single_image image=&#8221;6036&#8243; img_size=&#8221;full&#8221; css=&#8221;&#8221;][\/vc_column_inner][vc_column_inner width=&#8221;1\/2&#8243;][vc_custom_heading text=&#8221;Paso 6&#8243; font_container=&#8221;tag:h4|text_align:left&#8221;][vc_column_text css=&#8221;&#8221;]<\/p>\n<p class=\"p1\">Ingresa un Token de seguridad y selecciona el bot\u00f3n <strong>\u201cAceptar\u201d.<\/strong><\/p>\n<p>[\/vc_column_text][\/vc_column_inner][\/vc_row_inner][\/vc_column][\/vc_row][vc_row full_width=&#8221;stretch_row&#8221; overflow=&#8221;default&#8221;][vc_column css_animation=&#8221;fadeInUp&#8221; width=&#8221;1\/2&#8243; overflow=&#8221;default&#8221;][vc_row_inner overflow=&#8221;default&#8221;][vc_column_inner width=&#8221;1\/2&#8243;][vc_single_image image=&#8221;6037&#8243; img_size=&#8221;full&#8221; css=&#8221;&#8221;][\/vc_column_inner][vc_column_inner width=&#8221;1\/2&#8243;][vc_custom_heading text=&#8221;Paso 7&#8243; font_container=&#8221;tag:h4|text_align:left&#8221;][vc_column_text css=&#8221;&#8221;]<\/p>\n<p class=\"p1\"><strong>\u00a1Listo, pago realizado!<\/strong> Con el comprobante en pantalla, podr\u00e1s descargar o compartir para constancia.<\/p>\n<p>[\/vc_column_text][\/vc_column_inner][\/vc_row_inner][\/vc_column][vc_column css_animation=&#8221;fadeInUp&#8221; width=&#8221;1\/2&#8243; overflow=&#8221;default&#8221;][vc_row_inner][vc_column_inner width=&#8221;1\/2&#8243;][vc_single_image image=&#8221;6038&#8243; img_size=&#8221;full&#8221; css=&#8221;&#8221;][\/vc_column_inner][vc_column_inner width=&#8221;1\/2&#8243;][vc_custom_heading text=&#8221;\u00a1Nota importante!&#8221; font_container=&#8221;tag:h4|text_align:left&#8221; css=&#8221;&#8221;][vc_column_text css=&#8221;&#8221;]<\/p>\n<p class=\"p1\">Autorizaci\u00f3n Empresarial: Para usuarios empresariales las transacciones pasar\u00e1n al proceso de autorizaci\u00f3n.<\/p>\n<p>[\/vc_column_text][\/vc_column_inner][\/vc_row_inner][\/vc_column][\/vc_row][\/vc_section]<\/p>\n<\/div>","protected":false},"excerpt":{"rendered":"<p>[vc_section][vc_row][vc_column][vc_empty_space][\/vc_column][\/vc_row][\/vc_section][vc_section][vc_row content_placement=&#8221;middle&#8221; overflow=&#8221;default&#8221;][vc_column width=&#8221;1\/2&#8243;][vc_empty_space][vc_raw_html css=&#8221;.vc_custom_1749488198550{border-left-width: 4px !important;padding-left: 0.5em !important;border-left-style: solid !important;border-color: #fbbb47 !important;}&#8221;]JTNDaDIlMjBjbGFzcyUzRCUyMmgtZGVjb3JhdGlvbi11bnNldCUyMHR4LWxoLTElMjIlM0UlMEElM0NzcGFuJTIwY2xhc3MlM0QlMjJ0eGMtZGlnaXRhbCUyMHR4LWxoLTA1JTIyJTNFUGFnbyUyMGRlJTIwSW1wdWVzdG9zJTNDJTJGc3BhbiUzRSUzQyUyRmJyJTNFJTBBJTNDc3BhbiUyMGNsYXNzJTNEJTIydHhzLWwlMjIlM0VkZXNkZSUyMEJhbmNhJTIwZW4lMjBMJUMzJUFEbmVhJTIwQXBwJTNDJTJGc3BhbiUzRSUzQ2JyJTNFJTBBJTNDJTJGaDIlM0U=[\/vc_raw_html][vc_empty_space][\/vc_column][\/vc_row][vc_row][vc_column][vc_column_text css=&#8221;&#8221;]Ahora en Banca en L\u00ednea App puedes realizar el pago de tus impuestos. Los pagos se aplican de manera inmediata, solo necesitas tener el n\u00famero de boleta electr\u00f3nica que obtienes del etax&#8230;<\/p>\n","protected":false},"author":48,"featured_media":0,"parent":0,"menu_order":0,"comment_status":"closed","ping_status":"closed","template":"","meta":{"footnotes":""},"wf_page_folders":[50,29],"class_list":["post-6030","page","type-page","status-publish","hentry"],"_links":{"self":[{"href":"https:\/\/www.corporacionbi.com\/pa\/bibank\/wp-json\/wp\/v2\/pages\/6030","targetHints":{"allow":["GET"]}}],"collection":[{"href":"https:\/\/www.corporacionbi.com\/pa\/bibank\/wp-json\/wp\/v2\/pages"}],"about":[{"href":"https:\/\/www.corporacionbi.com\/pa\/bibank\/wp-json\/wp\/v2\/types\/page"}],"author":[{"embeddable":true,"href":"https:\/\/www.corporacionbi.com\/pa\/bibank\/wp-json\/wp\/v2\/users\/48"}],"replies":[{"embeddable":true,"href":"https:\/\/www.corporacionbi.com\/pa\/bibank\/wp-json\/wp\/v2\/comments?post=6030"}],"version-history":[{"count":4,"href":"https:\/\/www.corporacionbi.com\/pa\/bibank\/wp-json\/wp\/v2\/pages\/6030\/revisions"}],"predecessor-version":[{"id":6044,"href":"https:\/\/www.corporacionbi.com\/pa\/bibank\/wp-json\/wp\/v2\/pages\/6030\/revisions\/6044"}],"wp:attachment":[{"href":"https:\/\/www.corporacionbi.com\/pa\/bibank\/wp-json\/wp\/v2\/media?parent=6030"}],"wp:term":[{"taxonomy":"wf_page_folders","embeddable":true,"href":"https:\/\/www.corporacionbi.com\/pa\/bibank\/wp-json\/wp\/v2\/wf_page_folders?post=6030"}],"curies":[{"name":"wp","href":"https:\/\/api.w.org\/{rel}","templated":true}]}}