{"id":5460,"date":"2024-11-08T16:41:26","date_gmt":"2024-11-08T22:41:26","guid":{"rendered":"https:\/\/www.corporacionbi.com\/pa\/bibank\/?page_id=5460"},"modified":"2024-11-11T09:42:54","modified_gmt":"2024-11-11T15:42:54","slug":"nueva-sucursal-zona-libre-de-colon","status":"publish","type":"page","link":"https:\/\/www.corporacionbi.com\/pa\/bibank\/nueva-sucursal-zona-libre-de-colon\/","title":{"rendered":"Nueva sucursal Zona Libre de C\u00f3lon"},"content":{"rendered":"<div class=\"wpb-content-wrapper\"><p>[vc_section][vc_row][vc_column]\n\t\t\t\t<p class=\"rs-p-wp-fix\"><\/p>\n\t\t\t\t<sr7-module data-alias=\"informe-de-actualizacion-int-trimestral-1-1\" data-id=\"128\" id=\"SR7_128_1\" class=\"rs-ov-hidden\" data-version=\"6.7.54\">\n\t\t\t\t\t<sr7-adjuster><\/sr7-adjuster>\n\t\t\t\t\t<sr7-content>\n\t\t\t\t\t\t<sr7-slide id=\"SR7_128_1-215\" data-key=\"215\">\n\t\t\t\t\t\t\t<h1 id=\"SR7_128_1-215-3\" class=\"sr7-layer\"><b>Sucursal Zona<br> Libre de Col\u00f3n <\/b><br \/>\n<br \/>\n<\/h1>\n\t\t\t\t\t\t<\/sr7-slide>\n\t\t\t\t\t\t<sr7-slide id=\"SR7_128_1-216\" data-key=\"216\">\n\t\t\t\t\t\t<\/sr7-slide>\n\t\t\t\t\t<\/sr7-content>\n\t\t\t\t\t<image_lists style=\"display:none\">\n\t\t\t\t\t\t<img data-src=\"\/\/www.corporacionbi.com\/pa\/bibank\/wp-content\/uploads\/2024\/11\/banner-landing-zona-libre.webp\" data-libid=\"5464\" data-lib=\"medialibrary\" alt=\"sucursal-zona-libre-de-colon\" title=\"banner-landing-zona-libre\" width=\"0\" height=\"0\" data-dbsrc=\"Ly93d3cuY29ycG9yYWNpb25iaS5jb20vcGEvYmliYW5rL3dwLWNvbnRlbnQvdXBsb2Fkcy8yMDI0LzExL2Jhbm5lci1sYW5kaW5nLXpvbmEtbGlicmUud2VicA==\"\/>\n\t\t\t\t\t<\/image_lists>\n\t\t\t\t<\/sr7-module>\n\t\t\t\t<script>\n\t\t\t\t\twindow.SR7 ??={};SR7.PMH ??={}; SR7.PMH[\"SR7_128_1\"] = {cn:100,state:false,fn: function() { if (window._tpt!==undefined && window._tpt.prepareModuleHeight !== undefined) {  _tpt.prepareModuleHeight({id:\"SR7_128_1\",el:[600,600,350,400,350],type:'standard',shdw:'0',gh:[600,600,350,400,350],gw:[1920,1920,1024,778,480],vpt:['-200px&#039;,&#039;-200px&#039;,&#039;-200px&#039;,&#039;-200px&#039;,&#039;-200px'],size:{fullWidth:true, fullHeight:false},mh:'0',onh:0,onw:0,bg:{color:'{\"orig\":\"transparent\",\"type\":\"solid\",\"string\":\"transparent\"}'}});   SR7.PMH[\"SR7_128_1\"].state=true;} else if(SR7.PMH[\"SR7_128_1\"].cn-->0)\tsetTimeout( SR7.PMH[\"SR7_128_1\"].fn,19);}};SR7.PMH[\"SR7_128_1\" ].fn();\n\t\t\t\t<\/script>\n[\/vc_column][\/vc_row][vc_row overflow=&#8221;default&#8221; css=&#8221;.vc_custom_1656019906917{margin-top: 50px !important;}&#8221;][vc_column width=&#8221;1\/2&#8243;]\r\n<div class=\"sh-heading  \" id=\"heading-GAfjb1yCzT\">\r\n\t<div class=\"sh-element-margin\">\r\n\r\n\t\t\r\n\t\t\t<h1 class=\"sh-heading-content size-default text-left\">\r\n\t\t\t\tNueva Sucursal Zona Libre de Col\u00f3n\t\t\t<\/h1>\r\n\r\n\t\t\r\n\t<\/div>\r\n<\/div>\r\n            <style type=\"text\/css\">\r\n                #heading-GAfjb1yCzT .sh-element-margin {margin: 0px 0px 30px 0px;}#heading-GAfjb1yCzT .sh-heading-content {font-weight: 700!important;color: #003865;}#heading-GAfjb1yCzT .sh-heading-content,#heading-GAfjb1yCzT .sh-heading-additional-text {}            <\/style>\r\n        [vc_column_text css=&#8221;&#8221;]Nos complace anunciar la apertura de nuestra nueva sucursal de Zona Libre de Col\u00f3n, ubicada en el Centro Comercial PH Interplaza.<\/p>\n<p>Entre los servicios que ofrecemos se destacan:<\/p>\n<ul>\n<li style=\"list-style-type: none;\">\n<ul>\n<li><strong>cr\u00e9dito comercial<\/strong><\/li>\n<li><strong>comercio internacional<\/strong><\/li>\n<li><strong>conexi\u00f3n regional<\/strong><\/li>\n<li><strong>dep\u00f3sito<\/strong><\/li>\n<\/ul>\n<\/li>\n<\/ul>\n<p>\u00a1Vis\u00edtanos y descubre c\u00f3mo podemos contribuir al \u00e9xito de tu negocio![\/vc_column_text][\/vc_column][vc_column width=&#8221;1\/2&#8243;][\/vc_column][\/vc_row][\/vc_section]<\/p>\n<\/div>","protected":false},"excerpt":{"rendered":"<p>[vc_section][vc_row][vc_column][\/vc_column][\/vc_row][vc_row overflow=&#8221;default&#8221; css=&#8221;.vc_custom_1656019906917{margin-top: 50px !important;}&#8221;][vc_column width=&#8221;1\/2&#8243;][vc_column_text css=&#8221;&#8221;]Nos complace anunciar la apertura de nuestra nueva sucursal de Zona Libre de Col\u00f3n, ubicada en el Centro Comercial PH Interplaza. Entre los servicios que ofrecemos se destacan: cr\u00e9dito comercial comercio internacional conexi\u00f3n regional dep\u00f3sito \u00a1Vis\u00edtanos y descubre c\u00f3mo&#8230;<\/p>\n","protected":false},"author":40,"featured_media":0,"parent":0,"menu_order":0,"comment_status":"closed","ping_status":"closed","template":"","meta":{"footnotes":""},"wf_page_folders":[],"class_list":["post-5460","page","type-page","status-publish","hentry"],"_links":{"self":[{"href":"https:\/\/www.corporacionbi.com\/pa\/bibank\/wp-json\/wp\/v2\/pages\/5460","targetHints":{"allow":["GET"]}}],"collection":[{"href":"https:\/\/www.corporacionbi.com\/pa\/bibank\/wp-json\/wp\/v2\/pages"}],"about":[{"href":"https:\/\/www.corporacionbi.com\/pa\/bibank\/wp-json\/wp\/v2\/types\/page"}],"author":[{"embeddable":true,"href":"https:\/\/www.corporacionbi.com\/pa\/bibank\/wp-json\/wp\/v2\/users\/40"}],"replies":[{"embeddable":true,"href":"https:\/\/www.corporacionbi.com\/pa\/bibank\/wp-json\/wp\/v2\/comments?post=5460"}],"version-history":[{"count":7,"href":"https:\/\/www.corporacionbi.com\/pa\/bibank\/wp-json\/wp\/v2\/pages\/5460\/revisions"}],"predecessor-version":[{"id":5470,"href":"https:\/\/www.corporacionbi.com\/pa\/bibank\/wp-json\/wp\/v2\/pages\/5460\/revisions\/5470"}],"wp:attachment":[{"href":"https:\/\/www.corporacionbi.com\/pa\/bibank\/wp-json\/wp\/v2\/media?parent=5460"}],"wp:term":[{"taxonomy":"wf_page_folders","embeddable":true,"href":"https:\/\/www.corporacionbi.com\/pa\/bibank\/wp-json\/wp\/v2\/wf_page_folders?post=5460"}],"curies":[{"name":"wp","href":"https:\/\/api.w.org\/{rel}","templated":true}]}}