{"id":4096,"date":"2024-03-07T20:19:26","date_gmt":"2024-03-08T02:19:26","guid":{"rendered":"https:\/\/www.corporacionbi.com\/pa\/bibank\/?page_id=4096"},"modified":"2024-04-17T15:34:03","modified_gmt":"2024-04-17T21:34:03","slug":"tutoriales-conexion-regional","status":"publish","type":"page","link":"https:\/\/www.corporacionbi.com\/pa\/bibank\/tutoriales-conexion-regional\/","title":{"rendered":"Tutoriales Conexi\u00f3n regional"},"content":{"rendered":"<div class=\"wpb-content-wrapper\"><p>[vc_section][vc_row][vc_column][vc_empty_space height=&#8221;56px&#8221;]\n\t\t\t\t<p class=\"rs-p-wp-fix\"><\/p>\n\t\t\t\t<sr7-module data-alias=\"solicita-cuenta-personal-1\" data-id=\"122\" id=\"SR7_122_1\" class=\"rs-ov-hidden\" data-version=\"6.7.54\">\n\t\t\t\t\t<sr7-adjuster><\/sr7-adjuster>\n\t\t\t\t\t<sr7-content>\n\t\t\t\t\t\t<sr7-slide id=\"SR7_122_1-94\" data-key=\"94\">\n\t\t\t\t\t\t<\/sr7-slide>\n\t\t\t\t\t\t<sr7-slide id=\"SR7_122_1-186\" data-key=\"186\">\n\t\t\t\t\t\t<\/sr7-slide>\n\t\t\t\t\t<\/sr7-content>\n\t\t\t\t<\/sr7-module>\n\t\t\t\t<script>\n\t\t\t\t\twindow.SR7 ??={};SR7.PMH ??={}; SR7.PMH[\"SR7_122_1\"] = {cn:100,state:false,fn: function() { if (window._tpt!==undefined && window._tpt.prepareModuleHeight !== undefined) {  _tpt.prepareModuleHeight({id:\"SR7_122_1\",el:[500,500,300,300,250],type:'standard',shdw:'0',gh:[500,500,300,300,250],gw:[1920,1920,1024,778,480],vpt:['100px&#039;,&#039;100px&#039;,&#039;100px&#039;,&#039;100px&#039;,&#039;100px'],size:{fullWidth:true, fullHeight:false},mh:'0',onh:0,onw:0,bg:{color:'{\"orig\":\"transparent\",\"type\":\"solid\",\"string\":\"transparent\"}'}});   SR7.PMH[\"SR7_122_1\"].state=true;} else if(SR7.PMH[\"SR7_122_1\"].cn-->0)\tsetTimeout( SR7.PMH[\"SR7_122_1\"].fn,19);}};SR7.PMH[\"SR7_122_1\" ].fn();\n\t\t\t\t<\/script>\n[\/vc_column][\/vc_row][\/vc_section][vc_section full_width=&#8221;stretch_row_content&#8221;][vc_row][vc_column][vc_empty_space height=&#8221;56px&#8221;][vc_tta_tabs section_title_tag=&#8221;h1&#8243; shape=&#8221;round&#8221; color=&#8221;turquoise&#8221; alignment=&#8221;center&#8221; active_section=&#8221;1&#8243;][vc_tta_section title=&#8221;Pago de pr\u00e9stamos&#8221; tab_id=&#8221;1709862486229-688900ba-2945&#8243;][vc_empty_space height=&#8221;24px&#8221;][vc_row_inner][vc_column_inner][vc_raw_html]JTNDY2VudGVyJTNFJTBBJTA5JTNDdmlkZW8lMjBjbGFzcyUzRCUyMnZpZGVvLXR1dG9yaWFsLWluZm8lMjBzaGFkb3ctc2VjdGlvbiUyMnNyYyUzRCUyMmh0dHBzJTNBJTJGJTJGbWVkaWEuYmkuY29tLmd0JTJGY29ycG9yYWNpb25iaSUyRmJhbmNvaW5kdXN0cmlhbCUyRjIwMjQwMyUyRmNvbmV4aW9uLXJlZ2lvbmFsLXBhZ28tcHJlc3RhbW9zLTIubXA0JTBBJTIyJTIwd2lkdGglM0QlMjI1MCUyNSUyMiUyMGNvbnRyb2xzJTNFJTNDJTJGdmlkZW8lM0UlMEElM0MlMkZjZW50ZXIlM0U=[\/vc_raw_html][vc_empty_space height=&#8221;50px&#8221;][\/vc_column_inner][\/vc_row_inner][vc_row_inner gap=&#8221;25&#8243; overflow=&#8221;default&#8221; css=&#8221;.vc_custom_1709865485738{margin-right: 12px !important;margin-left: 12px !important;}&#8221;][vc_column_inner width=&#8221;1\/2&#8243;][vc_single_image image=&#8221;4097&#8243; img_size=&#8221;full&#8221; alignment=&#8221;center&#8221;][vc_custom_heading text=&#8221;Paso 1&#8243; font_container=&#8221;tag:h2|text_align:center&#8221;][vc_column_text]<\/p>\n<p style=\"text-align: center;\">Ingresa a Conexio\u0301n Regional y presiona el boto\u0301n \u201cPago de Pre\u0301stamos\u201d.<\/p>\n<p>[\/vc_column_text][\/vc_column_inner][vc_column_inner width=&#8221;1\/2&#8243;][vc_single_image image=&#8221;4098&#8243; img_size=&#8221;full&#8221; alignment=&#8221;center&#8221;][vc_custom_heading text=&#8221;Paso 2&#8243; font_container=&#8221;tag:h2|text_align:center&#8221;][vc_column_text]<\/p>\n<p style=\"text-align: center;\">Selecciona el pre\u0301stamo que deseas pagar y presiona el boto\u0301n \u201cPagar\u201d.<\/p>\n<p>[\/vc_column_text][\/vc_column_inner][\/vc_row_inner][vc_empty_space height=&#8221;24px&#8221;][vc_row_inner gap=&#8221;25&#8243; overflow=&#8221;default&#8221; css=&#8221;.vc_custom_1709865485738{margin-right: 12px !important;margin-left: 12px !important;}&#8221;][vc_column_inner width=&#8221;1\/2&#8243;][vc_single_image image=&#8221;4099&#8243; img_size=&#8221;full&#8221; alignment=&#8221;center&#8221;][vc_custom_heading text=&#8221;Paso 3&#8243; font_container=&#8221;tag:h2|text_align:center&#8221;][vc_column_text]<\/p>\n<p style=\"text-align: center;\">Selecciona la opcio\u0301n de pago que desees realizar.<\/p>\n<p>[\/vc_column_text][\/vc_column_inner][vc_column_inner width=&#8221;1\/2&#8243;][vc_single_image image=&#8221;4100&#8243; img_size=&#8221;full&#8221; alignment=&#8221;center&#8221;][vc_custom_heading text=&#8221;Paso 4&#8243; font_container=&#8221;tag:h2|text_align:center&#8221;][vc_column_text]<\/p>\n<p style=\"text-align: center;\">Elige la cuenta con la que deseas pagar tu pre\u0301stamo.<\/p>\n<p>[\/vc_column_text][\/vc_column_inner][\/vc_row_inner][vc_empty_space height=&#8221;24px&#8221;][vc_row_inner gap=&#8221;25&#8243; overflow=&#8221;default&#8221; css=&#8221;.vc_custom_1709865485738{margin-right: 12px !important;margin-left: 12px !important;}&#8221;][vc_column_inner width=&#8221;1\/2&#8243;][vc_single_image image=&#8221;4101&#8243; img_size=&#8221;full&#8221; alignment=&#8221;center&#8221;][vc_custom_heading text=&#8221;Paso 5&#8243; font_container=&#8221;tag:h2|text_align:center&#8221;][vc_column_text]<\/p>\n<p style=\"text-align: center;\">Selecciona \u201cPagar\u201d y acepta para poder realizar tu pago.<\/p>\n<p>[\/vc_column_text][\/vc_column_inner][vc_column_inner width=&#8221;1\/2&#8243;][vc_single_image image=&#8221;4102&#8243; img_size=&#8221;full&#8221; alignment=&#8221;center&#8221;][vc_custom_heading text=&#8221;Paso 6&#8243; font_container=&#8221;tag:h2|text_align:center&#8221;][vc_custom_heading text=&#8221;\u00a1Listo! Pago realizado exitosamente.&#8221; font_container=&#8221;tag:h2|text_align:center&#8221;][\/vc_column_inner][\/vc_row_inner][\/vc_tta_section][vc_tta_section title=&#8221;Pago de tarjeta&#8221; tab_id=&#8221;1710372978963-787736c8-54e3&#8243;][vc_empty_space height=&#8221;24px&#8221;][vc_row_inner][vc_column_inner][vc_raw_html]JTNDY2VudGVyJTNFJTBBJTA5JTNDdmlkZW8lMjBjbGFzcyUzRCUyMnZpZGVvLXR1dG9yaWFsLWluZm8lMjBzaGFkb3ctc2VjdGlvbiUyMnNyYyUzRCUyMmh0dHBzJTNBJTJGJTJGbWVkaWEuYmkuY29tLmd0JTJGY29ycG9yYWNpb25iaSUyRmJhbmNvaW5kdXN0cmlhbCUyRjIwMjQwMyUyRmNvbmV4aW9uLXJlZ2lvbmFsLXBhZ28tdGFyamV0YS1jcmVkaXRvLTMubXA0JTBBJTIyJTIwd2lkdGglM0QlMjI1MCUyNSUyMiUyMGNvbnRyb2xzJTNFJTNDJTJGdmlkZW8lM0UlMEElM0MlMkZjZW50ZXIlM0U=[\/vc_raw_html][vc_empty_space height=&#8221;50px&#8221;][\/vc_column_inner][\/vc_row_inner][vc_row_inner gap=&#8221;25&#8243; overflow=&#8221;default&#8221; css=&#8221;.vc_custom_1709865485738{margin-right: 12px !important;margin-left: 12px !important;}&#8221;][vc_column_inner width=&#8221;1\/2&#8243;][vc_single_image image=&#8221;4231&#8243; img_size=&#8221;full&#8221; alignment=&#8221;center&#8221;][vc_custom_heading text=&#8221;Paso 1&#8243; font_container=&#8221;tag:h2|text_align:center&#8221;][vc_column_text]<\/p>\n<div class=\"page\" title=\"Page 1\">\n<div class=\"section\">\n<div class=\"layoutArea\">\n<div class=\"column\">\n<p style=\"text-align: center;\">Ingresa a Conexi\u00f3n Regional, presiona el bot\u00f3n Tarjeta de cr\u00e9dito y luego selecciona Consulta y pago.<\/p>\n<\/div>\n<\/div>\n<\/div>\n<\/div>\n<p>[\/vc_column_text][\/vc_column_inner][vc_column_inner width=&#8221;1\/2&#8243;][vc_single_image image=&#8221;4232&#8243; img_size=&#8221;full&#8221; alignment=&#8221;center&#8221;][vc_custom_heading text=&#8221;Paso 2&#8243; font_container=&#8221;tag:h2|text_align:center&#8221;][vc_column_text]<\/p>\n<div class=\"page\" title=\"Page 1\">\n<div class=\"section\">\n<div class=\"layoutArea\">\n<div class=\"column\">\n<div class=\"page\" title=\"Page 1\">\n<div class=\"section\">\n<div class=\"layoutArea\">\n<div class=\"column\">\n<p style=\"text-align: center;\">Selecciona la tarjeta que deseas pagar y haz clic en el bot\u00f3n pagar.<\/p>\n<\/div>\n<\/div>\n<\/div>\n<\/div>\n<\/div>\n<\/div>\n<\/div>\n<\/div>\n<p>[\/vc_column_text][\/vc_column_inner][\/vc_row_inner][vc_empty_space height=&#8221;24px&#8221;][vc_row_inner gap=&#8221;25&#8243; overflow=&#8221;default&#8221; css=&#8221;.vc_custom_1709865485738{margin-right: 12px !important;margin-left: 12px !important;}&#8221;][vc_column_inner width=&#8221;1\/4&#8243;][\/vc_column_inner][vc_column_inner width=&#8221;1\/2&#8243;][vc_single_image image=&#8221;4233&#8243; img_size=&#8221;full&#8221; alignment=&#8221;center&#8221;][vc_custom_heading text=&#8221;Paso 3&#8243; font_container=&#8221;tag:h2|text_align:center&#8221;][vc_column_text]<\/p>\n<div class=\"page\" title=\"Page 1\">\n<div class=\"section\">\n<div class=\"layoutArea\">\n<div class=\"column\">\n<p style=\"text-align: center;\">Selecciona el tipo de pago y la cuenta con la cual deseas pagar tu tarjeta de cr\u00e9dito.<\/p>\n<\/div>\n<\/div>\n<\/div>\n<\/div>\n<p>[\/vc_column_text][vc_custom_heading text=&#8221;\u00a1Listo! Pago realizado exitosamente.&#8221; font_container=&#8221;tag:h2|text_align:center&#8221;][\/vc_column_inner][vc_column_inner width=&#8221;1\/4&#8243;][\/vc_column_inner][\/vc_row_inner][\/vc_tta_section][vc_tta_section title=&#8221;Transferencias a terceros&#8221; tab_id=&#8221;1709862486237-bfd16c53-009f&#8221;][vc_empty_space height=&#8221;24px&#8221;][vc_row_inner][vc_column_inner][vc_raw_html]JTNDY2VudGVyJTNFJTBBJTA5JTNDdmlkZW8lMjBjbGFzcyUzRCUyMnZpZGVvLXR1dG9yaWFsLWluZm8lMjBzaGFkb3ctc2VjdGlvbiUyMnNyYyUzRCUyMmh0dHBzJTNBJTJGJTJGbWVkaWEuYmkuY29tLmd0JTJGY29ycG9yYWNpb25iaSUyRmJhbmNvaW5kdXN0cmlhbCUyRjIwMjQwMyUyRmNvbmV4aW9uLXJlZ2lvbmFsLXRyYW5zZmVyZW5jaWEtdGVyY2Vyb3MtMS5tcDQlMjIlMjB3aWR0aCUzRCUyMjUwJTI1JTIyJTIwY29udHJvbHMlM0UlM0MlMkZ2aWRlbyUzRSUwQSUzQyUyRmNlbnRlciUzRQ==[\/vc_raw_html][vc_empty_space height=&#8221;50px&#8221;][\/vc_column_inner][\/vc_row_inner][vc_empty_space][vc_row_inner gap=&#8221;25&#8243; overflow=&#8221;default&#8221; css=&#8221;.vc_custom_1709865501270{margin-right: 12px !important;margin-left: 12px !important;}&#8221;][vc_column_inner width=&#8221;1\/2&#8243;][vc_single_image image=&#8221;4107&#8243; img_size=&#8221;full&#8221; alignment=&#8221;center&#8221;][vc_custom_heading text=&#8221;Paso 1&#8243; font_container=&#8221;tag:h2|text_align:center&#8221;][vc_column_text]<\/p>\n<div class=\"page\" title=\"Page 1\">\n<div class=\"section\">\n<div class=\"layoutArea\">\n<div class=\"column\">\n<div class=\"page\" title=\"Page 1\">\n<div class=\"section\">\n<div class=\"layoutArea\">\n<div class=\"column\">\n<p style=\"text-align: center;\">Ingresa desde tu Banca electro\u0301nica a Conexio\u0301n Regional.<\/p>\n<\/div>\n<\/div>\n<\/div>\n<\/div>\n<\/div>\n<\/div>\n<\/div>\n<\/div>\n<p>[\/vc_column_text][\/vc_column_inner][vc_column_inner width=&#8221;1\/2&#8243;][vc_single_image image=&#8221;4108&#8243; img_size=&#8221;full&#8221; alignment=&#8221;center&#8221;][vc_custom_heading text=&#8221;Paso 2&#8243; font_container=&#8221;tag:h2|text_align:center&#8221;][vc_column_text]<\/p>\n<div class=\"page\" title=\"Page 1\">\n<div class=\"section\">\n<div class=\"layoutArea\">\n<div class=\"column\">\n<div class=\"page\" title=\"Page 1\">\n<div class=\"section\">\n<div class=\"layoutArea\">\n<div class=\"column\">\n<div class=\"page\" title=\"Page 1\">\n<div class=\"section\">\n<div class=\"layoutArea\">\n<div class=\"column\">\n<p style=\"text-align: center;\">Presionar el Boto\u0301n \u201cTransferencias\u201d y seleccionar \u201cA Terceros\u201d.<\/p>\n<\/div>\n<\/div>\n<\/div>\n<\/div>\n<\/div>\n<\/div>\n<\/div>\n<\/div>\n<\/div>\n<\/div>\n<\/div>\n<\/div>\n<p>[\/vc_column_text][\/vc_column_inner][\/vc_row_inner][vc_empty_space][vc_row_inner][vc_column_inner width=&#8221;1\/2&#8243;][vc_single_image image=&#8221;4109&#8243; img_size=&#8221;full&#8221; alignment=&#8221;center&#8221;][vc_custom_heading text=&#8221;Paso 3&#8243; font_container=&#8221;tag:h2|text_align:center&#8221;][vc_column_text]<\/p>\n<div class=\"page\" title=\"Page 1\">\n<div class=\"section\">\n<div class=\"layoutArea\">\n<div class=\"column\">\n<div class=\"page\" title=\"Page 1\">\n<div class=\"section\">\n<div class=\"layoutArea\">\n<div class=\"column\">\n<div class=\"page\" title=\"Page 1\">\n<div class=\"section\">\n<div class=\"layoutArea\">\n<div class=\"column\">\n<p style=\"text-align: center;\">Seleccionar la cuenta origen para transferir.<\/p>\n<\/div>\n<\/div>\n<\/div>\n<\/div>\n<\/div>\n<\/div>\n<\/div>\n<\/div>\n<\/div>\n<\/div>\n<\/div>\n<\/div>\n<p>[\/vc_column_text][\/vc_column_inner][vc_column_inner width=&#8221;1\/2&#8243;][vc_single_image image=&#8221;4110&#8243; img_size=&#8221;full&#8221; alignment=&#8221;center&#8221;][vc_custom_heading text=&#8221;Paso 4&#8243; font_container=&#8221;tag:h2|text_align:center&#8221;][vc_column_text]<\/p>\n<div class=\"page\" title=\"Page 1\">\n<div class=\"section\">\n<div class=\"layoutArea\">\n<div class=\"column\">\n<div class=\"page\" title=\"Page 1\">\n<div class=\"section\">\n<div class=\"layoutArea\">\n<div class=\"column\">\n<div class=\"page\" title=\"Page 1\">\n<div class=\"section\">\n<div class=\"layoutArea\">\n<div class=\"column\">\n<p style=\"text-align: center;\">Seleccionar la cuenta a la que desea acreditar. Digitar monto e ingresar el token y presionar \u201cTransferir\u201d.<\/p>\n<\/div>\n<\/div>\n<\/div>\n<\/div>\n<\/div>\n<\/div>\n<\/div>\n<\/div>\n<\/div>\n<\/div>\n<\/div>\n<\/div>\n<p>[\/vc_column_text][\/vc_column_inner][\/vc_row_inner][vc_empty_space][vc_row_inner][vc_column_inner width=&#8221;1\/4&#8243;][\/vc_column_inner][vc_column_inner width=&#8221;1\/2&#8243;][vc_single_image image=&#8221;4111&#8243; img_size=&#8221;full&#8221; alignment=&#8221;center&#8221;][vc_custom_heading text=&#8221;Paso 5&#8243; font_container=&#8221;tag:h2|text_align:center&#8221;][vc_custom_heading text=&#8221;\u00a1Listo! Transferencia realizada exitosamente.&#8221; font_container=&#8221;tag:h2|text_align:center&#8221;][\/vc_column_inner][vc_column_inner width=&#8221;1\/4&#8243;][\/vc_column_inner][\/vc_row_inner][\/vc_tta_section][vc_tta_section title=&#8221;Autorizaci\u00f3n de transferencias&#8221; tab_id=&#8221;1710373837984-a179be09-4a3c&#8221;][vc_empty_space height=&#8221;24px&#8221;][vc_row_inner][vc_column_inner][vc_raw_html]JTNDY2VudGVyJTNFJTBBJTA5JTNDdmlkZW8lMjBjbGFzcyUzRCUyMnZpZGVvLXR1dG9yaWFsLWluZm8lMjBzaGFkb3ctc2VjdGlvbiUyMiUyMHNyYyUzRCUyMmh0dHBzJTNBJTJGJTJGbWVkaWEuYmkuY29tLmd0JTJGY29ycG9yYWNpb25iaSUyRmJhbmNvaW5kdXN0cmlhbCUyRjIwMjQwMyUyRmNvbmV4aW9uLXJlZ2lvbmFsLWF1dG9yaXphci10cmFuc2ZlcmVuY2lhLm1wNCUyMiUyMHdpZHRoJTNEJTIyNTAlMjUlMjIlMjBjb250cm9scyUzRSUzQyUyRnZpZGVvJTNFJTBBJTNDJTJGY2VudGVyJTNF[\/vc_raw_html][vc_empty_space height=&#8221;50px&#8221;][\/vc_column_inner][\/vc_row_inner][vc_empty_space][vc_row_inner gap=&#8221;25&#8243; overflow=&#8221;default&#8221; css=&#8221;.vc_custom_1709865485738{margin-right: 12px !important;margin-left: 12px !important;}&#8221;][vc_column_inner width=&#8221;1\/2&#8243;][vc_single_image image=&#8221;4234&#8243; img_size=&#8221;full&#8221; alignment=&#8221;center&#8221;][vc_custom_heading text=&#8221;Paso 1&#8243; font_container=&#8221;tag:h2|text_align:center&#8221;][vc_column_text]<\/p>\n<div class=\"page\" title=\"Page 1\">\n<div class=\"section\">\n<div class=\"layoutArea\">\n<div class=\"column\">\n<p style=\"text-align: center;\">Inicia sesi\u00f3n en <strong>Conexi\u00f3n Regional<\/strong>, haz clic en el bot\u00f3n <strong>Transferencias<\/strong><\/p>\n<\/div>\n<\/div>\n<\/div>\n<\/div>\n<p>[\/vc_column_text][\/vc_column_inner][vc_column_inner width=&#8221;1\/2&#8243;][vc_single_image image=&#8221;4235&#8243; img_size=&#8221;full&#8221; alignment=&#8221;center&#8221;][vc_custom_heading text=&#8221;Paso 2&#8243; font_container=&#8221;tag:h2|text_align:center&#8221;][vc_column_text]<\/p>\n<div class=\"page\" title=\"Page 1\">\n<div class=\"section\">\n<div class=\"layoutArea\">\n<div class=\"column\">\n<div class=\"page\" title=\"Page 1\">\n<div class=\"section\">\n<div class=\"layoutArea\">\n<div class=\"column\">\n<p style=\"text-align: center;\">Realiza tu transferencias<\/p>\n<\/div>\n<\/div>\n<\/div>\n<\/div>\n<\/div>\n<\/div>\n<\/div>\n<\/div>\n<p>[\/vc_column_text][\/vc_column_inner][\/vc_row_inner][vc_empty_space][vc_row_inner][vc_column_inner width=&#8221;1\/2&#8243;][vc_single_image image=&#8221;4236&#8243; img_size=&#8221;full&#8221; alignment=&#8221;center&#8221;][vc_custom_heading text=&#8221;Paso 3&#8243; font_container=&#8221;tag:h2|text_align:center&#8221;][vc_column_text]<\/p>\n<div class=\"page\" title=\"Page 1\">\n<div class=\"section\">\n<div class=\"layoutArea\">\n<div class=\"column\">\n<div class=\"page\" title=\"Page 1\">\n<div class=\"section\">\n<div class=\"layoutArea\">\n<div class=\"column\">\n<p style=\"text-align: center;\">Selecciona el m\u00f3dulo de transferencias y realiza tu transferencia.<\/p>\n<\/div>\n<\/div>\n<\/div>\n<\/div>\n<\/div>\n<\/div>\n<\/div>\n<\/div>\n<p>[\/vc_column_text][\/vc_column_inner][vc_column_inner width=&#8221;1\/2&#8243;][vc_single_image image=&#8221;4237&#8243; img_size=&#8221;full&#8221; alignment=&#8221;center&#8221;][vc_custom_heading text=&#8221;Paso 4&#8243; font_container=&#8221;tag:h2|text_align:center&#8221;][vc_column_text]<\/p>\n<div class=\"page\" title=\"Page 1\">\n<div class=\"section\">\n<div class=\"layoutArea\">\n<div class=\"column\">\n<div class=\"page\" title=\"Page 1\">\n<div class=\"section\">\n<div class=\"layoutArea\">\n<div class=\"column\">\n<p style=\"text-align: center;\">Consulta la fecha de la transferencia.<\/p>\n<\/div>\n<\/div>\n<\/div>\n<\/div>\n<\/div>\n<\/div>\n<\/div>\n<\/div>\n<p>[\/vc_column_text][\/vc_column_inner][\/vc_row_inner][vc_empty_space][vc_row_inner][vc_column_inner width=&#8221;1\/4&#8243;][\/vc_column_inner][vc_column_inner width=&#8221;1\/2&#8243;][vc_single_image image=&#8221;4238&#8243; img_size=&#8221;full&#8221; alignment=&#8221;center&#8221;][vc_custom_heading text=&#8221;Paso 5&#8243; font_container=&#8221;tag:h2|text_align:center&#8221;][vc_column_text]<\/p>\n<div class=\"page\" title=\"Page 1\">\n<div class=\"section\">\n<div class=\"layoutArea\">\n<div class=\"column\">\n<div class=\"page\" title=\"Page 1\">\n<div class=\"section\">\n<div class=\"layoutArea\">\n<div class=\"column\">\n<div class=\"page\" title=\"Page 1\">\n<div class=\"section\">\n<div class=\"layoutArea\">\n<div class=\"column\">\n<p style=\"text-align: center;\">Selecciona la transferencia que desees autorizar y haz clic en autorizar.<\/p>\n<\/div>\n<\/div>\n<\/div>\n<\/div>\n<\/div>\n<\/div>\n<\/div>\n<\/div>\n<\/div>\n<\/div>\n<\/div>\n<\/div>\n<p>[\/vc_column_text][vc_custom_heading text=&#8221;\u00a1Listo, t\u00fa transferencia fue autorizada!&#8221; font_container=&#8221;tag:h2|text_align:center&#8221;][\/vc_column_inner][vc_column_inner width=&#8221;1\/4&#8243;][\/vc_column_inner][\/vc_row_inner][\/vc_tta_section][vc_tta_section title=&#8221;Transferencias regionales&#8221; tab_id=&#8221;1710374180317-49081473-7d2f&#8221;][vc_empty_space height=&#8221;24px&#8221;][vc_row_inner][vc_column_inner][vc_raw_html]JTNDY2VudGVyJTNFJTBBJTA5JTNDdmlkZW8lMjBjbGFzcyUzRCUyMnZpZGVvLXR1dG9yaWFsLWluZm8lMjBzaGFkb3ctc2VjdGlvbiUyMnNyYyUzRCUyMmh0dHBzJTNBJTJGJTJGbWVkaWEuYmkuY29tLmd0JTJGY29ycG9yYWNpb25iaSUyRmJhbmNvaW5kdXN0cmlhbCUyRjIwMjQwMyUyRkNvbmV4aW9uLVJlZ2lvbmFsLVRyYW5zZmVyZW5jaWFzLVJlZ2lvbmFsZXMubXA0JTIyJTIwd2lkdGglM0QlMjI1MCUyNSUyMiUyMGNvbnRyb2xzJTNFJTNDJTJGdmlkZW8lM0UlMEElM0MlMkZjZW50ZXIlM0U=[\/vc_raw_html][vc_empty_space height=&#8221;50px&#8221;][\/vc_column_inner][\/vc_row_inner][vc_empty_space][vc_row_inner gap=&#8221;25&#8243; overflow=&#8221;default&#8221; css=&#8221;.vc_custom_1709865485738{margin-right: 12px !important;margin-left: 12px !important;}&#8221;][vc_column_inner width=&#8221;1\/2&#8243;][vc_single_image image=&#8221;4240&#8243; img_size=&#8221;full&#8221; alignment=&#8221;center&#8221;][vc_custom_heading text=&#8221;Paso 1&#8243; font_container=&#8221;tag:h2|text_align:center&#8221;][vc_column_text]<\/p>\n<div class=\"page\" title=\"Page 1\">\n<div class=\"section\">\n<div class=\"layoutArea\">\n<div class=\"column\">\n<div class=\"page\" title=\"Page 1\">\n<div class=\"section\">\n<div class=\"layoutArea\">\n<div class=\"column\">\n<p style=\"text-align: center;\">Ingresa a Conexio\u0301n Regional, presiona el boto\u0301n Transferencias y luego selecciona Regionales<\/p>\n<\/div>\n<\/div>\n<\/div>\n<\/div>\n<\/div>\n<\/div>\n<\/div>\n<\/div>\n<p>[\/vc_column_text][\/vc_column_inner][vc_column_inner width=&#8221;1\/2&#8243;][vc_single_image image=&#8221;4241&#8243; img_size=&#8221;full&#8221; alignment=&#8221;center&#8221;][vc_custom_heading text=&#8221;Paso 2&#8243; font_container=&#8221;tag:h2|text_align:center&#8221;][vc_column_text]<\/p>\n<div class=\"page\" title=\"Page 1\">\n<div class=\"section\">\n<div class=\"layoutArea\">\n<div class=\"column\">\n<div class=\"page\" title=\"Page 1\">\n<div class=\"section\">\n<div class=\"layoutArea\">\n<div class=\"column\">\n<div class=\"page\" title=\"Page 1\">\n<div class=\"section\">\n<div class=\"layoutArea\">\n<div class=\"column\">\n<p style=\"text-align: center;\">Selecciona la cuenta desde donde se desea hacer la transferencia y presiona transferir<\/p>\n<\/div>\n<\/div>\n<\/div>\n<\/div>\n<\/div>\n<\/div>\n<\/div>\n<\/div>\n<\/div>\n<\/div>\n<\/div>\n<\/div>\n<p>[\/vc_column_text][\/vc_column_inner][\/vc_row_inner][vc_empty_space][vc_row_inner][vc_column_inner width=&#8221;1\/2&#8243;][vc_single_image image=&#8221;4242&#8243; img_size=&#8221;full&#8221; alignment=&#8221;center&#8221;][vc_custom_heading text=&#8221;Paso 3&#8243; font_container=&#8221;tag:h2|text_align:center&#8221;][vc_column_text]<\/p>\n<div class=\"page\" title=\"Page 1\">\n<div class=\"section\">\n<div class=\"layoutArea\">\n<div class=\"column\">\n<div class=\"page\" title=\"Page 1\">\n<div class=\"section\">\n<div class=\"layoutArea\">\n<div class=\"column\">\n<div class=\"page\" title=\"Page 1\">\n<div class=\"section\">\n<div class=\"layoutArea\">\n<div class=\"column\">\n<p style=\"text-align: center;\">Selecciona la cuenta a la que deseas acreditar y completa los datos solicitados.<\/p>\n<\/div>\n<\/div>\n<\/div>\n<\/div>\n<\/div>\n<\/div>\n<\/div>\n<\/div>\n<\/div>\n<\/div>\n<\/div>\n<\/div>\n<p>[\/vc_column_text][\/vc_column_inner][vc_column_inner width=&#8221;1\/2&#8243;][vc_single_image image=&#8221;4243&#8243; img_size=&#8221;full&#8221; alignment=&#8221;center&#8221;][vc_custom_heading text=&#8221;Paso 4&#8243; font_container=&#8221;tag:h2|text_align:center&#8221;][vc_column_text]<\/p>\n<div class=\"page\" title=\"Page 1\">\n<div class=\"section\">\n<div class=\"layoutArea\">\n<div class=\"column\">\n<div class=\"page\" title=\"Page 1\">\n<div class=\"section\">\n<div class=\"layoutArea\">\n<div class=\"column\">\n<div class=\"page\" title=\"Page 1\">\n<div class=\"section\">\n<div class=\"layoutArea\">\n<div class=\"column\">\n<p style=\"text-align: center;\">Ingresa el token de seguridad y confirma tu transaccio\u0301n<\/p>\n<\/div>\n<\/div>\n<\/div>\n<\/div>\n<\/div>\n<\/div>\n<\/div>\n<\/div>\n<\/div>\n<\/div>\n<\/div>\n<\/div>\n<p>[\/vc_column_text][vc_custom_heading text=&#8221;\u00a1Listo! Transferencia realizada exitosamente&#8221; font_container=&#8221;tag:h2|text_align:center&#8221;][\/vc_column_inner][\/vc_row_inner][vc_empty_space][\/vc_tta_section][\/vc_tta_tabs][\/vc_column][\/vc_row][\/vc_section]<\/p>\n<\/div>","protected":false},"excerpt":{"rendered":"<p>[vc_section][vc_row][vc_column][vc_empty_space height=&#8221;56px&#8221;][\/vc_column][\/vc_row][\/vc_section][vc_section full_width=&#8221;stretch_row_content&#8221;][vc_row][vc_column][vc_empty_space height=&#8221;56px&#8221;][vc_tta_tabs section_title_tag=&#8221;h1&#8243; shape=&#8221;round&#8221; color=&#8221;turquoise&#8221; alignment=&#8221;center&#8221; active_section=&#8221;1&#8243;][vc_tta_section title=&#8221;Pago de pr\u00e9stamos&#8221; tab_id=&#8221;1709862486229-688900ba-2945&#8243;][vc_empty_space height=&#8221;24px&#8221;][vc_row_inner][vc_column_inner][vc_raw_html]JTNDY2VudGVyJTNFJTBBJTA5JTNDdmlkZW8lMjBjbGFzcyUzRCUyMnZpZGVvLXR1dG9yaWFsLWluZm8lMjBzaGFkb3ctc2VjdGlvbiUyMnNyYyUzRCUyMmh0dHBzJTNBJTJGJTJGbWVkaWEuYmkuY29tLmd0JTJGY29ycG9yYWNpb25iaSUyRmJhbmNvaW5kdXN0cmlhbCUyRjIwMjQwMyUyRmNvbmV4aW9uLXJlZ2lvbmFsLXBhZ28tcHJlc3RhbW9zLTIubXA0JTBBJTIyJTIwd2lkdGglM0QlMjI1MCUyNSUyMiUyMGNvbnRyb2xzJTNFJTNDJTJGdmlkZW8lM0UlMEElM0MlMkZjZW50ZXIlM0U=[\/vc_raw_html][vc_empty_space height=&#8221;50px&#8221;][\/vc_column_inner][\/vc_row_inner][vc_row_inner gap=&#8221;25&#8243; overflow=&#8221;default&#8221; css=&#8221;.vc_custom_1709865485738{margin-right: 12px !important;margin-left: 12px !important;}&#8221;][vc_column_inner width=&#8221;1\/2&#8243;][vc_single_image image=&#8221;4097&#8243; img_size=&#8221;full&#8221; alignment=&#8221;center&#8221;][vc_custom_heading text=&#8221;Paso 1&#8243; font_container=&#8221;tag:h2|text_align:center&#8221;][vc_column_text] Ingresa a Conexio\u0301n Regional y presiona el boto\u0301n \u201cPago de Pre\u0301stamos\u201d. [\/vc_column_text][\/vc_column_inner][vc_column_inner width=&#8221;1\/2&#8243;][vc_single_image image=&#8221;4098&#8243; img_size=&#8221;full&#8221; alignment=&#8221;center&#8221;][vc_custom_heading&#8230;<\/p>\n","protected":false},"author":12,"featured_media":0,"parent":0,"menu_order":0,"comment_status":"closed","ping_status":"closed","template":"","meta":{"footnotes":""},"wf_page_folders":[29],"class_list":["post-4096","page","type-page","status-publish","hentry"],"_links":{"self":[{"href":"https:\/\/www.corporacionbi.com\/pa\/bibank\/wp-json\/wp\/v2\/pages\/4096","targetHints":{"allow":["GET"]}}],"collection":[{"href":"https:\/\/www.corporacionbi.com\/pa\/bibank\/wp-json\/wp\/v2\/pages"}],"about":[{"href":"https:\/\/www.corporacionbi.com\/pa\/bibank\/wp-json\/wp\/v2\/types\/page"}],"author":[{"embeddable":true,"href":"https:\/\/www.corporacionbi.com\/pa\/bibank\/wp-json\/wp\/v2\/users\/12"}],"replies":[{"embeddable":true,"href":"https:\/\/www.corporacionbi.com\/pa\/bibank\/wp-json\/wp\/v2\/comments?post=4096"}],"version-history":[{"count":20,"href":"https:\/\/www.corporacionbi.com\/pa\/bibank\/wp-json\/wp\/v2\/pages\/4096\/revisions"}],"predecessor-version":[{"id":4633,"href":"https:\/\/www.corporacionbi.com\/pa\/bibank\/wp-json\/wp\/v2\/pages\/4096\/revisions\/4633"}],"wp:attachment":[{"href":"https:\/\/www.corporacionbi.com\/pa\/bibank\/wp-json\/wp\/v2\/media?parent=4096"}],"wp:term":[{"taxonomy":"wf_page_folders","embeddable":true,"href":"https:\/\/www.corporacionbi.com\/pa\/bibank\/wp-json\/wp\/v2\/wf_page_folders?post=4096"}],"curies":[{"name":"wp","href":"https:\/\/api.w.org\/{rel}","templated":true}]}}