{"id":2606,"date":"2023-01-13T18:51:27","date_gmt":"2023-01-13T18:51:27","guid":{"rendered":"https:\/\/www.corporacionbi.com\/pa\/bibank\/?page_id=2606"},"modified":"2024-03-05T10:53:12","modified_gmt":"2024-03-05T16:53:12","slug":"oficina-de-representacion","status":"publish","type":"page","link":"https:\/\/www.corporacionbi.com\/pa\/bibank\/oficina-de-representacion\/","title":{"rendered":"Oficina de Representaci\u00f3n"},"content":{"rendered":"<div class=\"wpb-content-wrapper\"><p>[vc_section][vc_row][vc_column]\n\t\t\t\t<p class=\"rs-p-wp-fix\"><\/p>\n\t\t\t\t<sr7-module data-alias=\"informacion-financiera-bi-capital-corporation-1\" data-id=\"106\" id=\"SR7_106_1\" class=\"rs-ov-hidden\" data-version=\"6.7.54\">\n\t\t\t\t\t<sr7-adjuster><\/sr7-adjuster>\n\t\t\t\t\t<sr7-content>\n\t\t\t\t\t\t<sr7-slide id=\"SR7_106_1-72\" data-key=\"72\">\n\t\t\t\t\t\t\t<h1 id=\"SR7_106_1-72-3\" class=\"sr7-layer\">Oficina de <b>Representaci\u00f3n<\/b><br \/>\n<\/h1>\n\t\t\t\t\t\t<\/sr7-slide>\n\t\t\t\t\t\t<sr7-slide id=\"SR7_106_1-173\" data-key=\"173\">\n\t\t\t\t\t\t<\/sr7-slide>\n\t\t\t\t\t<\/sr7-content>\n\t\t\t\t<\/sr7-module>\n\t\t\t\t<script>\n\t\t\t\t\twindow.SR7 ??={};SR7.PMH ??={}; SR7.PMH[\"SR7_106_1\"] = {cn:100,state:false,fn: function() { if (window._tpt!==undefined && window._tpt.prepareModuleHeight !== undefined) {  _tpt.prepareModuleHeight({id:\"SR7_106_1\",el:[600,600,350,400,350],type:'standard',shdw:'0',gh:[600,600,350,400,350],gw:[1920,1920,1024,778,480],vpt:['-200px&#039;,&#039;-200px&#039;,&#039;-200px&#039;,&#039;-200px&#039;,&#039;-200px'],size:{fullWidth:true, fullHeight:false},mh:'0',onh:0,onw:0,bg:{color:'{\"orig\":\"transparent\",\"type\":\"solid\",\"string\":\"transparent\"}'}});   SR7.PMH[\"SR7_106_1\"].state=true;} else if(SR7.PMH[\"SR7_106_1\"].cn-->0)\tsetTimeout( SR7.PMH[\"SR7_106_1\"].fn,19);}};SR7.PMH[\"SR7_106_1\" ].fn();\n\t\t\t\t<\/script>\n[\/vc_column][\/vc_row][vc_row overflow=&#8221;default&#8221; css=&#8221;.vc_custom_1655934108737{margin-top: 50px !important;}&#8221;][vc_column width=&#8221;1\/2&#8243; overflow=&#8221;default&#8221;][vc_column_text]A trav\u00e9s de nuestra oficina de Representaci\u00f3n ofrecemos la atenci\u00f3n y seguimiento a los clientes que geogr\u00e1ficamente se encuentran en Guatemala, en el manejo y administraci\u00f3n de sus operaciones en una jurisdic\u00adci\u00f3n segura y transparente, con acceso a un mercado financiero ajustado a est\u00e1ndares internacionales.[\/vc_column_text][\/vc_column][vc_column width=&#8221;1\/2&#8243;][vc_column_text]La Oficina cuenta con un equipo de profesionales experimentados, cuya prioridad es la atenci\u00f3n personalizada de los clientes locales y regionales, as\u00ed como la generaci\u00f3n de nuevas oportunidades de negocios, de forma \u00e1gil y eficiente a los requerimientos de las soluciones financieras para nuestros clientes.[\/vc_column_text][\/vc_column][\/vc_row][vc_row overflow=&#8221;default&#8221; css=&#8221;.vc_custom_1655936034015{margin-top: 50px !important;margin-bottom: 50px !important;}&#8221;][vc_column width=&#8221;1\/4&#8243;][vc_column_text]<\/p>\n<h5>Direcci\u00f3n<\/h5>\n<p>[\/vc_column_text][vc_separator color=&#8221;custom&#8221; align=&#8221;align_left&#8221; el_width=&#8221;50&#8243; accent_color=&#8221;#003865&#8243; css=&#8221;.vc_custom_1673635130579{margin-top: -25px !important;}&#8221;][vc_column_text css=&#8221;.vc_custom_1673635179848{margin-top: -25px !important;}&#8221;]V\u00eda 5, 5-34 Zona 4 Centro Financiero Torre 3, Nivel 12[\/vc_column_text][\/vc_column][vc_column width=&#8221;1\/4&#8243;][vc_column_text]<\/p>\n<h5>Tel\u00e9fonos<\/h5>\n<p>[\/vc_column_text][vc_separator color=&#8221;custom&#8221; align=&#8221;align_left&#8221; el_width=&#8221;50&#8243; accent_color=&#8221;#003865&#8243; css=&#8221;.vc_custom_1673635130579{margin-top: -25px !important;}&#8221;][vc_column_text css=&#8221;.vc_custom_1674682268309{margin-top: -25px !important;}&#8221;]PBX: (502) 2422-1600<br \/>\nExt. 4539.[\/vc_column_text][\/vc_column][vc_column width=&#8221;1\/4&#8243;][vc_column_text]<\/p>\n<h5>Contactos<\/h5>\n<p>[\/vc_column_text][vc_separator color=&#8221;custom&#8221; align=&#8221;align_left&#8221; el_width=&#8221;50&#8243; accent_color=&#8221;#003865&#8243; css=&#8221;.vc_custom_1673635130579{margin-top: -25px !important;}&#8221;][vc_column_text css=&#8221;.vc_custom_1673635227099{margin-top: -25px !important;}&#8221;]Lizbeth Eloisa Rojas Gonzalez De Illescas[\/vc_column_text][\/vc_column][\/vc_row][vc_row overflow=&#8221;default&#8221; css=&#8221;.vc_custom_1655934108737{margin-top: 50px !important;}&#8221;][vc_column]\r\n            \r\n            <div class=\"sh-empty-space vc_empty_space sh-empty-space-46xRiy1zvD  \" style=\"height: 60px\">\r\n                <span class=\"vc_empty_space_inner\"><\/span>\r\n            <\/div>\r\n\r\n        [\/vc_column][\/vc_row][\/vc_section]<\/p>\n<\/div>","protected":false},"excerpt":{"rendered":"<p>[vc_section][vc_row][vc_column][\/vc_column][\/vc_row][vc_row overflow=&#8221;default&#8221; css=&#8221;.vc_custom_1655934108737{margin-top: 50px !important;}&#8221;][vc_column width=&#8221;1\/2&#8243; overflow=&#8221;default&#8221;][vc_column_text]A trav\u00e9s de nuestra oficina de Representaci\u00f3n ofrecemos la atenci\u00f3n y seguimiento a los clientes que geogr\u00e1ficamente se encuentran en Guatemala, en el manejo y administraci\u00f3n de sus operaciones en una jurisdic\u00adci\u00f3n segura y transparente, con acceso a un&#8230;<\/p>\n","protected":false},"author":5,"featured_media":0,"parent":0,"menu_order":0,"comment_status":"closed","ping_status":"closed","template":"","meta":{"footnotes":""},"wf_page_folders":[21],"class_list":["post-2606","page","type-page","status-publish","hentry"],"_links":{"self":[{"href":"https:\/\/www.corporacionbi.com\/pa\/bibank\/wp-json\/wp\/v2\/pages\/2606","targetHints":{"allow":["GET"]}}],"collection":[{"href":"https:\/\/www.corporacionbi.com\/pa\/bibank\/wp-json\/wp\/v2\/pages"}],"about":[{"href":"https:\/\/www.corporacionbi.com\/pa\/bibank\/wp-json\/wp\/v2\/types\/page"}],"author":[{"embeddable":true,"href":"https:\/\/www.corporacionbi.com\/pa\/bibank\/wp-json\/wp\/v2\/users\/5"}],"replies":[{"embeddable":true,"href":"https:\/\/www.corporacionbi.com\/pa\/bibank\/wp-json\/wp\/v2\/comments?post=2606"}],"version-history":[{"count":19,"href":"https:\/\/www.corporacionbi.com\/pa\/bibank\/wp-json\/wp\/v2\/pages\/2606\/revisions"}],"predecessor-version":[{"id":4050,"href":"https:\/\/www.corporacionbi.com\/pa\/bibank\/wp-json\/wp\/v2\/pages\/2606\/revisions\/4050"}],"wp:attachment":[{"href":"https:\/\/www.corporacionbi.com\/pa\/bibank\/wp-json\/wp\/v2\/media?parent=2606"}],"wp:term":[{"taxonomy":"wf_page_folders","embeddable":true,"href":"https:\/\/www.corporacionbi.com\/pa\/bibank\/wp-json\/wp\/v2\/wf_page_folders?post=2606"}],"curies":[{"name":"wp","href":"https:\/\/api.w.org\/{rel}","templated":true}]}}