{"id":2461,"date":"2022-12-29T21:50:44","date_gmt":"2022-12-29T21:50:44","guid":{"rendered":"https:\/\/www.corporacionbi.com\/pa\/bibank\/?page_id=2461"},"modified":"2024-03-13T15:15:23","modified_gmt":"2024-03-13T21:15:23","slug":"lo-que-debes-saber-innovacion-bi","status":"publish","type":"page","link":"https:\/\/www.corporacionbi.com\/pa\/bibank\/lo-que-debes-saber-innovacion-bi\/","title":{"rendered":"Lo que debes saber innovacion bi"},"content":{"rendered":"<div class=\"wpb-content-wrapper\"><p>[vc_section full_width=&#8221;stretch_row_content&#8221; css=&#8221;.vc_custom_1671555011303{margin-top: 0px !important;border-top-width: 0px !important;padding-top: 0px !important;}&#8221;][vc_row][vc_column]\n\t\t\t\t<p class=\"rs-p-wp-fix\"><\/p>\n\t\t\t\t<sr7-module data-alias=\"innovacion-bi-1\" data-id=\"103\" id=\"SR7_103_1\" class=\"rs-ov-hidden\" data-version=\"6.7.52\">\n\t\t\t\t\t<sr7-adjuster><\/sr7-adjuster>\n\t\t\t\t\t<sr7-content>\n\t\t\t\t\t\t<sr7-slide id=\"SR7_103_1-69\" data-key=\"69\">\n\t\t\t\t\t\t<\/sr7-slide>\n\t\t\t\t\t\t<sr7-slide id=\"SR7_103_1-170\" data-key=\"170\">\n\t\t\t\t\t\t<\/sr7-slide>\n\t\t\t\t\t<\/sr7-content>\n\t\t\t\t<\/sr7-module>\n\t\t\t\t<script>\n\t\t\t\t\twindow.SR7 ??={};SR7.PMH ??={}; SR7.PMH[\"SR7_103_1\"] = {cn:100,state:false,fn: function() { if (window._tpt!==undefined && window._tpt.prepareModuleHeight !== undefined) {  _tpt.prepareModuleHeight({id:\"SR7_103_1\",el:[600,600,350,400,350],type:'standard',shdw:'0',gh:[600,600,350,400,350],gw:[1920,1920,1024,778,480],vpt:['-200px&#039;,&#039;-200px&#039;,&#039;-200px&#039;,&#039;-200px&#039;,&#039;-200px'],size:{fullWidth:true, fullHeight:false},mh:'0',onh:0,onw:0,bg:{color:'{\"orig\":\"transparent\",\"type\":\"solid\",\"string\":\"transparent\"}'}});   SR7.PMH[\"SR7_103_1\"].state=true;} else if(SR7.PMH[\"SR7_103_1\"].cn-->0)\tsetTimeout( SR7.PMH[\"SR7_103_1\"].fn,19);}};SR7.PMH[\"SR7_103_1\" ].fn();\n\t\t\t\t<\/script>\n[\/vc_column][\/vc_row][\/vc_section][vc_section css=&#8221;.vc_custom_1671494938395{margin-top: 40px !important;margin-bottom: 15px !important;}&#8221;][vc_row][vc_column]\r\n<div class=\"sh-heading  \" id=\"heading-0AfrmDdxcS\">\r\n\t<div class=\"sh-element-margin\">\r\n\r\n\t\t\r\n\t\t\t<h1 class=\"sh-heading-content size-default text-left\">\r\n\t\t\t\tLo que debes saber de nuestra nueva identidad - #Innovaci\u00f3nBi\t\t\t<\/h1>\r\n\r\n\t\t\r\n\t<\/div>\r\n<\/div>\r\n            <style type=\"text\/css\">\r\n                #heading-0AfrmDdxcS .sh-element-margin {margin: 0px 0px 30px 0px;}#heading-0AfrmDdxcS .sh-heading-content {font-weight: 700!important;}#heading-0AfrmDdxcS .sh-heading-content,#heading-0AfrmDdxcS .sh-heading-additional-text {}            <\/style>\r\n        \r\n<div class=\"sh-heading  \" id=\"heading-6fp3UMSzYH\">\r\n\t<div class=\"sh-element-margin\">\r\n\r\n\t\t\r\n\t\t\t<h6 class=\"sh-heading-content size-default text-left\">\r\n\t\t\t\t22 \/ 02 \/ 2022\t\t\t<\/h6>\r\n\r\n\t\t\r\n\t<\/div>\r\n<\/div>\r\n            <style type=\"text\/css\">\r\n                #heading-6fp3UMSzYH .sh-element-margin {margin: 15px 0px 15px 0px;}#heading-6fp3UMSzYH .sh-heading-content {font-weight: 700!important;}#heading-6fp3UMSzYH .sh-heading-content,#heading-6fp3UMSzYH .sh-heading-additional-text {}            <\/style>\r\n        [vc_row_inner][vc_column_inner]\r\n<div class=\"sh-heading  \" id=\"heading-Y52T3IowMm\">\r\n\t<div class=\"sh-element-margin\">\r\n\r\n\t\t\r\n\t\t\t<h4 class=\"sh-heading-content size-default text-left\">\r\n\t\t\t\t\u00bfQu\u00e9 significa la nueva identidad?\t\t\t<\/h4>\r\n\r\n\t\t\r\n\t<\/div>\r\n<\/div>\r\n            <style type=\"text\/css\">\r\n                #heading-Y52T3IowMm .sh-element-margin {margin: 0px 0px 30px 0px;}#heading-Y52T3IowMm .sh-heading-content {font-weight: 700!important;color: #00c1d4;}#heading-Y52T3IowMm:hover .sh-heading-content {color: #00c1d4;}#heading-Y52T3IowMm .sh-heading-content,#heading-Y52T3IowMm .sh-heading-additional-text {}#heading-Y52T3IowMm:hover .sh-heading-content {color: #00c1d4;}            <\/style>\r\n        [vc_single_image image=&#8221;2415&#8243; img_size=&#8221;large&#8221; alignment=&#8221;center&#8221; css=&#8221;.vc_custom_1672941809489{padding-top: 30px !important;padding-right: 30px !important;padding-bottom: 30px !important;}&#8221;]\r\n<div class=\"sh-heading  \" id=\"heading-U4BiLfNqDY\">\r\n\t<div class=\"sh-element-margin\">\r\n\r\n\t\t\r\n\t\t\t<h4 class=\"sh-heading-content size-default text-left\">\r\n\t\t\t\t\u00bfHabr\u00e1 cambios en los productos y servicios, adem\u00e1s del cambio de imagen?\t\t\t<\/h4>\r\n\r\n\t\t\r\n\t<\/div>\r\n<\/div>\r\n            <style type=\"text\/css\">\r\n                #heading-U4BiLfNqDY .sh-element-margin {margin: 0px 0px 30px 0px;}#heading-U4BiLfNqDY .sh-heading-content {font-weight: 700!important;color: #00c1d4;}#heading-U4BiLfNqDY:hover .sh-heading-content {color: #00c1d4;}#heading-U4BiLfNqDY .sh-heading-content,#heading-U4BiLfNqDY .sh-heading-additional-text {}#heading-U4BiLfNqDY:hover .sh-heading-content {color: #00c1d4;}            <\/style>\r\n        [vc_column_text css=&#8221;.vc_custom_1672947349245{margin-top: 15px !important;margin-bottom: 10px !important;}&#8221;]Te informamos que el refrescamiento de imagen no afectar\u00e1 los productos, servicios, cuentas, ni la forma en como realizas tus operaciones bancarias con Bi Bank, puedes seguir gozando de todos los beneficios con normalidad.<\/p>\n<p>&nbsp;<\/p>\n<p>\u00bfTendr\u00e1n cambios las apps y bancas electr\u00f3nicas?<\/p>\n<p>Con nuestro refrescamiento de imagen, viene un cambio visual para nuestras bancas en l\u00ednea. Es importante que tomes en cuenta que no necesitas cambiar tus credenciales de acceso ya que siguen siendo las mismas, podr\u00e1s continuar utiliz\u00e1ndolas desde la web o desde la app con normalidad.<\/p>\n<p>Te invitamos a actualizar tu app desde las tiendas oficiales para que disfrutes de esta nueva experiencia. Recuerda que Bi Bank nunca te solicitar\u00e1 por medio de llamada telef\u00f3nica, correo electr\u00f3nico o mensaje de texto tus contrase\u00f1as o token de tus bancas electr\u00f3nicas.<\/p>\n<p>&nbsp;<\/p>\n<p>\u00bfQu\u00e9 esperan lograr con esta nueva imagen?<\/p>\n<p>En esencia, es hacer que lo que somos, lo que hacemos y c\u00f3mo nos proyectamos vayan de la mano. Es decir, que la nueva identidad gr\u00e1fica proyecte de mejor forma lo que la corporaci\u00f3n ya les brinda a nuestros clientes. La cultura de innovaci\u00f3n de Bi Bank ahora vive en nuestra nueva imagen.<\/p>\n<p>&nbsp;<\/p>\n<p>\u00bfVeremos esos cambios de imagen en todas las sucursales y puntos de servicio?<\/p>\n<p>La nueva identidad iniciar\u00e1 en los canales digitales y de forma progresiva podr\u00e1s verla en todas nuestras sucursales y puntos de servicio, con el fin de que la menor cantidad de recursos sean desperdiciados.<\/p>\n<p>&nbsp;<\/p>\n<p>\u00bfPor qu\u00e9 cambiaron los colores tradicionales de Bi?<\/p>\n<p>Los nuevos colores representan la innovaci\u00f3n y frescura de nuestra marca, y a trav\u00e9s de estos reflejamos lo que somos, lo que hacemos y c\u00f3mo nos proyectamos con nuestros usuarios.<\/p>\n<p>&nbsp;<\/p>\n<p>\u00bfEstar\u00e1n modificando el azul que representaba a Bi?<\/p>\n<p>El azul es el color que nos distingue y tiene un peso fundamental en la paleta de colores de nuestra nueva imagen. Este tono lo complementamos el aqua digital con la fluida asimilaci\u00f3n de la tecnolog\u00eda que se hace en Bi Bank para impulsar el desarrollo. Los tonos amarillos exaltan la frescura y el optimismo y la proximidad real a trav\u00e9s de la experiencia Bi. En tanto, el blanco transparenta la gesti\u00f3n de esta s\u00f3lida instituci\u00f3n financiera.[\/vc_column_text][\/vc_column_inner][\/vc_row_inner][vc_row_inner][vc_column_inner width=&#8221;1\/6&#8243;][\/vc_column_inner][vc_column_inner width=&#8221;2\/3&#8243;][vc_single_image image=&#8221;2420&#8243; img_size=&#8221;full&#8221; alignment=&#8221;center&#8221; css=&#8221;.vc_custom_1672356039165{margin-top: 45px !important;margin-bottom: 30px !important;padding-right: 30px !important;padding-left: 30px !important;}&#8221;][\/vc_column_inner][vc_column_inner width=&#8221;1\/6&#8243;][\/vc_column_inner][\/vc_row_inner][vc_row_inner gap=&#8221;35&#8243; overflow=&#8221;default&#8221;][vc_column_inner][vc_column_text css=&#8221;.vc_custom_1672954245031{margin-top: 25px !important;margin-bottom: 10px !important;}&#8221;]\u00bfPor qu\u00e9 cambiaron el logo de Bi Bank?<\/p>\n<p>Nuestra nueva identidad gr\u00e1fica es una evoluci\u00f3n natural de nuestra imagen, para que lo que somos, lo que hacemos y c\u00f3mo nos proyectamos vayan de la mano. Te podr\u00e1s dar cuenta que nuestro nuevo logotipo conserva las tradicionales letras Bi y se ha hecho una adaptaci\u00f3n en los trazos, a\u00f1adiendo tonos a la paleta de colores y l\u00edneas flexibles que representan mejor lo que es el trabajo y el acompa\u00f1amiento que brindamos.<\/p>\n<p>&nbsp;<\/p>\n<p>\u00bfCambi\u00f3 el eslogan: Siempre de tu lado?<\/p>\n<p>Desde que se fund\u00f3 Bi Bank, hemos estado siempre del lado de la gente. Este concepto evolucion\u00f3 y ahora se reconfirma que vamos \u201cJuntos, siempre hacia adelante\u201d, respald\u00e1ndonos en la trayectoria del banco, pero tambi\u00e9n en su dinamismo, su cercan\u00eda con la gente y su confiabilidad.<\/p>\n<p>&nbsp;<\/p>\n<p>\u00bfNo estaba funcionando bien la anterior identidad gr\u00e1fica de Bi?<\/p>\n<p>La imagen que Bi Bank ha proyectado a lo largo de su trayectoria ha funcionado muy bien. Pero, as\u00ed como cada persona crece y cambia al ir adquiriendo nuevas experiencias, Bi tambi\u00e9n lo hace y lo ha hecho a lo largo de su historia.<\/p>\n<p>Nuestra imagen anterior existe desde el a\u00f1o 2016, y era una evoluci\u00f3n natural. La nueva cara de Bi es una adaptaci\u00f3n de lo que somos hoy y de la forma como nos proyectamos para el futuro.[\/vc_column_text][vc_raw_html css=&#8221;.vc_custom_1672959033013{margin-top: 40px !important;margin-bottom: 40px !important;}&#8221;]JTNDdmlkZW8lMjB3aWR0aCUzRCUyMjEwMCUyNSUyMiUyMGhlaWdodCUzRCUyMjEwMCUyNSUyMiUyMGNvbnRyb2xzJTNEJTIyJTIyJTIwY29udHJvbHNsaXN0JTNEJTIybm9kb3dubG9hZCUyMiUzRSUyMCUwQSUyMCUyMCUzQ3NvdXJjZSUyMHNyYyUzRCUyMmh0dHBzJTNBJTJGJTJGbWVkaWEuYmkuY29tLmd0JTJGY29ycG9yYWNpb25iaSUyRmJpYmFuayUyRmxhbnphbWllbnRvYmliYW5rLm1wNCUyMiUyMHR5cGUlM0QlMjJ2aWRlbyUyRm1wNCUyMiUzRSUwQSUzQyUyRnZpZGVvJTNF[\/vc_raw_html][\/vc_column_inner][\/vc_row_inner][\/vc_column][\/vc_row][vc_row][vc_column width=&#8221;1\/6&#8243;][\/vc_column][vc_column width=&#8221;2\/3&#8243;][vc_raw_html css=&#8221;.vc_custom_1673393798275{margin-top: 40px !important;margin-bottom: 40px !important;}&#8221;]JTIwJTNDc3R5bGUlM0UlMEEuYWNlcmNhRGVGdWxsJTdCJTBBJTIwJTIwJTIwJTIwaGVpZ2h0JTNBJTIwYXV0byUyMCUyMWltcG9ydGFudCUzQiUwQSU3RCUwQSUzQyUyRnN0eWxlJTNFJTBBJTBBJTBBJTNDaWZyYW1lJTIwc3JjJTNEJTIyaHR0cHMlM0ElMkYlMkZ3d3cueW91dHViZS5jb20lMkZlbWJlZCUyRlkzV044aWpzdE5zJTIyJTIwY29udHJvbHMlM0QlMjIlMjIlMjB3aWR0aCUzRCUyMjEwMCUyNSUyMiUyMGhlaWdodCUzRCUyMjQwMHB4JTIyJTIwZnJhbWVib3JkZXIlM0QlMjIwJTIyJTNFJTNDJTJGaWZyYW1lJTNF[\/vc_raw_html]\r\n<div class=\"sh-heading  \" id=\"heading-gxstjoC6H5\">\r\n\t<div class=\"sh-element-margin\">\r\n\r\n\t\t\r\n\t\t\t<h2 class=\"sh-heading-content size-default text-center\">\r\n\t\t\t\tJuntos, siempre hacia adelante\t\t\t<\/h2>\r\n\r\n\t\t\r\n\t<\/div>\r\n<\/div>\r\n            <style type=\"text\/css\">\r\n                #heading-gxstjoC6H5 .sh-element-margin {margin: 30px 0px 40px 0px;}#heading-gxstjoC6H5 .sh-heading-content {font-weight: 700!important;color: #00c1d4;}#heading-gxstjoC6H5 .sh-heading-content,#heading-gxstjoC6H5 .sh-heading-additional-text {}            <\/style>\r\n        [\/vc_column][vc_column width=&#8221;1\/6&#8243;][\/vc_column][\/vc_row][\/vc_section]<\/p>\n<\/div>","protected":false},"excerpt":{"rendered":"<p>[vc_section full_width=&#8221;stretch_row_content&#8221; css=&#8221;.vc_custom_1671555011303{margin-top: 0px !important;border-top-width: 0px !important;padding-top: 0px !important;}&#8221;][vc_row][vc_column][\/vc_column][\/vc_row][\/vc_section][vc_section css=&#8221;.vc_custom_1671494938395{margin-top: 40px !important;margin-bottom: 15px !important;}&#8221;][vc_row][vc_column][vc_row_inner][vc_column_inner][vc_single_image image=&#8221;2415&#8243; img_size=&#8221;large&#8221; alignment=&#8221;center&#8221; css=&#8221;.vc_custom_1672941809489{padding-top: 30px !important;padding-right: 30px !important;padding-bottom: 30px !important;}&#8221;][vc_column_text css=&#8221;.vc_custom_1672947349245{margin-top: 15px !important;margin-bottom: 10px !important;}&#8221;]Te informamos que el refrescamiento de imagen no afectar\u00e1 los productos, servicios, cuentas, ni la forma en&#8230;<\/p>\n","protected":false},"author":4,"featured_media":0,"parent":0,"menu_order":0,"comment_status":"closed","ping_status":"closed","template":"","meta":{"footnotes":""},"wf_page_folders":[29],"class_list":["post-2461","page","type-page","status-publish","hentry"],"_links":{"self":[{"href":"https:\/\/www.corporacionbi.com\/pa\/bibank\/wp-json\/wp\/v2\/pages\/2461","targetHints":{"allow":["GET"]}}],"collection":[{"href":"https:\/\/www.corporacionbi.com\/pa\/bibank\/wp-json\/wp\/v2\/pages"}],"about":[{"href":"https:\/\/www.corporacionbi.com\/pa\/bibank\/wp-json\/wp\/v2\/types\/page"}],"author":[{"embeddable":true,"href":"https:\/\/www.corporacionbi.com\/pa\/bibank\/wp-json\/wp\/v2\/users\/4"}],"replies":[{"embeddable":true,"href":"https:\/\/www.corporacionbi.com\/pa\/bibank\/wp-json\/wp\/v2\/comments?post=2461"}],"version-history":[{"count":14,"href":"https:\/\/www.corporacionbi.com\/pa\/bibank\/wp-json\/wp\/v2\/pages\/2461\/revisions"}],"predecessor-version":[{"id":4213,"href":"https:\/\/www.corporacionbi.com\/pa\/bibank\/wp-json\/wp\/v2\/pages\/2461\/revisions\/4213"}],"wp:attachment":[{"href":"https:\/\/www.corporacionbi.com\/pa\/bibank\/wp-json\/wp\/v2\/media?parent=2461"}],"wp:term":[{"taxonomy":"wf_page_folders","embeddable":true,"href":"https:\/\/www.corporacionbi.com\/pa\/bibank\/wp-json\/wp\/v2\/wf_page_folders?post=2461"}],"curies":[{"name":"wp","href":"https:\/\/api.w.org\/{rel}","templated":true}]}}