{"id":2035,"date":"2022-09-10T00:02:44","date_gmt":"2022-09-10T00:02:44","guid":{"rendered":"https:\/\/www.corporacionbi.com\/pa\/bibank\/?page_id=2035"},"modified":"2025-11-14T09:06:15","modified_gmt":"2025-11-14T15:06:15","slug":"mapa-de-sitio","status":"publish","type":"page","link":"https:\/\/www.corporacionbi.com\/pa\/bibank\/mapa-de-sitio\/","title":{"rendered":"Mapa de Sitio"},"content":{"rendered":"<div class=\"wpb-content-wrapper\"><p>[vc_row overflow=&#8221;default&#8221; css=&#8221;.vc_custom_1663958318671{margin-top: 32px !important;margin-bottom: 32px !important;}&#8221;][vc_column][vc_column_text css=&#8221;&#8221;]<\/p>\n<h6>Acerca del Banco<\/h6>\n<p><a href=\"https:\/\/www.corporacionbi.com\/pa\/bibank\/acerca-del-banco\/\">Bienvenido a Bi Bank<\/a><br \/>\n<a href=\"https:\/\/www.corporacionbi.com\/pa\/bibank\/informacion-financiera-bi-bank\/\">Informaci\u00f3n Financiera<\/a><br \/>\n<a href=\"https:\/\/www.corporacionbi.com\/pa\/bibank\/estados-financieros-anuales-bibank\/\">&#8211; Informaci\u00f3n Anual Bi Bank<\/a><br \/>\n<a href=\"https:\/\/www.corporacionbi.com\/pa\/bibank\/estados-financieros-anuales\/\">&#8211; Informaci\u00f3n Anual Bi Capital Corp.<\/a><br \/>\n<a href=\"https:\/\/www.corporacionbi.com\/pa\/bibank\/estados-financieros-semestrales\/\">&#8211; Informaci\u00f3n Semestral Bi Capital Corp.<\/a><br \/>\n<a href=\"https:\/\/www.corporacionbi.com\/pa\/bibank\/tarifarios-de-bi-bank\/\">Tarifarios<\/a><br \/>\n<a href=\"https:\/\/www.corporacionbi.com\/pa\/bibank\/gobierno-corporativo\/\" target=\"_blank\" rel=\"noopener\">Gobierno Corporativo<\/a><br \/>\n<a href=\"https:\/\/www.corporacionbi.com\/pa\/bibank\/junta-directiva\/\">&#8211; Junta Directiva<\/a><br \/>\n<a href=\"https:\/\/www.corporacionbi.com\/pa\/bibank\/equipo-gerencial\/\">&#8211; Equipo Gerencial<\/a><br \/>\n<a href=\"https:\/\/www.corporacionbi.com\/pa\/bibank\/memoria-de-labores\/\">&#8211; Memoria de Labores<\/a><br \/>\n<a href=\"https:\/\/www.corporacionbi.com\/pa\/bibank\/gestion-de-riesgo-operacional\/\">Gesti\u00f3n de Riesgos Operacional<\/a><br \/>\n<a href=\"https:\/\/www.corporacionbi.com\/pa\/bibank\/calificaciones-de-riesgo\/\">Calificaci\u00f3n de Riesgos<\/a><br \/>\n<a href=\"https:\/\/www.corporacionbi.com\/pa\/bibank\/localizador\/\">Nuestras Direcciones<\/a><br \/>\n<a href=\"https:\/\/www.corporacionbi.com\/pa\/bibank\/reclamos\/\">Reclamos<\/a><br \/>\n&nbsp;[\/vc_column_text][vc_separator color=&#8221;custom&#8221; align=&#8221;align_left&#8221; el_width=&#8221;20&#8243; accent_color=&#8221;#ffb81c&#8221;][vc_column_text css=&#8221;&#8221;]<\/p>\n<h6><a href=\"https:\/\/www.corporacionbi.com\/pa\/bibank\/banca-electronica\/\" target=\"_blank\" rel=\"noopener\">Banca Electr\u00f3nica<\/a><\/h6>\n<p><a href=\"https:\/\/www.corporacionbi.com\/pa\/bibank\/bi-en-linea\/\">Bi en L\u00ednea<\/a><br \/>\n<a href=\"https:\/\/www.corporacionbi.com\/pa\/bibank\/conexion-regional\/\">Conexi\u00f3n Regional<\/a><br \/>\n<a href=\"https:\/\/www.corporacionbi.com\/pa\/bibank\/preguntas-frecuentes\/\">Preguntas Frecuentes<\/a><br \/>\n<a href=\"https:\/\/www.corporacionbi.com\/pa\/bibank\/bi-movil\/\">Bi M\u00f3vil<\/a><br \/>\n<a href=\"https:\/\/www.corporacionbi.com\/pa\/bibank\/tips-de-seguridad\/\">Tips de Seguridad<\/a><br \/>\n<a href=\"https:\/\/apps.apple.com\/gt\/app\/bi-en-l%C3%ADnea-pa\/id1084721017\" target=\"_blank\" rel=\"noopener\">App Bi en L\u00ednea para iOS<\/a><br \/>\n<a href=\"https:\/\/play.google.com\/store\/apps\/details?id=pa.com.bi.bienlinea\" target=\"_blank\" rel=\"noopener\">App Bi en L\u00ednea para Android<\/a><br \/>\n<a href=\"https:\/\/wa.me\/5073080800\" target=\"_blank\" rel=\"noopener\">Whatsapp<\/a><br \/>\n<a href=\"https:\/\/www.corporacionbi.com\/pa\/bibank\/legal\/\">Legal<\/a>[\/vc_column_text][vc_separator color=&#8221;custom&#8221; align=&#8221;align_left&#8221; el_width=&#8221;20&#8243; accent_color=&#8221;#ffb81c&#8221;][vc_column_text css=&#8221;&#8221;]<\/p>\n<h6><a href=\"https:\/\/www.corporacionbi.com\/pa\/bibank\/banca-empresarial\/\" target=\"_blank\" rel=\"noopener\">Banca Empresarial<\/a><\/h6>\n<p><a href=\"https:\/\/www.corporacionbi.com\/pa\/bibank\/cuenta-corriente-empresarial\/\">Cuenta Corriente<\/a><br \/>\n<a href=\"https:\/\/www.corporacionbi.com\/pa\/bibank\/cuenta-de-ahorro-empresarial\/\">Cuenta de Ahorro<\/a><br \/>\n<a href=\"https:\/\/www.corporacionbi.com\/pa\/bibank\/deposito-a-plazo-fijo-empresarial\/\">Dep\u00f3sito a Plazo Fijo<\/a><br \/>\n<a href=\"https:\/\/www.corporacionbi.com\/pa\/bibank\/prestamos-comerciales-2\/\">Pr\u00e9stamos Comerciales<\/a><br \/>\n<a href=\"https:\/\/www.corporacionbi.com\/pa\/bibank\/prestamo-comercial-hipotecario-2\/\">Pr\u00e9stamos Comerciales Hipotecarios<\/a><br \/>\n<a href=\"https:\/\/www.corporacionbi.com\/pa\/bibank\/linea-de-credito-rotativa\/\">L\u00ednea de Cr\u00e9dito Rotativa<\/a><br \/>\n<a href=\"https:\/\/www.corporacionbi.com\/pa\/bibank\/linea-de-credito-no-rotativa-2\/\">L\u00ednea de Cr\u00e9dito no Rotativa<\/a><br \/>\n<a href=\"https:\/\/www.corporacionbi.com\/pa\/bibank\/carta-de-credito-2\/\">Cartas de Cr\u00e9dito<\/a><br \/>\n<a href=\"https:\/\/www.corporacionbi.com\/pa\/bibank\/legal\/\">Legal<\/a><br \/>\n<a href=\"https:\/\/www.corporacionbi.com\/pa\/bibank\/leasing\/\">Leasing<\/a>[\/vc_column_text][vc_separator color=&#8221;custom&#8221; align=&#8221;align_left&#8221; el_width=&#8221;20&#8243; accent_color=&#8221;#ffb81c&#8221;][vc_column_text]<\/p>\n<h6><a href=\"https:\/\/www.corporacionbi.com\/pa\/bibank\/fideicomisos\/\" target=\"_blank\" rel=\"noopener\">Fideicomisos<\/a><\/h6>\n<p><a href=\"https:\/\/www.corporacionbi.com\/pa\/bibank\/fideicomiso-testamentario\/\">Fideicomisso Patrimonial Testam.<\/a><br \/>\n<a href=\"https:\/\/www.corporacionbi.com\/pa\/bibank\/fideicomiso-de-administracion\/\">Fideicomiso de Administraci\u00f3n<\/a><br \/>\n<a href=\"https:\/\/www.corporacionbi.com\/pa\/bibank\/fideicomiso-de-inversion\/\">Fideicomiso de Inversi\u00f3n<\/a><br \/>\n<a href=\"https:\/\/www.corporacionbi.com\/pa\/bibank\/fideicomiso-de-garantia\/\">Fideicomiso de Garant\u00eda<\/a><br \/>\n<a href=\"https:\/\/www.corporacionbi.com\/pa\/bibank\/escrow-account-cuenta-en-plica\/\">Escrow Account \/ Cuenta en Plica<\/a><br \/>\n<a href=\"https:\/\/www.corporacionbi.com\/pa\/bibank\/requisitos\/\">Requisitos de Fideicomisos<\/a>[\/vc_column_text][vc_separator color=&#8221;custom&#8221; align=&#8221;align_left&#8221; el_width=&#8221;20&#8243; accent_color=&#8221;#ffb81c&#8221;][vc_column_text]<\/p>\n<h6><a href=\"https:\/\/www.corporacionbi.com\/pa\/bibank\/banca-personal\/\" target=\"_blank\" rel=\"noopener\">Banca Privada<\/a><\/h6>\n<p><a href=\"https:\/\/www.corporacionbi.com\/pa\/bibank\/deposito-a-plazo-fijo-privada\/\">Dep\u00f3sito a Plazo Fijo<\/a><br \/>\n<a href=\"https:\/\/www.corporacionbi.com\/pa\/bibank\/cuenta-de-ahorro-privada\/\">Cuenta de Ahorro<\/a><br \/>\n<a href=\"https:\/\/www.corporacionbi.com\/pa\/bibank\/cuenta-corriente-privada\/\">Cuenta Corriente<\/a><br \/>\n<a href=\"https:\/\/www.corporacionbi.com\/pa\/bibank\/otros-servicios\/\">Otros Servicios<\/a>[\/vc_column_text][vc_separator color=&#8221;custom&#8221; align=&#8221;align_left&#8221; el_width=&#8221;20&#8243; accent_color=&#8221;#ffb81c&#8221;][vc_column_text css=&#8221;&#8221;]<\/p>\n<h6><a href=\"https:\/\/www.corporacionbi.com\/pa\/bibank\/banca-personal\/\" target=\"_blank\" rel=\"noopener\">Banca Personal<\/a><\/h6>\n<p><a href=\"https:\/\/www.corporacionbi.com\/pa\/bibank\/cuenta-corriente-personal\/\">Cuenta Corriente<\/a><br \/>\n<a href=\"https:\/\/www.corporacionbi.com\/pa\/bibank\/cuenta-de-ahorro-personal\/\">Cuenta de Ahorro<\/a><br \/>\n<a href=\"https:\/\/www.corporacionbi.com\/pa\/bibank\/deposito-a-plazo-fijo-personal\/\">Dep\u00f3sito a Plazo Fijo<\/a><br \/>\n<a href=\"https:\/\/www.corporacionbi.com\/pa\/bibank\/prestamo-de-auto\/\">Pr\u00e9stamo de Auto<\/a><br \/>\n<a href=\"https:\/\/www.corporacionbi.com\/pa\/bibank\/prestamos-de-vivienda\/\">Pr\u00e9stamo de Vivienda<\/a><br \/>\n<a href=\"https:\/\/www.corporacionbi.com\/pa\/bibank\/tarjeta-de-debito-y-atms\/\">Tarjeta de D\u00e9bito y ATMs<\/a><br \/>\n<a href=\"https:\/\/www.corporacionbi.com\/pa\/bibank\/tarjetas-de-credito\/\">Tarjetas de Cr\u00e9dito<\/a><br \/>\n<a href=\"https:\/\/www.corporacionbi.com\/pa\/bibank\/tarjeta-de-credito-platinum\/\">&#8211; Tarjeta de Cr\u00e9dito &#8211; Platinum<\/a><br \/>\n<a href=\"https:\/\/www.corporacionbi.com\/pa\/bibank\/tarjeta-de-credito-infinite\/\">&#8211; Tarjeta de Cr\u00e9dito &#8211; Infinite<\/a><br \/>\n<a href=\"https:\/\/www.corporacionbi.com\/pa\/bibank\/programa-de-lealtad-y-beneficios\/\">&#8211; Programa de Lealtad y Beneficios<\/a><br \/>\n<a href=\"https:\/\/www.corporacionbi.com\/pa\/bibank\/tarjetas-de-debito\/\">Tarjetas de D\u00e9bito<\/a><br \/>\n<a href=\"https:\/\/www.corporacionbi.com\/pa\/bibank\/legal\/\">Legal<\/a><br \/>\n<a href=\"https:\/\/www.corporacionbi.com\/pa\/bibank\/leasing\/\">Leasing<\/a>[\/vc_column_text][\/vc_column][\/vc_row]<\/p>\n<\/div>","protected":false},"excerpt":{"rendered":"<p>[vc_row overflow=&#8221;default&#8221; css=&#8221;.vc_custom_1663958318671{margin-top: 32px !important;margin-bottom: 32px !important;}&#8221;][vc_column][vc_column_text css=&#8221;&#8221;] Acerca del Banco Bienvenido a Bi Bank Informaci\u00f3n Financiera &#8211; Informaci\u00f3n Anual Bi Bank &#8211; Informaci\u00f3n Anual Bi Capital Corp. &#8211; Informaci\u00f3n Semestral Bi Capital Corp. Tarifarios Gobierno Corporativo &#8211; Junta Directiva &#8211; Equipo Gerencial &#8211; Memoria&#8230;<\/p>\n","protected":false},"author":4,"featured_media":0,"parent":0,"menu_order":0,"comment_status":"closed","ping_status":"closed","template":"","meta":{"footnotes":""},"wf_page_folders":[29],"class_list":["post-2035","page","type-page","status-publish","hentry"],"_links":{"self":[{"href":"https:\/\/www.corporacionbi.com\/pa\/bibank\/wp-json\/wp\/v2\/pages\/2035","targetHints":{"allow":["GET"]}}],"collection":[{"href":"https:\/\/www.corporacionbi.com\/pa\/bibank\/wp-json\/wp\/v2\/pages"}],"about":[{"href":"https:\/\/www.corporacionbi.com\/pa\/bibank\/wp-json\/wp\/v2\/types\/page"}],"author":[{"embeddable":true,"href":"https:\/\/www.corporacionbi.com\/pa\/bibank\/wp-json\/wp\/v2\/users\/4"}],"replies":[{"embeddable":true,"href":"https:\/\/www.corporacionbi.com\/pa\/bibank\/wp-json\/wp\/v2\/comments?post=2035"}],"version-history":[{"count":23,"href":"https:\/\/www.corporacionbi.com\/pa\/bibank\/wp-json\/wp\/v2\/pages\/2035\/revisions"}],"predecessor-version":[{"id":6434,"href":"https:\/\/www.corporacionbi.com\/pa\/bibank\/wp-json\/wp\/v2\/pages\/2035\/revisions\/6434"}],"wp:attachment":[{"href":"https:\/\/www.corporacionbi.com\/pa\/bibank\/wp-json\/wp\/v2\/media?parent=2035"}],"wp:term":[{"taxonomy":"wf_page_folders","embeddable":true,"href":"https:\/\/www.corporacionbi.com\/pa\/bibank\/wp-json\/wp\/v2\/wf_page_folders?post=2035"}],"curies":[{"name":"wp","href":"https:\/\/api.w.org\/{rel}","templated":true}]}}