{"id":1913,"date":"2022-08-24T17:43:40","date_gmt":"2022-08-24T17:43:40","guid":{"rendered":"https:\/\/www.corporacionbi.com\/pa\/bibank\/?page_id=1913"},"modified":"2026-03-02T15:23:04","modified_gmt":"2026-03-02T21:23:04","slug":"tarjetas-de-debito","status":"publish","type":"page","link":"https:\/\/www.corporacionbi.com\/pa\/bibank\/tarjetas-de-debito\/","title":{"rendered":"Tarjetas de D\u00e9bito"},"content":{"rendered":"<div class=\"wpb-content-wrapper\"><p>[vc_section][vc_row][vc_column]\n\t\t\t\t<p class=\"rs-p-wp-fix\"><\/p>\n\t\t\t\t<sr7-module data-alias=\"visa-platinum-11\" data-id=\"80\" id=\"SR7_80_1\" class=\"rs-ov-hidden\" data-version=\"6.7.54\">\n\t\t\t\t\t<sr7-adjuster><\/sr7-adjuster>\n\t\t\t\t\t<sr7-content>\n\t\t\t\t\t\t<sr7-slide id=\"SR7_80_1-51\" data-key=\"51\">\n\t\t\t\t\t\t\t<h2 id=\"SR7_80_1-51-3\" class=\"sr7-layer\"><strong>Tarjetas de D\u00e9bito<strong><\/h2>\n\t\t\t\t\t\t<\/sr7-slide>\n\t\t\t\t\t\t<sr7-slide id=\"SR7_80_1-152\" data-key=\"152\">\n\t\t\t\t\t\t<\/sr7-slide>\n\t\t\t\t\t<\/sr7-content>\n\t\t\t\t<\/sr7-module>\n\t\t\t\t<script>\n\t\t\t\t\twindow.SR7 ??={};SR7.PMH ??={}; SR7.PMH[\"SR7_80_1\"] = {cn:100,state:false,fn: function() { if (window._tpt!==undefined && window._tpt.prepareModuleHeight !== undefined) {  _tpt.prepareModuleHeight({id:\"SR7_80_1\",el:[600,600,350,400,350],type:'standard',shdw:'0',gh:[600,600,350,400,350],gw:[1920,1920,1024,778,480],vpt:['-200px&#039;,&#039;-200px&#039;,&#039;-200px&#039;,&#039;-200px&#039;,&#039;-200px'],size:{fullWidth:true, fullHeight:false},mh:'0',onh:0,onw:0,bg:{color:'{\"orig\":\"transparent\",\"type\":\"solid\",\"string\":\"transparent\"}'}});   SR7.PMH[\"SR7_80_1\"].state=true;} else if(SR7.PMH[\"SR7_80_1\"].cn-->0)\tsetTimeout( SR7.PMH[\"SR7_80_1\"].fn,19);}};SR7.PMH[\"SR7_80_1\" ].fn();\n\t\t\t\t<\/script>\n[\/vc_column][\/vc_row][vc_row overflow=&#8221;default&#8221; css=&#8221;.vc_custom_1655934108737{margin-top: 50px !important;}&#8221;][vc_column]\r\n<div class=\"sh-heading  \" id=\"heading-DTQngZR5lB\">\r\n\t<div class=\"sh-element-margin\">\r\n\r\n\t\t\r\n\t\t\t<h1 class=\"sh-heading-content size-default text-left\">\r\n\t\t\t\tVisa Signature\t\t\t<\/h1>\r\n\r\n\t\t\r\n\t<\/div>\r\n<\/div>\r\n            <style type=\"text\/css\">\r\n                #heading-DTQngZR5lB .sh-element-margin {margin: 0px 0px 30px 0px;}#heading-DTQngZR5lB .sh-heading-content {font-weight: 700!important;color: #003865;}#heading-DTQngZR5lB .sh-heading-content,#heading-DTQngZR5lB .sh-heading-additional-text {}            <\/style>\r\n        [vc_column_text css=&#8221;&#8221;]<\/p>\n<p class=\"p1\">Disfruta de los mejores descuentos, promociones y ofertas pagando con tus tarjetas Visa Signature Bi Bank que te brinda grandes beneficios:<\/p>\n<p>[\/vc_column_text][vc_row_inner][vc_column_inner]\r\n<div class=\"sh-heading  \" id=\"heading-nEDJscXGFZ\">\r\n\t<div class=\"sh-element-margin\">\r\n\r\n\t\t\r\n\t\t\t<h2 class=\"sh-heading-content size-default text-left\">\r\n\t\t\t\tBeneficios\t\t\t<\/h2>\r\n\r\n\t\t\r\n\t<\/div>\r\n<\/div>\r\n            <style type=\"text\/css\">\r\n                #heading-nEDJscXGFZ .sh-element-margin {margin: 0px 0px 30px 0px;}#heading-nEDJscXGFZ .sh-heading-content {font-weight: 700!important;color: #003865;}#heading-nEDJscXGFZ .sh-heading-content,#heading-nEDJscXGFZ .sh-heading-additional-text {}            <\/style>\r\n        \r\n<div class=\"sh-heading  \" id=\"heading-DLyaXfJmkZ\">\r\n\t<div class=\"sh-element-margin\">\r\n\r\n\t\t\r\n\t\t\t<h5 class=\"sh-heading-content size-default text-left\">\r\n\t\t\t\tA la hora de comprar\t\t\t<\/h5>\r\n\r\n\t\t\r\n\t<\/div>\r\n<\/div>\r\n            <style type=\"text\/css\">\r\n                #heading-DLyaXfJmkZ .sh-element-margin {margin: 0px 0px 30px 0px;}#heading-DLyaXfJmkZ .sh-heading-content {font-weight: 700!important;color: #00c1d4;}#heading-DLyaXfJmkZ .sh-heading-content,#heading-DLyaXfJmkZ .sh-heading-additional-text {}            <\/style>\r\n        [vc_column_text css=&#8221;&#8221;]<\/p>\n<ul>\n<li style=\"font-weight: 400;\"><strong>Bi en L\u00ednea\/App m\u00f3vil <\/strong>te brinda la informaci\u00f3n actualizada de la disponibilidad que cuentas antes de realizar tus compras.<\/li>\n<li><span class=\"selectable-text copyable-text\">Para obtener el PIN de tu Visa D\u00e9bito, desde el app m\u00f3vil ingresa al detalle de tu cuenta donde aparecer\u00e1 tu Tarjeta VISA D\u00e9bito, desliza a la izquierda y coloca un token de seguridad \u00a1Lo tendr\u00e1s as\u00ed de f\u00e1cil! Para m\u00e1s detalles: <\/span><a href=\"https:\/\/www.corporacionbi.com\/pa\/bibank\/tutoriales-bibank\/visualiza-tu-pin-visa-debito\/\"><span class=\"selectable-text copyable-text\">https:\/\/www.corporacionbi.com\/pa\/bibank\/tutoriales-bibank\/visualiza-tu-pin-visa-debito\/<\/span><\/a><\/li>\n<li style=\"font-weight: 400;\">Protecci\u00f3n de compra<\/li>\n<li style=\"font-weight: 400;\">Protecci\u00f3n de precio<\/li>\n<\/ul>\n<p>[\/vc_column_text]\r\n<div class=\"sh-heading  \" id=\"heading-nhi8IKQwFf\">\r\n\t<div class=\"sh-element-margin\">\r\n\r\n\t\t\r\n\t\t\t<h5 class=\"sh-heading-content size-default text-left\">\r\n\t\t\t\tA la hora de viajar\t\t\t<\/h5>\r\n\r\n\t\t\r\n\t<\/div>\r\n<\/div>\r\n            <style type=\"text\/css\">\r\n                #heading-nhi8IKQwFf .sh-element-margin {margin: 0px 0px 30px 0px;}#heading-nhi8IKQwFf .sh-heading-content {font-weight: 700!important;color: #00c1d4;}#heading-nhi8IKQwFf .sh-heading-content,#heading-nhi8IKQwFf .sh-heading-additional-text {}            <\/style>\r\n        [vc_column_text css=&#8221;&#8221;]<\/p>\n<ul>\n<li style=\"font-weight: 400;\">Sin cargo de comisi\u00f3n por cambio de moneda<\/li>\n<li style=\"font-weight: 400;\">Sin cargo de comisi\u00f3n por cambio de moneda<\/li>\n<li style=\"font-weight: 400;\">Visa digital Concierge<\/li>\n<li style=\"font-weight: 400;\">Desembolso de efectivo de emergencia<\/li>\n<li style=\"font-weight: 400;\">Servicio de reemplazo de tarjetas<\/li>\n<li style=\"font-weight: 400;\">Garant\u00eda extendida para compras<\/li>\n<li style=\"font-weight: 400;\">Seguro de alquiler de veh\u00edculos<\/li>\n<li style=\"font-weight: 400;\">Seguro de p\u00e9rdida de equipaje<\/li>\n<li style=\"font-weight: 400;\">Visa Airport Companion<\/li>\n<li style=\"font-weight: 400;\">GigSky activa una eSIM de 1GB<\/li>\n<li style=\"font-weight: 400;\">Visa Luxury Hotel Collection<\/li>\n<li style=\"font-weight: 400;\">Servicios m\u00e9dicos de emergencia internacional<\/li>\n<li style=\"font-weight: 400;\">Visa m\u00e9dico Online<\/li>\n<\/ul>\n<p>[\/vc_column_text]\r\n<div class=\"sh-heading  \" id=\"heading-ybYMxNCPRj\">\r\n\t<div class=\"sh-element-margin\">\r\n\r\n\t\t\r\n\t\t\t<h2 class=\"sh-heading-content size-default text-left\">\r\n\t\t\t\tT\u00e9rminos y condiciones\t\t\t<\/h2>\r\n\r\n\t\t\r\n\t<\/div>\r\n<\/div>\r\n            <style type=\"text\/css\">\r\n                #heading-ybYMxNCPRj .sh-element-margin {margin: 0px 0px 16px 0px;}#heading-ybYMxNCPRj .sh-heading-content {font-weight: 700!important;color: #003865;}#heading-ybYMxNCPRj .sh-heading-content,#heading-ybYMxNCPRj .sh-heading-additional-text {}            <\/style>\r\n        [vc_column_text css=&#8221;&#8221;]Conoce los t\u00e9rminos y condiciones de los <span style=\"color: #00c1d4;\"><a style=\"color: #00c1d4;\" href=\"https:\/\/www.visa.com.pa\/\" target=\"_blank\" rel=\"noopener\">beneficios Visa<\/a><\/span>[\/vc_column_text]\r\n<div class=\"sh-heading  \" id=\"heading-aLOBS0F1Ko\">\r\n\t<div class=\"sh-element-margin\">\r\n\r\n\t\t\r\n\t\t\t<h5 class=\"sh-heading-content size-default text-left\">\r\n\t\t\t\tVive una experiencia Bi con t\u00fa Visa D\u00e9bito Signature.\t\t\t<\/h5>\r\n\r\n\t\t\r\n\t<\/div>\r\n<\/div>\r\n            <style type=\"text\/css\">\r\n                #heading-aLOBS0F1Ko .sh-element-margin {margin: 0px 0px 30px 0px;}#heading-aLOBS0F1Ko .sh-heading-content {font-weight: 500!important;color: #003865;}#heading-aLOBS0F1Ko .sh-heading-content,#heading-aLOBS0F1Ko .sh-heading-additional-text {}            <\/style>\r\n        [\/vc_column_inner][\/vc_row_inner][\/vc_column][\/vc_row][vc_row disable_element=&#8221;yes&#8221; overflow=&#8221;default&#8221; css=&#8221;.vc_custom_1671578233447{margin-top: 50px !important;margin-bottom: 50px !important;}&#8221;][vc_column]\r\n<div id=\"tabs-zcwsWnpPGM\" class=\"sh-tabs sh-tabs-style1\">\r\n\t<!-- Tabs -->\r\n\t<ul class=\"nav nav-tabs sh-tabs-filter sh-noselect\" role=\"tablist\">\r\n\t\t\t\t\t\t\t\t\t<li role=\"presentation\" class=\" active\">\r\n\t\t\t\t\t<a href=\"#tab-zcwsWnpPGM-1\" role=\"tab\" data-toggle=\"tab\">\r\n\t\t\t\t\t\t\r\n\t\t\t\t\t\tRequisitos\r\n\t\t\t\t\t\t\t\t\t\t\t<\/a>\r\n\t\t\t\t<\/li>\r\n\t\t\t\t\t\t<\/ul>\r\n\r\n\t<!-- Content -->\r\n\t<div class=\"tab-content\">\r\n\t\t\t\t\t\t\t\t\t<div role=\"tabpanel\" class=\"tab-pane fade in active\" id=\"tab-zcwsWnpPGM-1\">\r\n\t\t\t\t\t<ul>\n \t<li>\n<p class=\"p1\">Aplica para persona natural<\/p>\n<\/li>\n \t<li>\n<p class=\"p1\">Debe tener cuenta de ahorros o corriente personal<\/p>\n<\/li>\n \t<li>\n<p class=\"p1\">Copia de documento de identificaci\u00f3n<\/p>\n<\/li>\n<\/ul>\t\t\t\t<\/div>\r\n\t\t\t\t\t\t<\/div>\r\n<\/div>\r\n            <style type=\"text\/css\">\r\n                #tabs-zcwsWnpPGM .sh-tabs-filter li:not(.active) a,#tabs-zcwsWnpPGM .tab-pane {color: #003865!important;}#tabs-zcwsWnpPGM .sh-tabs-filter li.active a,#tabs-zcwsWnpPGM .sh-tabs-filter li:hover a {color: #003865!important;}#tabs-zcwsWnpPGM .sh-tabs-filter li.active a {border-bottom-color: #003865!important;}#tabs-zcwsWnpPGM .sh-tabs-filter li a:after {background-color: #ffb81c!important;}            <\/style>\r\n        [\/vc_column][\/vc_row][vc_row disable_element=&#8221;yes&#8221; overflow=&#8221;default&#8221; css=&#8221;.vc_custom_1661466582648{margin-top: 50px !important;}&#8221;][vc_column overflow=&#8221;default&#8221;]\r\n<div class=\"sh-heading  \" id=\"heading-Xm9E8OYkoG\">\r\n\t<div class=\"sh-element-margin\">\r\n\r\n\t\t\r\n\t\t\t<h2 class=\"sh-heading-content size-default text-left\">\r\n\t\t\t\tBeneficios\t\t\t<\/h2>\r\n\r\n\t\t\r\n\t<\/div>\r\n<\/div>\r\n            <style type=\"text\/css\">\r\n                #heading-Xm9E8OYkoG .sh-element-margin {}#heading-Xm9E8OYkoG .sh-heading-content {font-weight: 700!important;color: #003865;}#heading-Xm9E8OYkoG .sh-heading-content,#heading-Xm9E8OYkoG .sh-heading-additional-text {}            <\/style>\r\n        [vc_row_inner equal_height=&#8221;yes&#8221; overflow=&#8221;default&#8221; css=&#8221;.vc_custom_1656010454584{margin-top: 20px !important;}&#8221;][vc_column_inner el_class=&#8221;bordederecho&#8221; width=&#8221;1\/5&#8243; overflow=&#8221;default&#8221;][vc_raw_html el_class=&#8221;center-icon&#8221;]JTNDc3BhbiUyMGNsYXNzJTNEJTIyQmlCYW5rLWljb24tYmktYmFuay1pY29ub3NfdGFyamV0YS1pbnRlcm5hY2lvbmFsJTIyJTNFJTNDJTJGc3BhbiUzRQ==[\/vc_raw_html][vc_column_text]<\/p>\n<p style=\"text-align: center;\">Tarjeta de uso local e internacional.<\/p>\n<p>[\/vc_column_text][\/vc_column_inner][vc_column_inner el_class=&#8221;bordederecho&#8221; width=&#8221;1\/5&#8243; overflow=&#8221;default&#8221;][vc_raw_html el_class=&#8221;center-icon&#8221;]JTNDc3BhbiUyMGNsYXNzJTNEJTIyQmlCYW5rLWljb24tYmktYmFuay1pY29ub3NfdGFyamV0YSUyMiUzRSUzQyUyRnNwYW4lM0U=[\/vc_raw_html][vc_column_text]<\/p>\n<p style=\"text-align: center;\">Tarjetas adicionales gratis.<\/p>\n<p>[\/vc_column_text][\/vc_column_inner][vc_column_inner el_class=&#8221;bordederecho&#8221; width=&#8221;1\/5&#8243; overflow=&#8221;default&#8221;][vc_raw_html el_class=&#8221;center-icon&#8221;]JTNDc3BhbiUyMGNsYXNzJTNEJTIyQmlCYW5rLWljb24tYmktYmFuay1pY29ub3Nfbm90aWZpY2FjaW9uJTIyJTNFJTNDJTJGc3BhbiUzRQ==[\/vc_raw_html][vc_column_text]<\/p>\n<p style=\"text-align: center;\">Servicio de Alertas a trav\u00e9s de mensajes de texto (SMS) y correo electr\u00f3nico.<\/p>\n<p>[\/vc_column_text][\/vc_column_inner][vc_column_inner el_class=&#8221;bordederecho&#8221; width=&#8221;1\/5&#8243; overflow=&#8221;default&#8221;][vc_raw_html el_class=&#8221;center-icon&#8221;]JTNDc3BhbiUyMGNsYXNzJTNEJTIyQmlCYW5rLWljb24tYmktYmFuay1pY29ub3NfY2x1YmJpJTIyJTNFJTNDJTJGc3BhbiUzRQ==[\/vc_raw_html][vc_column_text]<\/p>\n<p style=\"text-align: center;\">Acumulaci\u00f3n de Bi Puntos, por cada d\u00f3lar de compra que realice con su tarjeta recibe un Bi Punto para utilizar en compras futuras de su preferencia.<\/p>\n<p>[\/vc_column_text][\/vc_column_inner][vc_column_inner width=&#8221;1\/5&#8243;][vc_raw_html el_class=&#8221;center-icon&#8221;]JTNDc3BhbiUyMGNsYXNzJTNEJTIyQmlCYW5rLWljb24tYmktYmFuay1pY29ub3NfY2FzaWxsZXJvJTIyJTNFJTNDJTJGc3BhbiUzRQ==[\/vc_raw_html][vc_column_text]<\/p>\n<p style=\"text-align: center;\">Casillero postal en Estados Unidos y Europa completamente gratis.<\/p>\n<p>[\/vc_column_text][\/vc_column_inner][\/vc_row_inner][vc_row_inner equal_height=&#8221;yes&#8221; overflow=&#8221;default&#8221; css=&#8221;.vc_custom_1656010454584{margin-top: 20px !important;}&#8221;][vc_column_inner el_class=&#8221;bordederecho&#8221; width=&#8221;1\/5&#8243; overflow=&#8221;default&#8221;][vc_raw_html el_class=&#8221;center-icon&#8221;]JTNDc3BhbiUyMGNsYXNzJTNEJTIyQmlCYW5rLWljb24tYmktYmFuay1pY29ub3NfdGFyamV0YS1pbnRlcm5hY2lvbmFsJTIyJTNFJTNDJTJGc3BhbiUzRQ==[\/vc_raw_html][vc_column_text]<\/p>\n<p style=\"text-align: center;\">Tarjeta de uso local e internacional.<\/p>\n<p>[\/vc_column_text][\/vc_column_inner][vc_column_inner el_class=&#8221;bordederecho&#8221; width=&#8221;1\/5&#8243; overflow=&#8221;default&#8221;][vc_raw_html el_class=&#8221;center-icon&#8221;]JTNDc3BhbiUyMGNsYXNzJTNEJTIyQmlCYW5rLWljb24tYmktYmFuay1pY29ub3NfdGFyamV0YSUyMiUzRSUzQyUyRnNwYW4lM0U=[\/vc_raw_html][vc_column_text]<\/p>\n<p style=\"text-align: center;\">Tarjetas adicionales gratis.<\/p>\n<p>[\/vc_column_text][\/vc_column_inner][vc_column_inner el_class=&#8221;bordederecho&#8221; width=&#8221;1\/5&#8243; overflow=&#8221;default&#8221;][vc_raw_html el_class=&#8221;center-icon&#8221;]JTNDc3BhbiUyMGNsYXNzJTNEJTIyQmlCYW5rLWljb24tYmktYmFuay1pY29ub3Nfbm90aWZpY2FjaW9uJTIyJTNFJTNDJTJGc3BhbiUzRQ==[\/vc_raw_html][vc_column_text]<\/p>\n<p style=\"text-align: center;\">Servicio de Alertas a trav\u00e9s de mensajes de texto (SMS) y correo electr\u00f3nico.<\/p>\n<p>[\/vc_column_text][\/vc_column_inner][vc_column_inner el_class=&#8221;bordederecho&#8221; width=&#8221;1\/5&#8243; overflow=&#8221;default&#8221;][vc_raw_html el_class=&#8221;center-icon&#8221;]JTNDc3BhbiUyMGNsYXNzJTNEJTIyQmlCYW5rLWljb24tYmktYmFuay1pY29ub3NfY2x1YmJpJTIyJTNFJTNDJTJGc3BhbiUzRQ==[\/vc_raw_html][vc_column_text]<\/p>\n<p style=\"text-align: center;\">Acumulaci\u00f3n de Bi Puntos, por cada d\u00f3lar de compra que realice con su tarjeta recibe un Bi Punto para utilizar en compras futuras de su preferencia.<\/p>\n<p>[\/vc_column_text][\/vc_column_inner][vc_column_inner width=&#8221;1\/5&#8243;][vc_raw_html el_class=&#8221;center-icon&#8221;]JTNDc3BhbiUyMGNsYXNzJTNEJTIyQmlCYW5rLWljb24tYmktYmFuay1pY29ub3NfY2FzaWxsZXJvJTIyJTNFJTNDJTJGc3BhbiUzRQ==[\/vc_raw_html][vc_column_text]<\/p>\n<p style=\"text-align: center;\">Casillero postal en Estados Unidos y Europa completamente gratis.<\/p>\n<p>[\/vc_column_text][\/vc_column_inner][\/vc_row_inner][\/vc_column][\/vc_row][\/vc_section]<\/p>\n<\/div>","protected":false},"excerpt":{"rendered":"<p>[vc_section][vc_row][vc_column][\/vc_column][\/vc_row][vc_row overflow=&#8221;default&#8221; css=&#8221;.vc_custom_1655934108737{margin-top: 50px !important;}&#8221;][vc_column][vc_column_text css=&#8221;&#8221;] Disfruta de los mejores descuentos, promociones y ofertas pagando con tus tarjetas Visa Signature Bi Bank que te brinda grandes beneficios: [\/vc_column_text][vc_row_inner][vc_column_inner][vc_column_text css=&#8221;&#8221;] Bi en L\u00ednea\/App m\u00f3vil te brinda la informaci\u00f3n actualizada de la disponibilidad que cuentas antes de&#8230;<\/p>\n","protected":false},"author":4,"featured_media":0,"parent":0,"menu_order":0,"comment_status":"closed","ping_status":"closed","template":"","meta":{"footnotes":""},"wf_page_folders":[24],"class_list":["post-1913","page","type-page","status-publish","hentry"],"_links":{"self":[{"href":"https:\/\/www.corporacionbi.com\/pa\/bibank\/wp-json\/wp\/v2\/pages\/1913","targetHints":{"allow":["GET"]}}],"collection":[{"href":"https:\/\/www.corporacionbi.com\/pa\/bibank\/wp-json\/wp\/v2\/pages"}],"about":[{"href":"https:\/\/www.corporacionbi.com\/pa\/bibank\/wp-json\/wp\/v2\/types\/page"}],"author":[{"embeddable":true,"href":"https:\/\/www.corporacionbi.com\/pa\/bibank\/wp-json\/wp\/v2\/users\/4"}],"replies":[{"embeddable":true,"href":"https:\/\/www.corporacionbi.com\/pa\/bibank\/wp-json\/wp\/v2\/comments?post=1913"}],"version-history":[{"count":30,"href":"https:\/\/www.corporacionbi.com\/pa\/bibank\/wp-json\/wp\/v2\/pages\/1913\/revisions"}],"predecessor-version":[{"id":6635,"href":"https:\/\/www.corporacionbi.com\/pa\/bibank\/wp-json\/wp\/v2\/pages\/1913\/revisions\/6635"}],"wp:attachment":[{"href":"https:\/\/www.corporacionbi.com\/pa\/bibank\/wp-json\/wp\/v2\/media?parent=1913"}],"wp:term":[{"taxonomy":"wf_page_folders","embeddable":true,"href":"https:\/\/www.corporacionbi.com\/pa\/bibank\/wp-json\/wp\/v2\/wf_page_folders?post=1913"}],"curies":[{"name":"wp","href":"https:\/\/api.w.org\/{rel}","templated":true}]}}