{"id":1676,"date":"2022-08-04T12:48:12","date_gmt":"2022-08-04T12:48:12","guid":{"rendered":"https:\/\/www.corporacionbi.com\/pa\/bibank\/?page_id=1676"},"modified":"2025-03-18T10:54:31","modified_gmt":"2025-03-18T16:54:31","slug":"fideicomiso-testamentario","status":"publish","type":"page","link":"https:\/\/www.corporacionbi.com\/pa\/bibank\/fideicomiso-testamentario\/","title":{"rendered":"Fideicomiso Patrimonial Testamentario"},"content":{"rendered":"<div class=\"wpb-content-wrapper\"><p>[vc_section][vc_row][vc_column]\n\t\t\t\t<p class=\"rs-p-wp-fix\"><\/p>\n\t\t\t\t<sr7-module data-alias=\"fideicomisos-patrimoniales-testamentarios-1-1-1-1\" data-id=\"85\" id=\"SR7_85_1\" class=\"rs-ov-hidden\" data-version=\"6.7.54\">\n\t\t\t\t\t<sr7-adjuster><\/sr7-adjuster>\n\t\t\t\t\t<sr7-content>\n\t\t\t\t\t\t<sr7-slide id=\"SR7_85_1-56\" data-key=\"56\">\n\t\t\t\t\t\t\t<h2 id=\"SR7_85_1-56-3\" class=\"sr7-layer\"><b>Fideicomisos<\/b><\/h2>\n\t\t\t\t\t\t<\/sr7-slide>\n\t\t\t\t\t\t<sr7-slide id=\"SR7_85_1-157\" data-key=\"157\">\n\t\t\t\t\t\t<\/sr7-slide>\n\t\t\t\t\t<\/sr7-content>\n\t\t\t\t<\/sr7-module>\n\t\t\t\t<script>\n\t\t\t\t\twindow.SR7 ??={};SR7.PMH ??={}; SR7.PMH[\"SR7_85_1\"] = {cn:100,state:false,fn: function() { if (window._tpt!==undefined && window._tpt.prepareModuleHeight !== undefined) {  _tpt.prepareModuleHeight({id:\"SR7_85_1\",el:[600,600,350,400,350],type:'standard',shdw:'0',gh:[600,600,350,400,350],gw:[1920,1920,1024,778,480],vpt:['-200px&#039;,&#039;-200px&#039;,&#039;-200px&#039;,&#039;-200px&#039;,&#039;-200px'],size:{fullWidth:true, fullHeight:false},mh:'0',onh:0,onw:0,bg:{color:'{\"orig\":\"transparent\",\"type\":\"solid\",\"string\":\"transparent\"}'}});   SR7.PMH[\"SR7_85_1\"].state=true;} else if(SR7.PMH[\"SR7_85_1\"].cn-->0)\tsetTimeout( SR7.PMH[\"SR7_85_1\"].fn,19);}};SR7.PMH[\"SR7_85_1\" ].fn();\n\t\t\t\t<\/script>\n[\/vc_column][\/vc_row][vc_row overflow=&#8221;default&#8221; css=&#8221;.vc_custom_1655934108737{margin-top: 50px !important;}&#8221;][vc_column overflow=&#8221;default&#8221; css=&#8221;.vc_custom_1656607556771{padding-top: 30px !important;padding-bottom: 30px !important;}&#8221;]\r\n<div class=\"sh-heading  \" id=\"heading-QgtdaG2oZO\">\r\n\t<div class=\"sh-element-margin\">\r\n\r\n\t\t\r\n\t\t\t<h1 class=\"sh-heading-content size-default text-left\">\r\n\t\t\t\tFideicomiso Patrimonial Testamentario\t\t\t<\/h1>\r\n\r\n\t\t\r\n\t<\/div>\r\n<\/div>\r\n            <style type=\"text\/css\">\r\n                #heading-QgtdaG2oZO .sh-element-margin {}#heading-QgtdaG2oZO .sh-heading-content {font-weight: 700!important;color: #003865;}#heading-QgtdaG2oZO .sh-heading-content,#heading-QgtdaG2oZO .sh-heading-additional-text {}            <\/style>\r\n        [\/vc_column][\/vc_row][vc_row][vc_column width=&#8221;1\/2&#8243;][vc_column_text]Es el instrumento legal id\u00f3neo mediante el cual una persona transmite bienes o derechos a un administrador fiduciario, quien se obliga a custodiarlos, administrarlos o disponer de ellos para cumplir los fines y condiciones establecidas por el propio fideicomitente en el contrato.<\/p>\n<p>Proporciona tranquilidad al cliente garantiz\u00e1ndole que en caso de fallecimiento su voluntad ser\u00e1 cumplida.[\/vc_column_text][vc_btn title=&#8221;Solicita tu fideicomiso&#8221; style=&#8221;classic&#8221; css=&#8221;.vc_custom_1742315296285{margin-top: 20px !important;margin-bottom: 20px !important;}&#8221; link=&#8221;url:https%3A%2F%2Fblog.corporacionbi.com%2Fsolicita-tu-fideicomiso-bi-bank%3Futm_campaign%3Dmarketplace%26utm_medium%3Dsitiocoorporativo%26utm_source%3Dfideicomisos%26utm_content%3Dbibank|target:_blank&#8221; el_class=&#8221;btn-corp-01&#8243;][\/vc_column][vc_column width=&#8221;1\/2&#8243;][vc_single_image image=&#8221;1686&#8243; img_size=&#8221;full&#8221;][\/vc_column][\/vc_row][\/vc_section][vc_section][vc_row overflow=&#8221;default&#8221; css=&#8221;.vc_custom_1655934108737{margin-top: 50px !important;}&#8221;][vc_column overflow=&#8221;default&#8221;]\r\n<div class=\"sh-heading  \" id=\"heading-7qbluc80Yj\">\r\n\t<div class=\"sh-element-margin\">\r\n\r\n\t\t\r\n\t\t\t<h2 class=\"sh-heading-content size-default text-left\">\r\n\t\t\t\tBeneficios\t\t\t<\/h2>\r\n\r\n\t\t\r\n\t<\/div>\r\n<\/div>\r\n            <style type=\"text\/css\">\r\n                #heading-7qbluc80Yj .sh-element-margin {}#heading-7qbluc80Yj .sh-heading-content {font-weight: 700!important;color: #003865;}#heading-7qbluc80Yj .sh-heading-content,#heading-7qbluc80Yj .sh-heading-additional-text {}            <\/style>\r\n        [vc_row_inner equal_height=&#8221;yes&#8221; overflow=&#8221;default&#8221; css=&#8221;.vc_custom_1656010454584{margin-top: 20px !important;}&#8221;][vc_column_inner el_class=&#8221;bordederecho&#8221; width=&#8221;1\/5&#8243; overflow=&#8221;default&#8221;][vc_raw_html css=&#8221;&#8221; el_class=&#8221;center-icon&#8221;]JTNDc3BhbiUyMGNsYXNzJTNEJTIyQmlCYW5rLWljb24tJTIwYmktaWNvbnMlMjBiaS1pY29ucy1kb2N1bWVudG8tZGVyZWNoYSUyMiUzRSUzQyUyRnNwYW4lM0U=[\/vc_raw_html][vc_column_text]<\/p>\n<p style=\"text-align: center;\">Permite transmisi\u00f3n individual o conjunta de patrimonio para la posterior entrega del mismo a los beneficiarios designados.<\/p>\n<p>[\/vc_column_text][\/vc_column_inner][vc_column_inner el_class=&#8221;bordederecho&#8221; width=&#8221;1\/5&#8243; overflow=&#8221;default&#8221;][vc_raw_html css=&#8221;&#8221; el_class=&#8221;center-icon&#8221;]JTNDc3BhbiUyMGNsYXNzJTNEJTIyQmlCYW5rLWljb24tJTIwYmktaWNvbnMlMjBiaS1pY29ucy1kb2N1bWVudG8lMjIlM0UlM0MlMkZzcGFuJTNF[\/vc_raw_html][vc_column_text]<\/p>\n<p style=\"text-align: center;\">Es un instrumento id\u00f3neo para la custodia de t\u00edtulos valores y administraci\u00f3n de bienes.<\/p>\n<p>[\/vc_column_text][\/vc_column_inner][vc_column_inner el_class=&#8221;bordederecho&#8221; width=&#8221;1\/5&#8243; overflow=&#8221;default&#8221;][vc_raw_html css=&#8221;&#8221; el_class=&#8221;center-icon&#8221;]JTNDc3BhbiUyMGNsYXNzJTNEJTIyQmlCYW5rLWljb24tJTIwYmktaWNvbnMlMjBiaS1pY29ucy1saXN0YSUyMiUzRSUzQyUyRnNwYW4lM0U=[\/vc_raw_html][vc_column_text]<\/p>\n<p style=\"text-align: center;\">Ofrece la facilidad de administrar bienes y derechos de menores o personas con capacidades especiales.<\/p>\n<p>[\/vc_column_text][\/vc_column_inner][vc_column_inner el_class=&#8221;bordederecho&#8221; width=&#8221;1\/5&#8243; overflow=&#8221;default&#8221;][vc_raw_html css=&#8221;&#8221; el_class=&#8221;center-icon&#8221;]JTNDc3BhbiUyMGNsYXNzJTNEJTIyQmlCYW5rLWljb24tJTIwYmktaWNvbnMlMjBiaS1pY29ucy1kb2N1bWVudG8tbW9uZWRhcyUyMiUzRSUzQyUyRnNwYW4lM0U=[\/vc_raw_html][vc_column_text]<\/p>\n<p style=\"text-align: center;\">Facilita la administraci\u00f3n de fondos del fideicomitente invirti\u00e9ndolos en instrumentos financieros para que generen rendimientos y que los mismos sean entregados al fideicomitente o fideicomisarios.<\/p>\n<p>[\/vc_column_text][\/vc_column_inner][vc_column_inner width=&#8221;1\/5&#8243;][\/vc_column_inner][\/vc_row_inner][\/vc_column][\/vc_row][\/vc_section][vc_row][vc_column][vc_empty_space height=&#8221;60&#8243;][\/vc_column][\/vc_row]<\/p>\n<\/div>","protected":false},"excerpt":{"rendered":"<p>[vc_section][vc_row][vc_column][\/vc_column][\/vc_row][vc_row overflow=&#8221;default&#8221; css=&#8221;.vc_custom_1655934108737{margin-top: 50px !important;}&#8221;][vc_column overflow=&#8221;default&#8221; css=&#8221;.vc_custom_1656607556771{padding-top: 30px !important;padding-bottom: 30px !important;}&#8221;][\/vc_column][\/vc_row][vc_row][vc_column width=&#8221;1\/2&#8243;][vc_column_text]Es el instrumento legal id\u00f3neo mediante el cual una persona transmite bienes o derechos a un administrador fiduciario, quien se obliga a custodiarlos, administrarlos o disponer de ellos para cumplir los fines y condiciones&#8230;<\/p>\n","protected":false},"author":4,"featured_media":0,"parent":0,"menu_order":0,"comment_status":"closed","ping_status":"closed","template":"","meta":{"footnotes":""},"wf_page_folders":[28],"class_list":["post-1676","page","type-page","status-publish","hentry"],"_links":{"self":[{"href":"https:\/\/www.corporacionbi.com\/pa\/bibank\/wp-json\/wp\/v2\/pages\/1676","targetHints":{"allow":["GET"]}}],"collection":[{"href":"https:\/\/www.corporacionbi.com\/pa\/bibank\/wp-json\/wp\/v2\/pages"}],"about":[{"href":"https:\/\/www.corporacionbi.com\/pa\/bibank\/wp-json\/wp\/v2\/types\/page"}],"author":[{"embeddable":true,"href":"https:\/\/www.corporacionbi.com\/pa\/bibank\/wp-json\/wp\/v2\/users\/4"}],"replies":[{"embeddable":true,"href":"https:\/\/www.corporacionbi.com\/pa\/bibank\/wp-json\/wp\/v2\/comments?post=1676"}],"version-history":[{"count":11,"href":"https:\/\/www.corporacionbi.com\/pa\/bibank\/wp-json\/wp\/v2\/pages\/1676\/revisions"}],"predecessor-version":[{"id":5791,"href":"https:\/\/www.corporacionbi.com\/pa\/bibank\/wp-json\/wp\/v2\/pages\/1676\/revisions\/5791"}],"wp:attachment":[{"href":"https:\/\/www.corporacionbi.com\/pa\/bibank\/wp-json\/wp\/v2\/media?parent=1676"}],"wp:term":[{"taxonomy":"wf_page_folders","embeddable":true,"href":"https:\/\/www.corporacionbi.com\/pa\/bibank\/wp-json\/wp\/v2\/wf_page_folders?post=1676"}],"curies":[{"name":"wp","href":"https:\/\/api.w.org\/{rel}","templated":true}]}}