{"id":1617,"date":"2022-07-30T00:01:43","date_gmt":"2022-07-30T00:01:43","guid":{"rendered":"https:\/\/www.corporacionbi.com\/pa\/bibank\/?page_id=1617"},"modified":"2024-03-13T14:58:55","modified_gmt":"2024-03-13T20:58:55","slug":"loungekey","status":"publish","type":"page","link":"https:\/\/www.corporacionbi.com\/pa\/bibank\/loungekey\/","title":{"rendered":"LoungeKey"},"content":{"rendered":"<div class=\"wpb-content-wrapper\"><p>[vc_section][vc_row][vc_column]\n\t\t\t\t<p class=\"rs-p-wp-fix\"><\/p>\n\t\t\t\t<sr7-module data-alias=\"alertas-y-notificaciones-12\" data-id=\"73\" id=\"SR7_73_1\" class=\"rs-ov-hidden\" data-version=\"6.7.54\">\n\t\t\t\t\t<sr7-adjuster><\/sr7-adjuster>\n\t\t\t\t\t<sr7-content>\n\t\t\t\t\t\t<sr7-slide id=\"SR7_73_1-45\" data-key=\"45\">\n\t\t\t\t\t\t\t<sr7-bg id=\"SR7_73_1-45-4\" class=\"sr7-layer\"><noscript><img decoding=\"async\" src=\"https:\/\/www.corporacionbi.com\/pa\/bibank\/wp-content\/uploads\/2022\/07\/banner-loungekey.jpg\" alt=\"\" title=\"banner-loungekey\"><\/noscript><\/sr7-bg>\n\t\t\t\t\t\t\t<sr7-txt id=\"SR7_73_1-45-3\" class=\"sr7-layer\"><b>LoungeKey<\/b><\/sr7-txt>\n\t\t\t\t\t\t<\/sr7-slide>\n\t\t\t\t\t\t<sr7-slide id=\"SR7_73_1-146\" data-key=\"146\">\n\t\t\t\t\t\t<\/sr7-slide>\n\t\t\t\t\t<\/sr7-content>\n\t\t\t\t<\/sr7-module>\n\t\t\t\t<script>\n\t\t\t\t\twindow.SR7 ??={};SR7.PMH ??={}; SR7.PMH[\"SR7_73_1\"] = {cn:100,state:false,fn: function() { if (window._tpt!==undefined && window._tpt.prepareModuleHeight !== undefined) {  _tpt.prepareModuleHeight({id:\"SR7_73_1\",el:[600,600,350,400,350],type:'standard',shdw:'0',gh:[600,600,350,400,350],gw:[1920,1920,1024,778,480],vpt:['-200px&#039;,&#039;-200px&#039;,&#039;-200px&#039;,&#039;-200px&#039;,&#039;-200px'],size:{fullWidth:true, fullHeight:false},mh:'0',onh:0,onw:0,bg:{color:'{\"orig\":\"transparent\",\"type\":\"solid\",\"string\":\"transparent\"}'}});   SR7.PMH[\"SR7_73_1\"].state=true;} else if(SR7.PMH[\"SR7_73_1\"].cn-->0)\tsetTimeout( SR7.PMH[\"SR7_73_1\"].fn,19);}};SR7.PMH[\"SR7_73_1\" ].fn();\n\t\t\t\t<\/script>\n[\/vc_column][\/vc_row][vc_row overflow=&#8221;default&#8221; css=&#8221;.vc_custom_1655934108737{margin-top: 50px !important;}&#8221;][vc_column overflow=&#8221;default&#8221; css=&#8221;.vc_custom_1656607556771{padding-top: 30px !important;padding-bottom: 30px !important;}&#8221;][vc_empty_space height=&#8221;60&#8243;][\/vc_column][\/vc_row][vc_row][vc_column width=&#8221;1\/2&#8243;][vc_single_image image=&#8221;1962&#8243; img_size=&#8221;full&#8221;][\/vc_column][vc_column width=&#8221;1\/2&#8243;][vc_column_text]Beneficio global exclusivo para Tarjetahabientes Visa Infinite de Bi Bank es el programa de acceso a salas VIP de aeropuertos m\u00e1s amplio del mundo. Le permite al Tarjetahabiente acceder a m\u00e1s de 1,300 salas VIP. No importa con qui\u00e9n viaje, ni la clase en la que vuele, con LoungeKey siempre tendr\u00e1 un espacio tranquilo donde relajarse sin necesidad de reservar con antelaci\u00f3n.[\/vc_column_text][\/vc_column][\/vc_row][vc_row overflow=&#8221;default&#8221; css=&#8221;.vc_custom_1655936034015{margin-top: 50px !important;margin-bottom: 50px !important;}&#8221;][vc_column]\r\n<div id=\"tabs-zZ59sOQcut\" class=\"sh-tabs sh-tabs-style1\">\r\n\t<!-- Tabs -->\r\n\t<ul class=\"nav nav-tabs sh-tabs-filter sh-noselect\" role=\"tablist\">\r\n\t\t\t\t\t\t\t\t\t<li role=\"presentation\" class=\" active\">\r\n\t\t\t\t\t<a href=\"#tab-zZ59sOQcut-1\" role=\"tab\" data-toggle=\"tab\">\r\n\t\t\t\t\t\t\r\n\t\t\t\t\t\tBeneficios\r\n\t\t\t\t\t\t\t\t\t\t\t<\/a>\r\n\t\t\t\t<\/li>\r\n\t\t\t\t\t\t\t<li role=\"presentation\" class=\"\">\r\n\t\t\t\t\t<a href=\"#tab-zZ59sOQcut-2\" role=\"tab\" data-toggle=\"tab\">\r\n\t\t\t\t\t\t\r\n\t\t\t\t\t\tCaracter\u00edsticas Generales\r\n\t\t\t\t\t\t\t\t\t\t\t<\/a>\r\n\t\t\t\t<\/li>\r\n\t\t\t\t\t\t<\/ul>\r\n\r\n\t<!-- Content -->\r\n\t<div class=\"tab-content\">\r\n\t\t\t\t\t\t\t\t\t<div role=\"tabpanel\" class=\"tab-pane fade in active\" id=\"tab-zZ59sOQcut-1\">\r\n\t\t\t\t\t<ul>\n<li style=line-height:2.5em>VISA Infinite Bi Bank le brinda seis (6) visitas de cortes\u00eda al titular de la cuenta.  A partir de la s\u00e9ptima visita en adelante del titular se aplicar\u00e1 el costo de $32.00<\/li>\n<li style=line-height:2.5em>Tarjetahabientes adicionales y\/o invitados se le aplicar\u00e1 $32.00 por persona a la cuenta del Tarjetahabiente principal.<\/li>\n<li style=line-height:2.5em>Cada tarjetahabiente de una cuenta Infinite podr\u00e1 invitar a la cantidad de personas que establezca cada sala VIP. Ver los t\u00e9rminos y condiciones de Lounge Key.<\/li>\n<li style=line-height:2.5em>Salas VIP de aeropuertos en 600 ciudades y 148 pa\u00edses.<\/li>\n<li style=line-height:2.5em>Bebidas y refrigerios de cortes\u00eda, adem\u00e1s de bocadillos antes de su vuelo y bebidas<\/li>\n<li style=line-height:2.5em>Sin necesidad de reservas previas.<\/li>\n<li style=line-height:2.5em>Espacio tranquilo y c\u00f3modo para relajarse.<\/li>\n<li style=line-height:2.5em>Acceso a internet inal\u00e1mbrico.<\/li>\n<li style=line-height:2.5em>Peri\u00f3dicos y revistas sin costo.<\/li>\n<li style=line-height:2.5em>Rel\u00e1jese y renu\u00e9vese en las duchas antes del vuelo.<\/li>\n<li style=line-height:2.5em>Descuentos en restaurantes, tiendas y salones de spa a trav\u00e9s de la aplicaci\u00f3n m\u00f3vil de LoungeKey.<\/li>\n<li style=line-height:2.5em>Aplicaci\u00f3n m\u00f3vil para acceder a los mapas de los aeropuertos y a una serie de funciones digitales para potenciar su experiencia en el aeropuerto.<\/li>\n<\/ul>\n<br>\n\nBeneficios y tarifas pueden ser modificadas, suspendidas o eliminadas en cualquier momento seg\u00fan pol\u00edticas del proveedor del programa de LoungeKey, sin que esto represente alguna responsabilidad de parte del Banco con el tarjetahabiente.\n\t\t\t\t<\/div>\r\n\t\t\t\t\t\t\t<div role=\"tabpanel\" class=\"tab-pane fade\" id=\"tab-zZ59sOQcut-2\">\r\n\t\t\t\t\t<ul>\nEste beneficio est\u00e1 sujeto a las pol\u00edticas y acuerdos del proveedor.\n<\/ul>\t\t\t\t<\/div>\r\n\t\t\t\t\t\t<\/div>\r\n<\/div>\r\n            <style type=\"text\/css\">\r\n                #tabs-zZ59sOQcut .sh-tabs-filter li:not(.active) a,#tabs-zZ59sOQcut .tab-pane {color: #003865!important;}#tabs-zZ59sOQcut .sh-tabs-filter li.active a,#tabs-zZ59sOQcut .sh-tabs-filter li:hover a {color: #003865!important;}#tabs-zZ59sOQcut .sh-tabs-filter li.active a {border-bottom-color: #003865!important;}#tabs-zZ59sOQcut .sh-tabs-filter li a:after {background-color: #ffb81c!important;}            <\/style>\r\n        [\/vc_column][\/vc_row][\/vc_section][vc_row][vc_column][vc_column_text]<\/p>\n<p style=\"text-align: left;\">Para mayor informaci\u00f3n le invitamos a visitar e inscribirse:<\/p>\n<p>[\/vc_column_text][vc_btn title=&#8221;Aqu\u00ed&#8221; align=&#8221;left&#8221; el_class=&#8221;boton1&#8243; css=&#8221;.vc_custom_1664402362464{margin-top: 10px !important;margin-bottom: 40px !important;}&#8221; link=&#8221;url:https%3A%2F%2Fwww.loungekey.com%2F|target:_blank&#8221;][\/vc_column][\/vc_row]<\/p>\n<\/div>","protected":false},"excerpt":{"rendered":"<p>[vc_section][vc_row][vc_column][\/vc_column][\/vc_row][vc_row overflow=&#8221;default&#8221; css=&#8221;.vc_custom_1655934108737{margin-top: 50px !important;}&#8221;][vc_column overflow=&#8221;default&#8221; css=&#8221;.vc_custom_1656607556771{padding-top: 30px !important;padding-bottom: 30px !important;}&#8221;][vc_empty_space height=&#8221;60&#8243;][\/vc_column][\/vc_row][vc_row][vc_column width=&#8221;1\/2&#8243;][vc_single_image image=&#8221;1962&#8243; img_size=&#8221;full&#8221;][\/vc_column][vc_column width=&#8221;1\/2&#8243;][vc_column_text]Beneficio global exclusivo para Tarjetahabientes Visa Infinite de Bi Bank es el programa de acceso a salas VIP de aeropuertos m\u00e1s amplio del mundo. Le permite al Tarjetahabiente acceder a&#8230;<\/p>\n","protected":false},"author":4,"featured_media":0,"parent":0,"menu_order":0,"comment_status":"closed","ping_status":"closed","template":"","meta":{"footnotes":""},"wf_page_folders":[27],"class_list":["post-1617","page","type-page","status-publish","hentry"],"_links":{"self":[{"href":"https:\/\/www.corporacionbi.com\/pa\/bibank\/wp-json\/wp\/v2\/pages\/1617","targetHints":{"allow":["GET"]}}],"collection":[{"href":"https:\/\/www.corporacionbi.com\/pa\/bibank\/wp-json\/wp\/v2\/pages"}],"about":[{"href":"https:\/\/www.corporacionbi.com\/pa\/bibank\/wp-json\/wp\/v2\/types\/page"}],"author":[{"embeddable":true,"href":"https:\/\/www.corporacionbi.com\/pa\/bibank\/wp-json\/wp\/v2\/users\/4"}],"replies":[{"embeddable":true,"href":"https:\/\/www.corporacionbi.com\/pa\/bibank\/wp-json\/wp\/v2\/comments?post=1617"}],"version-history":[{"count":16,"href":"https:\/\/www.corporacionbi.com\/pa\/bibank\/wp-json\/wp\/v2\/pages\/1617\/revisions"}],"predecessor-version":[{"id":4198,"href":"https:\/\/www.corporacionbi.com\/pa\/bibank\/wp-json\/wp\/v2\/pages\/1617\/revisions\/4198"}],"wp:attachment":[{"href":"https:\/\/www.corporacionbi.com\/pa\/bibank\/wp-json\/wp\/v2\/media?parent=1617"}],"wp:term":[{"taxonomy":"wf_page_folders","embeddable":true,"href":"https:\/\/www.corporacionbi.com\/pa\/bibank\/wp-json\/wp\/v2\/wf_page_folders?post=1617"}],"curies":[{"name":"wp","href":"https:\/\/api.w.org\/{rel}","templated":true}]}}