{"id":1578,"date":"2022-07-29T13:27:47","date_gmt":"2022-07-29T13:27:47","guid":{"rendered":"https:\/\/www.corporacionbi.com\/pa\/bibank\/?page_id=1578"},"modified":"2025-03-25T16:21:56","modified_gmt":"2025-03-25T22:21:56","slug":"banca-electronica","status":"publish","type":"page","link":"https:\/\/www.corporacionbi.com\/pa\/bibank\/banca-electronica\/","title":{"rendered":"Banca Electr\u00f3nica \u2013 Galer\u00eda"},"content":{"rendered":"<div class=\"wpb-content-wrapper\"><p>[vc_section][vc_row disable_element=&#8221;yes&#8221; overflow=&#8221;default&#8221; css=&#8221;.vc_custom_1742941083398{margin-top: 15px !important;margin-bottom: 15px !important;}&#8221;][vc_column width=&#8221;1\/2&#8243;][vc_row_inner][vc_column_inner][vc_single_image image=&#8221;5407&#8243; img_size=&#8221;full&#8221; css=&#8221;&#8221;][\/vc_column_inner][\/vc_row_inner][\/vc_column][vc_column width=&#8221;1\/2&#8243;][vc_row_inner overflow=&#8221;default&#8221;][vc_column_inner]\r\n<div class=\"sh-heading  \" id=\"heading-Rfc5vxTQq4\">\r\n\t<div class=\"sh-element-margin\">\r\n\r\n\t\t\r\n\t\t\t<h2 class=\"sh-heading-content size-default text-left\">\r\n\t\t\t\tBi en L\u00ednea\t\t\t<\/h2>\r\n\r\n\t\t\r\n\t<\/div>\r\n<\/div>\r\n            <style type=\"text\/css\">\r\n                #heading-Rfc5vxTQq4 .sh-element-margin {margin: 80px 0px 0px 0px;}#heading-Rfc5vxTQq4 .sh-heading-content {font-weight: 700!important;color: #003865;}#heading-Rfc5vxTQq4 .sh-heading-content,#heading-Rfc5vxTQq4 .sh-heading-additional-text {}            <\/style>\r\n        [\/vc_column_inner][\/vc_row_inner][vc_column_text css=&#8221;.vc_custom_1659101559327{padding-top: 20px !important;padding-bottom: 20px !important;}&#8221;]<\/p>\n<ul>\n<li>Realiza todas tus operaciones bancarias en l\u00ednea, a trav\u00e9s de internet utilizando una computadora, tablet o smartphone.<\/li>\n<li>Para clientes individuales y empresariales.<\/li>\n<\/ul>\n<p>[\/vc_column_text][vc_btn title=&#8221;Conoce m\u00e1s&#8221; style=&#8221;classic&#8221; css=&#8221;&#8221; el_class=&#8221;btn-corp-01&#8243; link=&#8221;url:https%3A%2F%2Fwww.corporacionbi.com%2Fpa%2Fbibank%2Fbi-en-linea%2F&#8221;][\/vc_column][\/vc_row][vc_row disable_element=&#8221;yes&#8221; overflow=&#8221;default&#8221; css=&#8221;.vc_custom_1711560848935{margin-top: 15px !important;margin-bottom: 15px !important;}&#8221;][vc_column width=&#8221;1\/2&#8243;][vc_row_inner][vc_column_inner]\r\n<div class=\"sh-heading  \" id=\"heading-Ivb56mosCG\">\r\n\t<div class=\"sh-element-margin\">\r\n\r\n\t\t\r\n\t\t\t<h2 class=\"sh-heading-content size-default text-left\">\r\n\t\t\t\tDescargas\t\t\t<\/h2>\r\n\r\n\t\t\r\n\t<\/div>\r\n<\/div>\r\n            <style type=\"text\/css\">\r\n                #heading-Ivb56mosCG .sh-element-margin {margin: 80px 0px 0px 0px;}#heading-Ivb56mosCG .sh-heading-content {font-weight: 700!important;color: #003865;}#heading-Ivb56mosCG .sh-heading-content,#heading-Ivb56mosCG .sh-heading-additional-text {}            <\/style>\r\n        [vc_column_text css=&#8221;.vc_custom_1659102040988{padding-top: 20px !important;padding-bottom: 20px !important;}&#8221;]<\/p>\n<ul>\n<li>Aqu\u00ed encontrar\u00e1s todos formularios para reinicio de clave necesarios para tus operaciones.<\/li>\n<\/ul>\n<p>[\/vc_column_text][vc_btn title=&#8221;Conoce m\u00e1s&#8221; el_class=&#8221;boton1&#8243; link=&#8221;url:https%3A%2F%2Fwww.corporacionbi.com%2Fpa%2Fbibank%2Fdescargas%2F&#8221;][\/vc_column_inner][\/vc_row_inner][\/vc_column][vc_column width=&#8221;1\/2&#8243;][vc_row_inner][vc_column_inner][vc_single_image image=&#8221;2542&#8243; img_size=&#8221;full&#8221;][\/vc_column_inner][\/vc_row_inner][\/vc_column][\/vc_row][vc_row disable_element=&#8221;yes&#8221; overflow=&#8221;default&#8221; css=&#8221;.vc_custom_1742941094332{margin-top: 15px !important;margin-bottom: 15px !important;}&#8221;][vc_column width=&#8221;1\/2&#8243;][vc_row_inner][vc_column_inner]\r\n<div class=\"sh-heading  \" id=\"heading-VDUL0u3n4a\">\r\n\t<div class=\"sh-element-margin\">\r\n\r\n\t\t\r\n\t\t\t<h2 class=\"sh-heading-content size-default text-left\">\r\n\t\t\t\tConexi\u00f3n Regional\t\t\t<\/h2>\r\n\r\n\t\t\r\n\t<\/div>\r\n<\/div>\r\n            <style type=\"text\/css\">\r\n                #heading-VDUL0u3n4a .sh-element-margin {margin: 80px 0px 0px 0px;}#heading-VDUL0u3n4a .sh-heading-content {font-weight: 700!important;color: #003865;}#heading-VDUL0u3n4a .sh-heading-content,#heading-VDUL0u3n4a .sh-heading-additional-text {}            <\/style>\r\n        [vc_column_text css=&#8221;.vc_custom_1659102141093{padding-top: 20px !important;padding-bottom: 20px !important;}&#8221;]<\/p>\n<ul>\n<li>Plataforma Electr\u00f3nica que pone a disposici\u00f3n de sus clientes un canal en donde se pueden consolidar las cuentas de cuatro pa\u00edses y realizar operaciones financieras de sus cuentas.<\/li>\n<\/ul>\n<p>[\/vc_column_text][vc_btn title=&#8221;Conoce m\u00e1s&#8221; style=&#8221;classic&#8221; css=&#8221;&#8221; el_class=&#8221;btn-corp-01&#8243; link=&#8221;url:https%3A%2F%2Fwww.corporacionbi.com%2Fgt%2Fbancoindustrial%2Fbanca-en-linea-empresarial%2Fconexion-regional%2F|target:_blank&#8221;][\/vc_column_inner][\/vc_row_inner][\/vc_column][vc_column width=&#8221;1\/2&#8243;][vc_row_inner][vc_column_inner][vc_single_image image=&#8221;5409&#8243; img_size=&#8221;full&#8221; alignment=&#8221;right&#8221; css=&#8221;&#8221;][\/vc_column_inner][\/vc_row_inner][\/vc_column][\/vc_row][vc_row overflow=&#8221;default&#8221; css=&#8221;.vc_custom_1661321054324{margin-top: 15px !important;margin-bottom: 15px !important;}&#8221;][vc_column width=&#8221;1\/2&#8243;][vc_row_inner disable_element=&#8221;yes&#8221; overflow=&#8221;default&#8221;][vc_column_inner][vc_single_image image=&#8221;5411&#8243; img_size=&#8221;full&#8221; css=&#8221;&#8221;][\/vc_column_inner][\/vc_row_inner][\/vc_column][vc_column width=&#8221;1\/2&#8243;][vc_row_inner disable_element=&#8221;yes&#8221; overflow=&#8221;default&#8221;][vc_column_inner]\r\n<div class=\"sh-heading  \" id=\"heading-Y1tIfoelgu\">\r\n\t<div class=\"sh-element-margin\">\r\n\r\n\t\t\r\n\t\t\t<h2 class=\"sh-heading-content size-default text-left\">\r\n\t\t\t\tPreguntas Frecuentes\t\t\t<\/h2>\r\n\r\n\t\t\r\n\t<\/div>\r\n<\/div>\r\n            <style type=\"text\/css\">\r\n                #heading-Y1tIfoelgu .sh-element-margin {margin: 80px 0px 60px 0px;}#heading-Y1tIfoelgu .sh-heading-content {font-weight: 700!important;color: #003865;}#heading-Y1tIfoelgu .sh-heading-content,#heading-Y1tIfoelgu .sh-heading-additional-text {}            <\/style>\r\n        [vc_btn title=&#8221;Conoce m\u00e1s&#8221; el_class=&#8221;boton1&#8243; link=&#8221;url:https%3A%2F%2Fwww.corporacionbi.com%2Fpa%2Fbibank%2Fpreguntas-frecuentes%2F&#8221;][\/vc_column_inner][\/vc_row_inner][\/vc_column][\/vc_row][vc_row disable_element=&#8221;yes&#8221; overflow=&#8221;default&#8221; css=&#8221;.vc_custom_1742941106061{margin-top: 15px !important;margin-bottom: 15px !important;}&#8221;][vc_column width=&#8221;1\/2&#8243;][vc_row_inner][vc_column_inner]\r\n<div class=\"sh-heading  \" id=\"heading-zs78I0Y63o\">\r\n\t<div class=\"sh-element-margin\">\r\n\r\n\t\t\r\n\t\t\t<h2 class=\"sh-heading-content size-default text-left\">\r\n\t\t\t\tBi M\u00f3vil\t\t\t<\/h2>\r\n\r\n\t\t\r\n\t<\/div>\r\n<\/div>\r\n            <style type=\"text\/css\">\r\n                #heading-zs78I0Y63o .sh-element-margin {margin: 80px 0px 0px 0px;}#heading-zs78I0Y63o .sh-heading-content {font-weight: 700!important;color: #003865;}#heading-zs78I0Y63o .sh-heading-content,#heading-zs78I0Y63o .sh-heading-additional-text {}            <\/style>\r\n        [vc_column_text css=&#8221;.vc_custom_1659102019332{padding-top: 20px !important;padding-bottom: 20px !important;}&#8221;]<\/p>\n<ul>\n<li>Recibe en todo momento mensajes de alerta en tu celular que informan de los consumos, retiros, dep\u00f3sitos y transferencias.<\/li>\n<\/ul>\n<p>[\/vc_column_text][vc_btn title=&#8221;Conoce m\u00e1s&#8221; style=&#8221;classic&#8221; css=&#8221;&#8221; el_class=&#8221;btn-corp-01&#8243; link=&#8221;url:https%3A%2F%2Fwww.corporacionbi.com%2Fpa%2Fbibank%2Fbi-movil%2F&#8221;][\/vc_column_inner][\/vc_row_inner][\/vc_column][vc_column width=&#8221;1\/2&#8243;][vc_row_inner][vc_column_inner][vc_single_image image=&#8221;5413&#8243; img_size=&#8221;full&#8221; alignment=&#8221;right&#8221; css=&#8221;&#8221;][\/vc_column_inner][\/vc_row_inner][\/vc_column][\/vc_row][\/vc_section][vc_section][vc_row][vc_column]\r\n            \r\n            <div class=\"sh-empty-space vc_empty_space sh-empty-space-5Zja8vWUmI  \" style=\"height: 32px\">\r\n                <span class=\"vc_empty_space_inner\"><\/span>\r\n            <\/div>\r\n\r\n        [vc_custom_heading text=&#8221;Banca Electr\u00f3nica&#8221; font_container=&#8221;tag:h1|text_align:left|color:%23003865&#8243; css=&#8221;&#8221; el_class=&#8221;h-decoration-unset txc-experto txs-4xl&#8221;][vc_separator color=&#8221;custom&#8221; css=&#8221;&#8221; accent_color=&#8221;#809BB2&#8243;]\r\n                            <style media=\"screen\">\r\n                    @media (max-width: 1025px) {\r\n                        .sh-empty-space-iMrnml5zy6 {\r\n                            height: 40px!important;\r\n                        }\r\n                    }\r\n                <\/style>\r\n            \r\n            <div class=\"sh-empty-space vc_empty_space sh-empty-space-iMrnml5zy6  \" style=\"height: 56px\">\r\n                <span class=\"vc_empty_space_inner\"><\/span>\r\n            <\/div>\r\n\r\n        [\/vc_column][\/vc_row][\/vc_section][vc_section][vc_row gap=&#8221;20&#8243; overflow=&#8221;default&#8221;][vc_column width=&#8221;1\/3&#8243; overflow=&#8221;default&#8221;][vc_row_inner overflow=&#8221;default&#8221; el_class=&#8221;card-galeria-bibank&#8221; css=&#8221;.vc_custom_1742925864677{padding-top: 16px !important;padding-right: 16px !important;padding-bottom: 16px !important;padding-left: 16px !important;}&#8221;][vc_column_inner]<div class=\"bi-icons-widget  biw-d1055f2c6664  \" style=\"text-align:left; display:flex; flex-direction:column; align-items:flex-start; justify-content:flex-start; width:100%;\"><div class=\"bi-icons-w-icon_container \" style=\"line-height: normal;\"><span class=\"bi-icons bi-icons-celular-banco  biw-icon-d1055f2c6664 \"><\/span><\/div><div class=\"bi-icons-w-container_text\"><\/div><\/div>\r\n            \r\n            <div class=\"sh-empty-space vc_empty_space sh-empty-space-LOU01NmBgV  \" style=\"height: 8px\">\r\n                <span class=\"vc_empty_space_inner\"><\/span>\r\n            <\/div>\r\n\r\n        [vc_custom_heading text=&#8221;Bi en L\u00ednea&#8221; css=&#8221;&#8221; el_class=&#8221;h-decoration-unset txc-experto&#8221;]\r\n            \r\n            <div class=\"sh-empty-space vc_empty_space sh-empty-space-voEP5bFAHu  \" style=\"height: 8px\">\r\n                <span class=\"vc_empty_space_inner\"><\/span>\r\n            <\/div>\r\n\r\n        [vc_column_text css=&#8221;.vc_custom_1742940810154{margin-bottom: 0px !important;}&#8221;]Realiza todas tus operaciones bancarias en l\u00ednea, a trav\u00e9s de internet utilizando una computadora, tablet o smartphone.<\/p>\n<p>Para clientes individuales y empresariales.[\/vc_column_text]\r\n            \r\n            <div class=\"sh-empty-space vc_empty_space sh-empty-space-MAY6aJ2itm  \" style=\"height: 40px\">\r\n                <span class=\"vc_empty_space_inner\"><\/span>\r\n            <\/div>\r\n\r\n        [vc_raw_html css=&#8221;.vc_custom_1742940854483{margin-bottom: 0px !important;}&#8221;]JTNDZGl2JTIwY2xhc3MlM0QlMjJ0ZXh0LWJ1dHRvbi1jYXJkcyUyMiUzRSUwQSUwOSUzQ2ElMjBocmVmJTNEJTIyaHR0cHMlM0ElMkYlMkZ3d3cuY29ycG9yYWNpb25iaS5jb20lMkZwYSUyRmJpYmFuayUyRmJpLWVuLWxpbmVhJTJGJTIyJTNFJTBBJTA5JTA5JTNDc3Ryb25nJTNFVmVyJTIwbSVDMyVBMXMlM0MlMkZzdHJvbmclM0UlMEElMDklMDklM0NpJTIwY2xhc3MlM0QlMjJiaS1pY29ucyUyMGJpLWljb25zLWluZGljYWNpb25mbGVjaGEtZGVyZWNoYSUyMGljb25vJTIwaWNvbi1idXR0b24tY2FyZHMlMjIlMjBzdHlsZSUzRCUyMCUyMmZvbnQtc2l6ZSUzQSUyMDNyZW0lMjIlM0IlM0UlM0MlMkZpJTNFJTBBJTA5JTNDJTJGYSUzRSUwQSUzQyUyRmRpdiUzRQ==[\/vc_raw_html][\/vc_column_inner][\/vc_row_inner][\/vc_column][vc_column width=&#8221;1\/3&#8243; overflow=&#8221;default&#8221;][vc_row_inner overflow=&#8221;default&#8221; el_class=&#8221;card-galeria-bibank&#8221; css=&#8221;.vc_custom_1742925864677{padding-top: 16px !important;padding-right: 16px !important;padding-bottom: 16px !important;padding-left: 16px !important;}&#8221;][vc_column_inner]<div class=\"bi-icons-widget  biw-81a2f33418c8  \" style=\"text-align:left; display:flex; flex-direction:column; align-items:flex-start; justify-content:flex-start; width:100%;\"><div class=\"bi-icons-w-icon_container \" style=\"line-height: normal;\"><span class=\"bi-icons bi-icons-internacional  biw-icon-81a2f33418c8 \"><\/span><\/div><div class=\"bi-icons-w-container_text\"><\/div><\/div>\r\n            \r\n            <div class=\"sh-empty-space vc_empty_space sh-empty-space-vfy6sFUoCa  \" style=\"height: 8px\">\r\n                <span class=\"vc_empty_space_inner\"><\/span>\r\n            <\/div>\r\n\r\n        [vc_custom_heading text=&#8221;Conexi\u00f3n Regional&#8221; css=&#8221;&#8221; el_class=&#8221;h-decoration-unset txc-experto&#8221;]\r\n            \r\n            <div class=\"sh-empty-space vc_empty_space sh-empty-space-5hQDT4gFEw  \" style=\"height: 8px\">\r\n                <span class=\"vc_empty_space_inner\"><\/span>\r\n            <\/div>\r\n\r\n        [vc_column_text css=&#8221;.vc_custom_1742940894832{margin-bottom: 0px !important;}&#8221;]Plataforma Electr\u00f3nica que pone a disposici\u00f3n de sus clientes un canal en donde se pueden consolidar las cuentas de cuatro pa\u00edses y realizar operaciones financieras de sus cuentas.[\/vc_column_text]\r\n            \r\n            <div class=\"sh-empty-space vc_empty_space sh-empty-space-QY28PLrk1Z  \" style=\"height: 24px\">\r\n                <span class=\"vc_empty_space_inner\"><\/span>\r\n            <\/div>\r\n\r\n        [vc_raw_html css=&#8221;.vc_custom_1742940929884{margin-bottom: 0px !important;}&#8221;]JTNDZGl2JTIwY2xhc3MlM0QlMjJ0ZXh0LWJ1dHRvbi1jYXJkcyUyMiUzRSUwQSUwOSUzQ2ElMjBocmVmJTNEJTIyaHR0cHMlM0ElMkYlMkZ3d3cuY29ycG9yYWNpb25iaS5jb20lMkZndCUyRmJhbmNvaW5kdXN0cmlhbCUyRmJhbmNhLWVuLWxpbmVhLWVtcHJlc2FyaWFsJTJGY29uZXhpb24tcmVnaW9uYWwlMkYlMjIlM0UlMEElMDklMDklM0NzdHJvbmclM0VWZXIlMjBtJUMzJUExcyUzQyUyRnN0cm9uZyUzRSUwQSUwOSUwOSUzQ2klMjBjbGFzcyUzRCUyMmJpLWljb25zJTIwYmktaWNvbnMtaW5kaWNhY2lvbmZsZWNoYS1kZXJlY2hhJTIwaWNvbm8lMjBpY29uLWJ1dHRvbi1jYXJkcyUyMiUyMHN0eWxlJTNEJTIwJTIyZm9udC1zaXplJTNBJTIwM3JlbSUyMiUzQiUzRSUzQyUyRmklM0UlMEElMDklM0MlMkZhJTNFJTBBJTNDJTJGZGl2JTNF[\/vc_raw_html][\/vc_column_inner][\/vc_row_inner][\/vc_column][vc_column width=&#8221;1\/3&#8243; overflow=&#8221;default&#8221;][vc_row_inner overflow=&#8221;default&#8221; el_class=&#8221;card-galeria-bibank&#8221; css=&#8221;.vc_custom_1742925864677{padding-top: 16px !important;padding-right: 16px !important;padding-bottom: 16px !important;padding-left: 16px !important;}&#8221;][vc_column_inner]<div class=\"bi-icons-widget  biw-c74ff5c4ed39  \" style=\"text-align:left; display:flex; flex-direction:column; align-items:flex-start; justify-content:flex-start; width:100%;\"><div class=\"bi-icons-w-icon_container \" style=\"line-height: normal;\"><span class=\"bi-icons bi-icons-celular-token  biw-icon-c74ff5c4ed39 \"><\/span><\/div><div class=\"bi-icons-w-container_text\"><\/div><\/div>\r\n            \r\n            <div class=\"sh-empty-space vc_empty_space sh-empty-space-is85W1naZq  \" style=\"height: 8px\">\r\n                <span class=\"vc_empty_space_inner\"><\/span>\r\n            <\/div>\r\n\r\n        [vc_custom_heading text=&#8221;Bi M\u00f3vil&#8221; css=&#8221;&#8221; el_class=&#8221;h-decoration-unset txc-experto&#8221;]\r\n            \r\n            <div class=\"sh-empty-space vc_empty_space sh-empty-space-LXAVvQpW4I  \" style=\"height: 8px\">\r\n                <span class=\"vc_empty_space_inner\"><\/span>\r\n            <\/div>\r\n\r\n        [vc_column_text css=&#8221;.vc_custom_1742940968698{margin-bottom: 0px !important;}&#8221;]Recibe en todo momento mensajes de alerta en tu celular que informan de los consumos, retiros, dep\u00f3sitos y transferencias.[\/vc_column_text]\r\n            \r\n            <div class=\"sh-empty-space vc_empty_space sh-empty-space-I1To6CVd9i  \" style=\"height: 74px\">\r\n                <span class=\"vc_empty_space_inner\"><\/span>\r\n            <\/div>\r\n\r\n        [vc_raw_html css=&#8221;.vc_custom_1742940986273{margin-bottom: 0px !important;}&#8221;]JTNDZGl2JTIwY2xhc3MlM0QlMjJ0ZXh0LWJ1dHRvbi1jYXJkcyUyMiUzRSUwQSUwOSUzQ2ElMjBocmVmJTNEJTIyaHR0cHMlM0ElMkYlMkZ3d3cuY29ycG9yYWNpb25iaS5jb20lMkZwYSUyRmJpYmFuayUyRmJpLW1vdmlsJTJGJTIyJTNFJTBBJTA5JTA5JTNDc3Ryb25nJTNFVmVyJTIwbSVDMyVBMXMlM0MlMkZzdHJvbmclM0UlMEElMDklMDklM0NpJTIwY2xhc3MlM0QlMjJiaS1pY29ucyUyMGJpLWljb25zLWluZGljYWNpb25mbGVjaGEtZGVyZWNoYSUyMGljb25vJTIwaWNvbi1idXR0b24tY2FyZHMlMjIlMjBzdHlsZSUzRCUyMCUyMmZvbnQtc2l6ZSUzQSUyMDNyZW0lMjIlM0IlM0UlM0MlMkZpJTNFJTBBJTA5JTNDJTJGYSUzRSUwQSUzQyUyRmRpdiUzRQ==[\/vc_raw_html][\/vc_column_inner][\/vc_row_inner][\/vc_column][\/vc_row][\/vc_section][vc_row][vc_column]\r\n            \r\n            <div class=\"sh-empty-space vc_empty_space sh-empty-space-48NBtzxlo0  \" style=\"height: 32px\">\r\n                <span class=\"vc_empty_space_inner\"><\/span>\r\n            <\/div>\r\n\r\n        [\/vc_column][\/vc_row]<\/p>\n<\/div>","protected":false},"excerpt":{"rendered":"<p>[vc_section][vc_row disable_element=&#8221;yes&#8221; overflow=&#8221;default&#8221; css=&#8221;.vc_custom_1742941083398{margin-top: 15px !important;margin-bottom: 15px !important;}&#8221;][vc_column width=&#8221;1\/2&#8243;][vc_row_inner][vc_column_inner][vc_single_image image=&#8221;5407&#8243; img_size=&#8221;full&#8221; css=&#8221;&#8221;][\/vc_column_inner][\/vc_row_inner][\/vc_column][vc_column width=&#8221;1\/2&#8243;][vc_row_inner overflow=&#8221;default&#8221;][vc_column_inner][\/vc_column_inner][\/vc_row_inner][vc_column_text css=&#8221;.vc_custom_1659101559327{padding-top: 20px !important;padding-bottom: 20px !important;}&#8221;] Realiza todas tus operaciones bancarias en l\u00ednea, a trav\u00e9s de internet utilizando una computadora, tablet o smartphone. Para clientes individuales y empresariales. [\/vc_column_text][vc_btn title=&#8221;Conoce m\u00e1s&#8221; style=&#8221;classic&#8221;&#8230;<\/p>\n","protected":false},"author":4,"featured_media":0,"parent":0,"menu_order":0,"comment_status":"closed","ping_status":"closed","template":"","meta":{"footnotes":""},"wf_page_folders":[26],"class_list":["post-1578","page","type-page","status-publish","hentry"],"_links":{"self":[{"href":"https:\/\/www.corporacionbi.com\/pa\/bibank\/wp-json\/wp\/v2\/pages\/1578","targetHints":{"allow":["GET"]}}],"collection":[{"href":"https:\/\/www.corporacionbi.com\/pa\/bibank\/wp-json\/wp\/v2\/pages"}],"about":[{"href":"https:\/\/www.corporacionbi.com\/pa\/bibank\/wp-json\/wp\/v2\/types\/page"}],"author":[{"embeddable":true,"href":"https:\/\/www.corporacionbi.com\/pa\/bibank\/wp-json\/wp\/v2\/users\/4"}],"replies":[{"embeddable":true,"href":"https:\/\/www.corporacionbi.com\/pa\/bibank\/wp-json\/wp\/v2\/comments?post=1578"}],"version-history":[{"count":35,"href":"https:\/\/www.corporacionbi.com\/pa\/bibank\/wp-json\/wp\/v2\/pages\/1578\/revisions"}],"predecessor-version":[{"id":5808,"href":"https:\/\/www.corporacionbi.com\/pa\/bibank\/wp-json\/wp\/v2\/pages\/1578\/revisions\/5808"}],"wp:attachment":[{"href":"https:\/\/www.corporacionbi.com\/pa\/bibank\/wp-json\/wp\/v2\/media?parent=1578"}],"wp:term":[{"taxonomy":"wf_page_folders","embeddable":true,"href":"https:\/\/www.corporacionbi.com\/pa\/bibank\/wp-json\/wp\/v2\/wf_page_folders?post=1578"}],"curies":[{"name":"wp","href":"https:\/\/api.w.org\/{rel}","templated":true}]}}