{"id":1557,"date":"2022-07-29T12:17:55","date_gmt":"2022-07-29T12:17:55","guid":{"rendered":"https:\/\/www.corporacionbi.com\/pa\/bibank\/?page_id=1557"},"modified":"2024-02-14T16:39:00","modified_gmt":"2024-02-14T22:39:00","slug":"bi-movil","status":"publish","type":"page","link":"https:\/\/www.corporacionbi.com\/pa\/bibank\/bi-movil\/","title":{"rendered":"Bi M\u00f3vil"},"content":{"rendered":"<div class=\"wpb-content-wrapper\"><p>[vc_section][vc_row][vc_column]\n\t\t\t\t<p class=\"rs-p-wp-fix\"><\/p>\n\t\t\t\t<sr7-module data-alias=\"tips-de-seguridad-11\" data-id=\"69\" id=\"SR7_69_1\" class=\"rs-ov-hidden\" data-version=\"6.7.54\">\n\t\t\t\t\t<sr7-adjuster><\/sr7-adjuster>\n\t\t\t\t\t<sr7-content>\n\t\t\t\t\t\t<sr7-slide id=\"SR7_69_1-41\" data-key=\"41\">\n\t\t\t\t\t\t\t<h1 id=\"SR7_69_1-41-3\" class=\"sr7-layer\"><b>Bi M\u00f3vil<\/b><\/h1>\n\t\t\t\t\t\t<\/sr7-slide>\n\t\t\t\t\t\t<sr7-slide id=\"SR7_69_1-142\" data-key=\"142\">\n\t\t\t\t\t\t<\/sr7-slide>\n\t\t\t\t\t<\/sr7-content>\n\t\t\t\t<\/sr7-module>\n\t\t\t\t<script>\n\t\t\t\t\twindow.SR7 ??={};SR7.PMH ??={}; SR7.PMH[\"SR7_69_1\"] = {cn:100,state:false,fn: function() { if (window._tpt!==undefined && window._tpt.prepareModuleHeight !== undefined) {  _tpt.prepareModuleHeight({id:\"SR7_69_1\",el:[600,600,350,400,350],type:'standard',shdw:'0',gh:[600,600,350,400,350],gw:[1920,1920,1024,778,480],vpt:['-200px&#039;,&#039;-200px&#039;,&#039;-200px&#039;,&#039;-200px&#039;,&#039;-200px'],size:{fullWidth:true, fullHeight:false},mh:'0',onh:0,onw:0,bg:{color:'{\"orig\":\"transparent\",\"type\":\"solid\",\"string\":\"transparent\"}'}});   SR7.PMH[\"SR7_69_1\"].state=true;} else if(SR7.PMH[\"SR7_69_1\"].cn-->0)\tsetTimeout( SR7.PMH[\"SR7_69_1\"].fn,19);}};SR7.PMH[\"SR7_69_1\" ].fn();\n\t\t\t\t<\/script>\n[\/vc_column][\/vc_row][vc_row][vc_column][vc_empty_space height=&#8221;40&#8243;][vc_column_text]Con Bi M\u00f3vil tus cuentas est\u00e1n m\u00e1s seguras, ya que recibes en todo momento mensajes de alerta en tu celular que informan de los consumos, retiros, dep\u00f3sitos y transferencias, d\u00e1ndote total control y mayor tranquilidad de tus movimientos.[\/vc_column_text]\r\n<div class=\"sh-heading  \" id=\"heading-LOVS26NIjf\">\r\n\t<div class=\"sh-element-margin\">\r\n\r\n\t\t\r\n\t\t\t<h2 class=\"sh-heading-content size-default text-left\">\r\n\t\t\t\tN\u00famero de Bi m\u00f3vil: 24240\t\t\t<\/h2>\r\n\r\n\t\t\r\n\t<\/div>\r\n<\/div>\r\n            <style type=\"text\/css\">\r\n                #heading-LOVS26NIjf .sh-element-margin {}#heading-LOVS26NIjf .sh-heading-content {font-weight: 700!important;color: #003865;}#heading-LOVS26NIjf .sh-heading-content,#heading-LOVS26NIjf .sh-heading-additional-text {}            <\/style>\r\n        [\/vc_column][\/vc_row][vc_row overflow=&#8221;default&#8221; css=&#8221;.vc_custom_1655936034015{margin-top: 50px !important;margin-bottom: 50px !important;}&#8221;][vc_column]\r\n<div id=\"tabs-Zo2FNSbvCM\" class=\"sh-tabs sh-tabs-style1\">\r\n\t<!-- Tabs -->\r\n\t<ul class=\"nav nav-tabs sh-tabs-filter sh-noselect\" role=\"tablist\">\r\n\t\t\t\t\t\t\t\t\t<li role=\"presentation\" class=\" active\">\r\n\t\t\t\t\t<a href=\"#tab-Zo2FNSbvCM-1\" role=\"tab\" data-toggle=\"tab\">\r\n\t\t\t\t\t\t\r\n\t\t\t\t\t\tBeneficios y Servicios\r\n\t\t\t\t\t\t\t\t\t\t\t<\/a>\r\n\t\t\t\t<\/li>\r\n\t\t\t\t\t\t<\/ul>\r\n\r\n\t<!-- Content -->\r\n\t<div class=\"tab-content\">\r\n\t\t\t\t\t\t\t\t\t<div role=\"tabpanel\" class=\"tab-pane fade in active\" id=\"tab-Zo2FNSbvCM-1\">\r\n\t\t\t\t\t<ul>\n<li style=line-height:2.5em>Disponibilidad de 24 horas del d\u00eda, los 365 d\u00edas del a\u00f1o <\/li>\n<li style=line-height:2.5em>Recepci\u00f3n de mensajes de forma inmediata\n<\/li>\n<li style=line-height:2.5em>Alertas de consumos y retiros con tarjeta de debito<\/li>\n<li style=line-height:2.5em>Notificaciones de dep\u00f3sitos y cobro en cuenta\n<\/li>\t\t\t\t<\/div>\r\n\t\t\t\t\t\t<\/div>\r\n<\/div>\r\n            <style type=\"text\/css\">\r\n                #tabs-Zo2FNSbvCM .sh-tabs-filter li:not(.active) a,#tabs-Zo2FNSbvCM .tab-pane {color: #003865!important;}#tabs-Zo2FNSbvCM .sh-tabs-filter li.active a,#tabs-Zo2FNSbvCM .sh-tabs-filter li:hover a {color: #003865!important;}#tabs-Zo2FNSbvCM .sh-tabs-filter li.active a {border-bottom-color: #003865!important;}#tabs-Zo2FNSbvCM .sh-tabs-filter li a:after {background-color: #ffb81c!important;}            <\/style>\r\n        [\/vc_column][\/vc_row][\/vc_section]<\/p>\n<\/div>","protected":false},"excerpt":{"rendered":"<p>[vc_section][vc_row][vc_column][\/vc_column][\/vc_row][vc_row][vc_column][vc_empty_space height=&#8221;40&#8243;][vc_column_text]Con Bi M\u00f3vil tus cuentas est\u00e1n m\u00e1s seguras, ya que recibes en todo momento mensajes de alerta en tu celular que informan de los consumos, retiros, dep\u00f3sitos y transferencias, d\u00e1ndote total control y mayor tranquilidad de tus movimientos.[\/vc_column_text][\/vc_column][\/vc_row][vc_row overflow=&#8221;default&#8221; css=&#8221;.vc_custom_1655936034015{margin-top: 50px !important;margin-bottom: 50px !important;}&#8221;][vc_column][\/vc_column][\/vc_row][\/vc_section]<\/p>\n","protected":false},"author":4,"featured_media":0,"parent":0,"menu_order":0,"comment_status":"closed","ping_status":"closed","template":"","meta":{"footnotes":""},"wf_page_folders":[26],"class_list":["post-1557","page","type-page","status-publish","hentry"],"_links":{"self":[{"href":"https:\/\/www.corporacionbi.com\/pa\/bibank\/wp-json\/wp\/v2\/pages\/1557","targetHints":{"allow":["GET"]}}],"collection":[{"href":"https:\/\/www.corporacionbi.com\/pa\/bibank\/wp-json\/wp\/v2\/pages"}],"about":[{"href":"https:\/\/www.corporacionbi.com\/pa\/bibank\/wp-json\/wp\/v2\/types\/page"}],"author":[{"embeddable":true,"href":"https:\/\/www.corporacionbi.com\/pa\/bibank\/wp-json\/wp\/v2\/users\/4"}],"replies":[{"embeddable":true,"href":"https:\/\/www.corporacionbi.com\/pa\/bibank\/wp-json\/wp\/v2\/comments?post=1557"}],"version-history":[{"count":8,"href":"https:\/\/www.corporacionbi.com\/pa\/bibank\/wp-json\/wp\/v2\/pages\/1557\/revisions"}],"predecessor-version":[{"id":3845,"href":"https:\/\/www.corporacionbi.com\/pa\/bibank\/wp-json\/wp\/v2\/pages\/1557\/revisions\/3845"}],"wp:attachment":[{"href":"https:\/\/www.corporacionbi.com\/pa\/bibank\/wp-json\/wp\/v2\/media?parent=1557"}],"wp:term":[{"taxonomy":"wf_page_folders","embeddable":true,"href":"https:\/\/www.corporacionbi.com\/pa\/bibank\/wp-json\/wp\/v2\/wf_page_folders?post=1557"}],"curies":[{"name":"wp","href":"https:\/\/api.w.org\/{rel}","templated":true}]}}