{"id":1383,"date":"2022-07-14T16:25:37","date_gmt":"2022-07-14T16:25:37","guid":{"rendered":"https:\/\/www.corporacionbi.com\/pa\/bibank\/?page_id=1383"},"modified":"2024-03-20T12:57:09","modified_gmt":"2024-03-20T18:57:09","slug":"gestion-de-riesgo-operacional","status":"publish","type":"page","link":"https:\/\/www.corporacionbi.com\/pa\/bibank\/gestion-de-riesgo-operacional\/","title":{"rendered":"Gesti\u00f3n de Riesgo Operacional"},"content":{"rendered":"<div class=\"wpb-content-wrapper\"><p>[vc_row][vc_column]\n\t\t\t\t<p class=\"rs-p-wp-fix\"><\/p>\n\t\t\t\t<sr7-module data-alias=\"trabaja-con-nosotros-1\" data-id=\"26\" id=\"SR7_26_1\" class=\"rs-ov-hidden\" data-version=\"6.7.54\">\n\t\t\t\t\t<sr7-adjuster><\/sr7-adjuster>\n\t\t\t\t\t<sr7-content>\n\t\t\t\t\t\t<sr7-slide id=\"SR7_26_1-15\" data-key=\"15\">\n\t\t\t\t\t\t\t<h1 id=\"SR7_26_1-15-3\" class=\"sr7-layer\"><b>Gesti\u00f3n de Riesgo<\/b><br \/>\nOperacional<\/h1>\n\t\t\t\t\t\t<\/sr7-slide>\n\t\t\t\t\t\t<sr7-slide id=\"SR7_26_1-116\" data-key=\"116\">\n\t\t\t\t\t\t<\/sr7-slide>\n\t\t\t\t\t<\/sr7-content>\n\t\t\t\t<\/sr7-module>\n\t\t\t\t<script>\n\t\t\t\t\twindow.SR7 ??={};SR7.PMH ??={}; SR7.PMH[\"SR7_26_1\"] = {cn:100,state:false,fn: function() { if (window._tpt!==undefined && window._tpt.prepareModuleHeight !== undefined) {  _tpt.prepareModuleHeight({id:\"SR7_26_1\",el:[600,600,350,400,350],type:'standard',shdw:'0',gh:[600,600,350,400,350],gw:[1920,1920,1024,778,480],vpt:['-200px&#039;,&#039;-200px&#039;,&#039;-200px&#039;,&#039;-200px&#039;,&#039;-200px'],size:{fullWidth:true, fullHeight:false},mh:'0',onh:0,onw:0,bg:{color:'{\"orig\":\"transparent\",\"type\":\"solid\",\"string\":\"transparent\"}'}});   SR7.PMH[\"SR7_26_1\"].state=true;} else if(SR7.PMH[\"SR7_26_1\"].cn-->0)\tsetTimeout( SR7.PMH[\"SR7_26_1\"].fn,19);}};SR7.PMH[\"SR7_26_1\" ].fn();\n\t\t\t\t<\/script>\n[\/vc_column][\/vc_row][vc_row overflow=&#8221;default&#8221; css=&#8221;.vc_custom_1655444763634{margin-top: 30px !important;}&#8221;][vc_column]\r\n            \r\n            <div class=\"sh-empty-space vc_empty_space sh-empty-space-TvXM2Um9Bk  \" style=\"height: 32px\">\r\n                <span class=\"vc_empty_space_inner\"><\/span>\r\n            <\/div>\r\n\r\n        \r\n<div class=\"sh-heading  \" id=\"heading-XMUnSgFjY2\">\r\n\t<div class=\"sh-element-margin\">\r\n\r\n\t\t\r\n\t\t\t<h1 class=\"sh-heading-content size-default text-center\">\r\n\t\t\t\tGesti\u00f3n de Riesgo Operativo\t\t\t<\/h1>\r\n\r\n\t\t\r\n\t<\/div>\r\n<\/div>\r\n            <style type=\"text\/css\">\r\n                #heading-XMUnSgFjY2 .sh-element-margin {}#heading-XMUnSgFjY2 .sh-heading-content {font-weight: 700!important;color: #003865;}#heading-XMUnSgFjY2 .sh-heading-content,#heading-XMUnSgFjY2 .sh-heading-additional-text {}            <\/style>\r\n        \r\n            \r\n            <div class=\"sh-empty-space vc_empty_space sh-empty-space-h1yVEKkY2m  \" style=\"height: 32px\">\r\n                <span class=\"vc_empty_space_inner\"><\/span>\r\n            <\/div>\r\n\r\n        [vc_column_text]<\/p>\n<p style=\"text-align: justify;\">\nEn BI-Bank, hemos defino la gesti\u00f3n del riesgo operativo fundamentalmente en el desarrollo de las operaciones de la entidad para salvaguardar, las actividades que puedan generar una exposici\u00f3n a p\u00e9rdidas y cuyas ocurrencias pueden transcender m\u00e1s all\u00e1 de los informes financiero del Banco; es por ello, que se cuentan con pol\u00edticas, procedimientos, manuales y l\u00edmites de exposici\u00f3n que respaldan la gesti\u00f3n de los mismos. Conscientes de lo antes expuesto, fortalecemos la cultura de riesgo y su enfoque se apoya en dos fases para gestionar el riesgo, uno cualitativo y otro cuantitativo. As\u00ed mismo, se cuenta con una estructura organizacional que permite dar seguimiento permanente y frecuente a los riesgos.<\/p>\n<p style=\"text-align: justify;\">\nEsta metodolog\u00eda incluye la participaci\u00f3n de todas las \u00e1reas del banco a trav\u00e9s de los coordinadores de riesgo que participan activamente en la gesti\u00f3n de identificaci\u00f3n, cuantificaci\u00f3n, control de los riesgos, quienes se apoyan con el asesoramiento de la Gerencia de Riesgo No Financiero asegurando la adecuada gesti\u00f3n del riesgo operativo dentro del banco.<\/p>\n<p style=\"text-align: justify;\">\nBiBank, conforme lo establece la regulaci\u00f3n paname\u00f1a y las disposiciones de Basilea, describe el riesgo operativo como la probabilidad de incurrir en p\u00e9rdida por deficiencias, fallas o inadecuaciones del recurso humano, de los procesos, de la tecnolog\u00eda, de la infraestructura o por la ocurrencia de acontecimientos externos. Esta definici\u00f3n incluye el riesgo legal asociado a tales factores; pero excluye las p\u00e9rdidas por lucro cesante, el riesgo reputacional y el riesgo estrat\u00e9gico.[\/vc_column_text][\/vc_column][\/vc_row][vc_row overflow=&#8221;default&#8221; css=&#8221;.vc_custom_1655444763634{margin-top: 30px !important;}&#8221;][vc_column]\r\n            \r\n            <div class=\"sh-empty-space vc_empty_space sh-empty-space-cz84EXySPv  \" style=\"height: 32px\">\r\n                <span class=\"vc_empty_space_inner\"><\/span>\r\n            <\/div>\r\n\r\n        \r\n<div class=\"sh-heading  \" id=\"heading-D6lFyaxXiC\">\r\n\t<div class=\"sh-element-margin\">\r\n\r\n\t\t\r\n\t\t\t<h1 class=\"sh-heading-content size-default text-center\">\r\n\t\t\t\tObjetivos generales\t\t\t<\/h1>\r\n\r\n\t\t\r\n\t<\/div>\r\n<\/div>\r\n            <style type=\"text\/css\">\r\n                #heading-D6lFyaxXiC .sh-element-margin {}#heading-D6lFyaxXiC .sh-heading-content {font-weight: 700!important;color: #003865;}#heading-D6lFyaxXiC .sh-heading-content,#heading-D6lFyaxXiC .sh-heading-additional-text {}            <\/style>\r\n        \r\n            \r\n            <div class=\"sh-empty-space vc_empty_space sh-empty-space-B1xt0k3gHI  \" style=\"height: 32px\">\r\n                <span class=\"vc_empty_space_inner\"><\/span>\r\n            <\/div>\r\n\r\n        [\/vc_column][\/vc_row][vc_row][vc_column][vc_column_text css=&#8221;.vc_custom_1710952187553{margin-left: -25px !important;}&#8221;]<\/p>\n<ul>\n<li style=\"font-family: AndesNeue-Book !important; font-size: 17px !important; color: #606060; line-height: 1.5; font-weight: 400; text-align: justify;\">Mejora continua en los procesos y controles.<\/li>\n<li style=\"font-family: AndesNeue-Book !important; font-size: 17px !important; color: #606060; line-height: 1.5; font-weight: 400; text-align: justify;\">Asegurar el cumplimiento de las normas y regulaciones.<\/li>\n<li style=\"font-family: AndesNeue-Book !important; font-size: 17px !important; color: #606060; line-height: 1.5; font-weight: 400; text-align: justify;\">Promover la cultura de gesti\u00f3n del riesgo operativo que permita incrementar el entendimiento, conciencia y acci\u00f3n de las personas para robustecer promoci\u00f3n de la eficiencia y las actividades de control.<\/li>\n<li style=\"font-family: AndesNeue-Book !important; font-size: 17px !important; color: #606060; line-height: 1.5; font-weight: 400; text-align: justify;\">Identificar el riesgo operativo inherente a todas las actividades, productos y procesos con el fin de mitigar la exposici\u00f3n a la materializaci\u00f3n de dichos riesgos.<\/li>\n<li style=\"font-family: AndesNeue-Book !important; font-size: 17px !important; color: #606060; line-height: 1.5; font-weight: 400; text-align: justify;\">Mantener la actualizaci\u00f3n constante en materia de riesgo operativo de forma objetiva y coherente de acuerdo a la regulaci\u00f3n.<\/li>\n<\/ul>\n<p>[\/vc_column_text]\r\n            \r\n            <div class=\"sh-empty-space vc_empty_space sh-empty-space-LdNm2GnPrR  \" style=\"height: 50px\">\r\n                <span class=\"vc_empty_space_inner\"><\/span>\r\n            <\/div>\r\n\r\n        [\/vc_column][\/vc_row]<\/p>\n<\/div>","protected":false},"excerpt":{"rendered":"<p>[vc_row][vc_column][\/vc_column][\/vc_row][vc_row overflow=&#8221;default&#8221; css=&#8221;.vc_custom_1655444763634{margin-top: 30px !important;}&#8221;][vc_column][vc_column_text] En BI-Bank, hemos defino la gesti\u00f3n del riesgo operativo fundamentalmente en el desarrollo de las operaciones de la entidad para salvaguardar, las actividades que puedan generar una exposici\u00f3n a p\u00e9rdidas y cuyas ocurrencias pueden transcender m\u00e1s all\u00e1 de los informes&#8230;<\/p>\n","protected":false},"author":4,"featured_media":0,"parent":0,"menu_order":0,"comment_status":"closed","ping_status":"closed","template":"","meta":{"footnotes":""},"wf_page_folders":[21],"class_list":["post-1383","page","type-page","status-publish","hentry"],"_links":{"self":[{"href":"https:\/\/www.corporacionbi.com\/pa\/bibank\/wp-json\/wp\/v2\/pages\/1383","targetHints":{"allow":["GET"]}}],"collection":[{"href":"https:\/\/www.corporacionbi.com\/pa\/bibank\/wp-json\/wp\/v2\/pages"}],"about":[{"href":"https:\/\/www.corporacionbi.com\/pa\/bibank\/wp-json\/wp\/v2\/types\/page"}],"author":[{"embeddable":true,"href":"https:\/\/www.corporacionbi.com\/pa\/bibank\/wp-json\/wp\/v2\/users\/4"}],"replies":[{"embeddable":true,"href":"https:\/\/www.corporacionbi.com\/pa\/bibank\/wp-json\/wp\/v2\/comments?post=1383"}],"version-history":[{"count":15,"href":"https:\/\/www.corporacionbi.com\/pa\/bibank\/wp-json\/wp\/v2\/pages\/1383\/revisions"}],"predecessor-version":[{"id":4354,"href":"https:\/\/www.corporacionbi.com\/pa\/bibank\/wp-json\/wp\/v2\/pages\/1383\/revisions\/4354"}],"wp:attachment":[{"href":"https:\/\/www.corporacionbi.com\/pa\/bibank\/wp-json\/wp\/v2\/media?parent=1383"}],"wp:term":[{"taxonomy":"wf_page_folders","embeddable":true,"href":"https:\/\/www.corporacionbi.com\/pa\/bibank\/wp-json\/wp\/v2\/wf_page_folders?post=1383"}],"curies":[{"name":"wp","href":"https:\/\/api.w.org\/{rel}","templated":true}]}}