{"id":1354,"date":"2022-07-14T15:42:50","date_gmt":"2022-07-14T15:42:50","guid":{"rendered":"https:\/\/www.corporacionbi.com\/pa\/bibank\/?page_id=1354"},"modified":"2026-04-06T10:53:17","modified_gmt":"2026-04-06T16:53:17","slug":"calificaciones-de-riesgo","status":"publish","type":"page","link":"https:\/\/www.corporacionbi.com\/pa\/bibank\/calificaciones-de-riesgo\/","title":{"rendered":"Calificaciones de Riesgo"},"content":{"rendered":"<div class=\"wpb-content-wrapper\"><p>[vc_section][vc_row][vc_column]\n\t\t\t\t<p class=\"rs-p-wp-fix\"><\/p>\n\t\t\t\t<sr7-module data-alias=\"calificaciones-y-riesgos-banner\" data-id=\"134\" id=\"SR7_134_1\" class=\"rs-ov-hidden\" data-version=\"6.7.54\">\n\t\t\t\t\t<sr7-adjuster><\/sr7-adjuster>\n\t\t\t\t\t<sr7-content>\n\t\t\t\t\t\t<sr7-slide id=\"SR7_134_1-246\" data-key=\"246\">\n\t\t\t\t\t\t\t<sr7-txt id=\"SR7_134_1-246-1\" class=\"sr7-layer\">Las calificadoras de riesgo<br \/>\n reafirman <strong>nuestra estabilidad y solidez<\/strong><\/sr7-txt>\n\t\t\t\t\t\t\t<sr7-txt id=\"SR7_134_1-246-6\" class=\"sr7-layer\"><strong>AA-.pa<\/strong><\/sr7-txt>\n\t\t\t\t\t\t\t<sr7-txt id=\"SR7_134_1-246-7\" class=\"sr7-layer\">Perspectiva Estable<\/sr7-txt>\n\t\t\t\t\t\t\t<sr7-txt id=\"SR7_134_1-246-8\" class=\"sr7-layer\"><strong>Informe de fecha 15 de mayo 2025<\/sr7-txt>\n\t\t\t\t\t\t\t<sr7-txt id=\"SR7_134_1-246-10\" class=\"sr7-layer\"><strong>Calificaci\u00f3n Local<\/strong><\/sr7-txt>\n\t\t\t\t\t\t\t<sr7-txt id=\"SR7_134_1-246-19\" class=\"sr7-layer\"><strong>Calificaci\u00f3n Internacional<\/strong><\/sr7-txt>\n\t\t\t\t\t\t\t<sr7-txt id=\"SR7_134_1-246-20\" class=\"sr7-layer\"><strong>Calificaci\u00f3n Nacional<\/strong><\/sr7-txt>\n\t\t\t\t\t\t\t<sr7-txt id=\"SR7_134_1-246-24\" class=\"sr7-layer\">Perspectiva Estable<\/sr7-txt>\n\t\t\t\t\t\t\t<sr7-txt id=\"SR7_134_1-246-26\" class=\"sr7-layer\"><strong>BB+<\/strong><\/sr7-txt>\n\t\t\t\t\t\t\t<sr7-txt id=\"SR7_134_1-246-28\" class=\"sr7-layer\"><strong>AA+(pan)<\/strong><\/sr7-txt>\n\t\t\t\t\t\t\t<sr7-txt id=\"SR7_134_1-246-29\" class=\"sr7-layer\">Perspectiva Estable<\/sr7-txt>\n\t\t\t\t\t\t\t<sr7-txt id=\"SR7_134_1-246-30\" class=\"sr7-layer\"><strong>Informe de fecha 26 de marzo 2026<\/sr7-txt>\n\t\t\t\t\t\t\t<sr7-txt id=\"SR7_134_1-246-31\" class=\"sr7-layer\"><strong>Informe de fecha 26 de marzo 2026<\/sr7-txt>\n\t\t\t\t\t\t\t<sr7-txt id=\"SR7_134_1-246-35\" class=\"sr7-layer\">Las calificaciones est\u00e1n basadas en informaci\u00f3n financiera al 31 de diciembre 2025 y constituyen una opini\u00f3n independiente sobre la capacidad de Bi Bank S.A., de administrar riesgos.<\/sr7-txt>\n\t\t\t\t\t\t<\/sr7-slide>\n\t\t\t\t\t\t<sr7-slide id=\"SR7_134_1-247\" data-key=\"247\">\n\t\t\t\t\t\t<\/sr7-slide>\n\t\t\t\t\t<\/sr7-content>\n\t\t\t\t\t<image_lists style=\"display:none\">\n\t\t\t\t\t\t<img data-src=\"\/\/www.corporacionbi.com\/pa\/bibank\/wp-content\/uploads\/2025\/06\/fitchrainting-banner.webp\" data-libid=\"6050\" data-lib=\"medialibrary\" alt=\"fitchrainting-banner\" title=\"fitchrainting-banner\" width=\"0\" height=\"0\" data-dbsrc=\"Ly93d3cuY29ycG9yYWNpb25iaS5jb20vcGEvYmliYW5rL3dwLWNvbnRlbnQvdXBsb2Fkcy8yMDI1LzA2L2ZpdGNocmFpbnRpbmctYmFubmVyLndlYnA=\"\/>\n\t\t\t\t\t\t<img data-src=\"\/\/www.corporacionbi.com\/pa\/bibank\/wp-content\/uploads\/2025\/06\/moodys-local.webp\" data-libid=\"6051\" data-lib=\"medialibrary\" alt=\"moodys-local\" title=\"moodys-local\" width=\"0\" height=\"0\" data-dbsrc=\"Ly93d3cuY29ycG9yYWNpb25iaS5jb20vcGEvYmliYW5rL3dwLWNvbnRlbnQvdXBsb2Fkcy8yMDI1LzA2L21vb2R5cy1sb2NhbC53ZWJw\"\/>\n\t\t\t\t\t\t<img data-src=\"\/\/www.corporacionbi.com\/pa\/bibank\/wp-content\/uploads\/2025\/06\/banner-calificaciones-de-riesgo.webp\" data-libid=\"6049\" data-lib=\"medialibrary\" alt=\"banner-calificaciones-de-riesgo\" title=\"banner-calificaciones-de-riesgo\" width=\"0\" height=\"0\" data-dbsrc=\"Ly93d3cuY29ycG9yYWNpb25iaS5jb20vcGEvYmliYW5rL3dwLWNvbnRlbnQvdXBsb2Fkcy8yMDI1LzA2L2Jhbm5lci1jYWxpZmljYWNpb25lcy1kZS1yaWVzZ28ud2VicA==\"\/>\n\t\t\t\t\t<\/image_lists>\n\t\t\t\t<\/sr7-module>\n\t\t\t\t<script>\n\t\t\t\t\twindow.SR7 ??={};SR7.PMH ??={}; SR7.PMH[\"SR7_134_1\"] = {cn:100,state:false,fn: function() { if (window._tpt!==undefined && window._tpt.prepareModuleHeight !== undefined) {  _tpt.prepareModuleHeight({id:\"SR7_134_1\",el:[720,720,600,600,600],type:'standard',shdw:'0',gh:[720,720,600,600,600],gw:[1240,1240,1024,1024,480],vpt:['-100px&#039;,&#039;-100px&#039;,&#039;-100px&#039;,&#039;-100px&#039;,&#039;-100px'],size:{fullWidth:true, fullHeight:false},mh:'0',onh:0,onw:0,bg:{color:'{\"type\":\"solid\",\"orig\":\"#ffffff\",\"string\":\"rgba(255, 255, 255, 1)\"}'}});   SR7.PMH[\"SR7_134_1\"].state=true;} else if(SR7.PMH[\"SR7_134_1\"].cn-->0)\tsetTimeout( SR7.PMH[\"SR7_134_1\"].fn,19);}};SR7.PMH[\"SR7_134_1\" ].fn();\n\t\t\t\t<\/script>\n[\/vc_column][\/vc_row][vc_row disable_element=&#8221;yes&#8221; overflow=&#8221;default&#8221; css=&#8221;.vc_custom_1749834981372{margin-top: 50px !important;}&#8221;][vc_column][vc_row_inner content_placement=&#8221;middle&#8221; overflow=&#8221;default&#8221;][vc_column_inner width=&#8221;1\/2&#8243;][vc_single_image image=&#8221;1366&#8243; img_size=&#8221;full&#8221; alignment=&#8221;center&#8221;][\/vc_column_inner][vc_column_inner width=&#8221;1\/2&#8243;][vc_column_text css=&#8221;&#8221; el_class=&#8221;link&#8221;]<\/p>\n<h2>FITCH RATINGS ELEVA LA CALIFICACION DE BI BANK<\/h2>\n<p>En cumplimiento a los acuerdos No. 02-2010 y No. 06-2010, emitidos por la Superintendencia de Bancos de Panam\u00e1, publicamos la calificaci\u00f3n de riesgo otorgada por Fitch Ratings el 17 de mayo de 2024. *[\/vc_column_text][\/vc_column_inner][\/vc_row_inner][vc_row_inner overflow=&#8221;default&#8221; el_class=&#8221;bordetabla&#8221;][vc_column_inner]\r\n<div class=\"sh-heading  \" id=\"heading-uvgUm86DCZ\">\r\n\t<div class=\"sh-element-margin\">\r\n\r\n\t\t\r\n\t\t\t<h3 class=\"sh-heading-content size-default text-left\">\r\n\t\t\t\tRep\u00fablica de Panam\u00e1\t\t\t<\/h3>\r\n\r\n\t\t\r\n\t<\/div>\r\n<\/div>\r\n            <style type=\"text\/css\">\r\n                #heading-uvgUm86DCZ .sh-element-margin {}#heading-uvgUm86DCZ .sh-heading-content {font-weight: 700!important;}#heading-uvgUm86DCZ .sh-heading-content,#heading-uvgUm86DCZ .sh-heading-additional-text {}            <\/style>\r\n        [vc_column_text css=&#8221;.vc_custom_1717681651068{margin-top: 20px !important;}&#8221;]<\/p>\n<table style=\"width: 100%;\" border=\"1\">\n<tbody>\n<tr>\n<td style=\"width: 50%;\">CALIFICACION NACIONAL DE LARGO PLAZO<\/td>\n<td style=\"width: 50%;\">CALIFICACION NACIONAL DE LARGO PLAZO AA &#8211; (pan)<br \/>\nPERSPECTIVA ESTABLE<\/td>\n<\/tr>\n<tr>\n<td>CALIFICACION NACIONAL DE CORTO PLAZO<\/td>\n<td>F1+ (pan)<\/td>\n<\/tr>\n<\/tbody>\n<\/table>\n<p>[\/vc_column_text][vc_column_text css=&#8221;&#8221;]<\/p>\n<p style=\"text-align: center;\">*\u00a0Informe emitido por Fitch Ratings de fecha 17 de mayo 2024, preparado con base a las cifras auditadas al 31 de diciembre 2023.<\/p>\n<p>[\/vc_column_text][\/vc_column_inner][\/vc_row_inner][\/vc_column][\/vc_row][\/vc_section]<\/p>\n<\/div>","protected":false},"excerpt":{"rendered":"<p>[vc_section][vc_row][vc_column][\/vc_column][\/vc_row][vc_row disable_element=&#8221;yes&#8221; overflow=&#8221;default&#8221; css=&#8221;.vc_custom_1749834981372{margin-top: 50px !important;}&#8221;][vc_column][vc_row_inner content_placement=&#8221;middle&#8221; overflow=&#8221;default&#8221;][vc_column_inner width=&#8221;1\/2&#8243;][vc_single_image image=&#8221;1366&#8243; img_size=&#8221;full&#8221; alignment=&#8221;center&#8221;][\/vc_column_inner][vc_column_inner width=&#8221;1\/2&#8243;][vc_column_text css=&#8221;&#8221; el_class=&#8221;link&#8221;] FITCH RATINGS ELEVA LA CALIFICACION DE BI BANK En cumplimiento a los acuerdos No. 02-2010 y No. 06-2010, emitidos por la Superintendencia de Bancos de Panam\u00e1, publicamos la calificaci\u00f3n de&#8230;<\/p>\n","protected":false},"author":4,"featured_media":0,"parent":0,"menu_order":0,"comment_status":"closed","ping_status":"closed","template":"","meta":{"footnotes":""},"wf_page_folders":[21],"class_list":["post-1354","page","type-page","status-publish","hentry"],"_links":{"self":[{"href":"https:\/\/www.corporacionbi.com\/pa\/bibank\/wp-json\/wp\/v2\/pages\/1354","targetHints":{"allow":["GET"]}}],"collection":[{"href":"https:\/\/www.corporacionbi.com\/pa\/bibank\/wp-json\/wp\/v2\/pages"}],"about":[{"href":"https:\/\/www.corporacionbi.com\/pa\/bibank\/wp-json\/wp\/v2\/types\/page"}],"author":[{"embeddable":true,"href":"https:\/\/www.corporacionbi.com\/pa\/bibank\/wp-json\/wp\/v2\/users\/4"}],"replies":[{"embeddable":true,"href":"https:\/\/www.corporacionbi.com\/pa\/bibank\/wp-json\/wp\/v2\/comments?post=1354"}],"version-history":[{"count":20,"href":"https:\/\/www.corporacionbi.com\/pa\/bibank\/wp-json\/wp\/v2\/pages\/1354\/revisions"}],"predecessor-version":[{"id":6700,"href":"https:\/\/www.corporacionbi.com\/pa\/bibank\/wp-json\/wp\/v2\/pages\/1354\/revisions\/6700"}],"wp:attachment":[{"href":"https:\/\/www.corporacionbi.com\/pa\/bibank\/wp-json\/wp\/v2\/media?parent=1354"}],"wp:term":[{"taxonomy":"wf_page_folders","embeddable":true,"href":"https:\/\/www.corporacionbi.com\/pa\/bibank\/wp-json\/wp\/v2\/wf_page_folders?post=1354"}],"curies":[{"name":"wp","href":"https:\/\/api.w.org\/{rel}","templated":true}]}}