{"id":838,"date":"2023-01-09T17:47:04","date_gmt":"2023-01-09T17:47:04","guid":{"rendered":"https:\/\/www.corporacionbi.com\/gt\/integrada\/?page_id=838"},"modified":"2024-12-13T12:57:43","modified_gmt":"2024-12-13T18:57:43","slug":"avisos","status":"publish","type":"page","link":"https:\/\/www.corporacionbi.com\/gt\/integrada\/avisos\/","title":{"rendered":"Avisos"},"content":{"rendered":"<div class=\"wpb-content-wrapper\"><p>[vc_section][vc_row][vc_column]\r\n            \r\n            <div class=\"sh-empty-space vc_empty_space sh-empty-space-es0Vg1NrFk  \" style=\"height: 150px\">\r\n                <span class=\"vc_empty_space_inner\"><\/span>\r\n            <\/div>\r\n\r\n        [\/vc_column][\/vc_row][vc_row full_width=&#8221;stretch_row&#8221; overflow=&#8221;default&#8221; css=&#8221;.vc_custom_1734116062854{background-color: #ffd26e !important;}&#8221;][vc_column][vc_column_text css=&#8221;.vc_custom_1706738719878{padding-top: 50px !important;padding-bottom: 50px !important;}&#8221;]<\/p>\n<h1 style=\"text-align: center;\">Por el momento no contamos con avisos.<\/h1>\n<p>[\/vc_column_text][\/vc_column][\/vc_row][vc_row disable_element=&#8221;yes&#8221; overflow=&#8221;default&#8221; css=&#8221;.vc_custom_1734116209633{margin-top: 30px !important;}&#8221;][vc_column width=&#8221;1\/2&#8243;]\r\n<div class=\"sh-heading  \" id=\"heading-bxFlcdAmEf\">\r\n\t<div class=\"sh-element-margin\">\r\n\r\n\t\t\r\n\t\t\t<h2 class=\"sh-heading-content size-default text-left\">\r\n\t\t\t\tAvisos\t\t\t<\/h2>\r\n\r\n\t\t\r\n\t<\/div>\r\n<\/div>\r\n            <style type=\"text\/css\">\r\n                #heading-bxFlcdAmEf .sh-element-margin {}#heading-bxFlcdAmEf .sh-heading-content {font-weight: 700!important;}#heading-bxFlcdAmEf .sh-heading-content,#heading-bxFlcdAmEf .sh-heading-additional-text {}            <\/style>\r\n        [\/vc_column][\/vc_row][vc_row disable_element=&#8221;yes&#8221; overflow=&#8221;default&#8221; css=&#8221;.vc_custom_1734116050775{margin-top: 30px !important;}&#8221;][vc_column][vc_raw_html css=&#8221;&#8221;]JTNDZGl2JTIwc3R5bGUlM0QlMjJwb3NpdGlvbiUzQXJlbGF0aXZlJTNCcGFkZGluZy10b3AlM0FtYXglMjg2MCUyNSUyQzMyNnB4JTI5JTNCaGVpZ2h0JTNBMCUzQndpZHRoJTNBMTAwJTI1JTIyJTNFJTNDaWZyYW1lJTIwYWxsb3clM0QlMjJjbGlwYm9hcmQtd3JpdGUlMjIlMjBzYW5kYm94JTNEJTIyYWxsb3ctdG9wLW5hdmlnYXRpb24lMjBhbGxvdy10b3AtbmF2aWdhdGlvbi1ieS11c2VyLWFjdGl2YXRpb24lMjBhbGxvdy1kb3dubG9hZHMlMjBhbGxvdy1zY3JpcHRzJTIwYWxsb3ctc2FtZS1vcmlnaW4lMjBhbGxvdy1wb3B1cHMlMjBhbGxvdy1tb2RhbHMlMjBhbGxvdy1wb3B1cHMtdG8tZXNjYXBlLXNhbmRib3glMjBhbGxvdy1mb3JtcyUyMiUyMGFsbG93ZnVsbHNjcmVlbiUzRCUyMnRydWUlMjIlMjBzdHlsZSUzRCUyMnBvc2l0aW9uJTNBYWJzb2x1dGUlM0Jib3JkZXIlM0Fub25lJTNCd2lkdGglM0ExMDAlMjUlM0JoZWlnaHQlM0ExMDAlMjUlM0JsZWZ0JTNBMCUzQnJpZ2h0JTNBMCUzQnRvcCUzQTAlM0Jib3R0b20lM0EwJTNCJTIyJTIwc3JjJTNEJTIyaHR0cHMlM0ElMkYlMkZlLmlzc3V1LmNvbSUyRmVtYmVkLmh0bWwlM0ZkJTNEYXZpc29fZGVfZG9uYWNpb19uX2RlX21lcmNhbmNpX2FzX3N1YmFzdGFfcHVfYmxpY2FfYWQlMjZoaWRlSXNzdXVMb2dvJTNEdHJ1ZSUyNmhpZGVTaGFyZUJ1dHRvbiUzRHRydWUlMjZ1JTNEY29ycG9yYWNpb25iaSUyMiUzRSUzQyUyRmlmcmFtZSUzRSUzQyUyRmRpdiUzRQ==[\/vc_raw_html][\/vc_column][\/vc_row][vc_row disable_element=&#8221;yes&#8221; overflow=&#8221;default&#8221; css=&#8221;.vc_custom_1734116089152{margin-top: 30px !important;}&#8221;][vc_column][vc_custom_heading text=&#8221;Donaci\u00f3n de mercancias no adjudicadas&#8221; font_container=&#8221;tag:h4|text_align:left&#8221; css=&#8221;&#8221;][vc_raw_html css=&#8221;.vc_custom_1723668848493{margin-top: 24px !important;}&#8221;]JTNDZGl2JTIwc3R5bGUlM0QlMjJwb3NpdGlvbiUzQXJlbGF0aXZlJTNCcGFkZGluZy10b3AlM0FtYXglMjg2MCUyNSUyQzMyNnB4JTI5JTNCaGVpZ2h0JTNBMCUzQndpZHRoJTNBMTAwJTI1JTIyJTNFJTNDaWZyYW1lJTIwYWxsb3clM0QlMjJjbGlwYm9hcmQtd3JpdGUlMjIlMjBzYW5kYm94JTNEJTIyYWxsb3ctdG9wLW5hdmlnYXRpb24lMjBhbGxvdy10b3AtbmF2aWdhdGlvbi1ieS11c2VyLWFjdGl2YXRpb24lMjBhbGxvdy1kb3dubG9hZHMlMjBhbGxvdy1zY3JpcHRzJTIwYWxsb3ctc2FtZS1vcmlnaW4lMjBhbGxvdy1wb3B1cHMlMjBhbGxvdy1tb2RhbHMlMjBhbGxvdy1wb3B1cHMtdG8tZXNjYXBlLXNhbmRib3glMjBhbGxvdy1mb3JtcyUyMiUyMGFsbG93ZnVsbHNjcmVlbiUzRCUyMnRydWUlMjIlMjBzdHlsZSUzRCUyMnBvc2l0aW9uJTNBYWJzb2x1dGUlM0Jib3JkZXIlM0Fub25lJTNCd2lkdGglM0ExMDAlMjUlM0JoZWlnaHQlM0ExMDAlMjUlM0JsZWZ0JTNBMCUzQnJpZ2h0JTNBMCUzQnRvcCUzQTAlM0Jib3R0b20lM0EwJTNCJTIyJTIwc3JjJTNEJTIyaHR0cHMlM0ElMkYlMkZlLmlzc3V1LmNvbSUyRmVtYmVkLmh0bWwlM0ZkJTNEZG9uYWNpb24tZGUtbWVyY2FuY2lhcy1kZS1zdWJhc3RhLXB1YmxpY2EtYWR1YW5lcmElMjZoaWRlSXNzdXVMb2dvJTNEdHJ1ZSUyNmhpZGVTaGFyZUJ1dHRvbiUzRHRydWUlMjZ1JTNEY29ycG9yYWNpb25iaSUyMiUzRSUzQyUyRmlmcmFtZSUzRSUzQyUyRmRpdiUzRQ==[\/vc_raw_html][\/vc_column][\/vc_row][vc_row disable_element=&#8221;yes&#8221; overflow=&#8221;default&#8221; css=&#8221;.vc_custom_1734116099137{margin-top: 30px !important;}&#8221;][vc_column][vc_custom_heading text=&#8221;Informaci\u00f3n adicional para realizar el proceso de solicitud de mercanc\u00eda en calidad de donaci\u00f3n&#8221; font_container=&#8221;tag:h4|text_align:left&#8221; css=&#8221;&#8221;][vc_raw_html css=&#8221;.vc_custom_1723669264003{margin-top: 24px !important;}&#8221;]JTNDZGl2JTIwc3R5bGUlM0QlMjJwb3NpdGlvbiUzQXJlbGF0aXZlJTNCcGFkZGluZy10b3AlM0FtYXglMjg2MCUyNSUyQzMyNnB4JTI5JTNCaGVpZ2h0JTNBMCUzQndpZHRoJTNBMTAwJTI1JTIyJTNFJTNDaWZyYW1lJTIwYWxsb3clM0QlMjJjbGlwYm9hcmQtd3JpdGUlMjIlMjBzYW5kYm94JTNEJTIyYWxsb3ctdG9wLW5hdmlnYXRpb24lMjBhbGxvdy10b3AtbmF2aWdhdGlvbi1ieS11c2VyLWFjdGl2YXRpb24lMjBhbGxvdy1kb3dubG9hZHMlMjBhbGxvdy1zY3JpcHRzJTIwYWxsb3ctc2FtZS1vcmlnaW4lMjBhbGxvdy1wb3B1cHMlMjBhbGxvdy1tb2RhbHMlMjBhbGxvdy1wb3B1cHMtdG8tZXNjYXBlLXNhbmRib3glMjBhbGxvdy1mb3JtcyUyMiUyMGFsbG93ZnVsbHNjcmVlbiUzRCUyMnRydWUlMjIlMjBzdHlsZSUzRCUyMnBvc2l0aW9uJTNBYWJzb2x1dGUlM0Jib3JkZXIlM0Fub25lJTNCd2lkdGglM0ExMDAlMjUlM0JoZWlnaHQlM0ExMDAlMjUlM0JsZWZ0JTNBMCUzQnJpZ2h0JTNBMCUzQnRvcCUzQTAlM0Jib3R0b20lM0EwJTNCJTIyJTIwc3JjJTNEJTIyaHR0cHMlM0ElMkYlMkZlLmlzc3V1LmNvbSUyRmVtYmVkLmh0bWwlM0ZkJTNEaW5mb3JtYWNpb19uLWFkaWNpb25hbC1wYXJhLXJlYWxpemFyLWVsLXByb2Nlc28tZGUtJTI2aGlkZUlzc3V1TG9nbyUzRHRydWUlMjZoaWRlU2hhcmVCdXR0b24lM0R0cnVlJTI2dSUzRGNvcnBvcmFjaW9uYmklMjIlM0UlM0MlMkZpZnJhbWUlM0UlM0MlMkZkaXYlM0U=[\/vc_raw_html][\/vc_column][\/vc_row][vc_row disable_element=&#8221;yes&#8221; overflow=&#8221;default&#8221; css=&#8221;.vc_custom_1734116113633{margin-top: 30px !important;}&#8221;][vc_column][vc_custom_heading text=&#8221;Formato de listado de mercanc\u00edas no adjudicadas&#8221; font_container=&#8221;tag:h4|text_align:left&#8221; css=&#8221;&#8221;][vc_raw_html css=&#8221;.vc_custom_1723669419627{margin-top: 24px !important;}&#8221;]JTNDZGl2JTIwc3R5bGUlM0QlMjJwb3NpdGlvbiUzQXJlbGF0aXZlJTNCcGFkZGluZy10b3AlM0FtYXglMjg2MCUyNSUyQzMyNnB4JTI5JTNCaGVpZ2h0JTNBMCUzQndpZHRoJTNBMTAwJTI1JTIyJTNFJTNDaWZyYW1lJTIwYWxsb3clM0QlMjJjbGlwYm9hcmQtd3JpdGUlMjIlMjBzYW5kYm94JTNEJTIyYWxsb3ctdG9wLW5hdmlnYXRpb24lMjBhbGxvdy10b3AtbmF2aWdhdGlvbi1ieS11c2VyLWFjdGl2YXRpb24lMjBhbGxvdy1kb3dubG9hZHMlMjBhbGxvdy1zY3JpcHRzJTIwYWxsb3ctc2FtZS1vcmlnaW4lMjBhbGxvdy1wb3B1cHMlMjBhbGxvdy1tb2RhbHMlMjBhbGxvdy1wb3B1cHMtdG8tZXNjYXBlLXNhbmRib3glMjBhbGxvdy1mb3JtcyUyMiUyMGFsbG93ZnVsbHNjcmVlbiUzRCUyMnRydWUlMjIlMjBzdHlsZSUzRCUyMnBvc2l0aW9uJTNBYWJzb2x1dGUlM0Jib3JkZXIlM0Fub25lJTNCd2lkdGglM0ExMDAlMjUlM0JoZWlnaHQlM0ExMDAlMjUlM0JsZWZ0JTNBMCUzQnJpZ2h0JTNBMCUzQnRvcCUzQTAlM0Jib3R0b20lM0EwJTNCJTIyJTIwc3JjJTNEJTIyaHR0cHMlM0ElMkYlMkZlLmlzc3V1LmNvbSUyRmVtYmVkLmh0bWwlM0ZkJTNEbGlzdGFkby1kZS1tZXJjYW5jaV9hcy1uby1hZGp1ZGljYWRhcy1lbi1zdWJhc3RhLW5vJTI2aGlkZUlzc3V1TG9nbyUzRHRydWUlMjZoaWRlU2hhcmVCdXR0b24lM0R0cnVlJTI2dSUzRGNvcnBvcmFjaW9uYmklMjIlM0UlM0MlMkZpZnJhbWUlM0UlM0MlMkZkaXYlM0U=[\/vc_raw_html][\/vc_column][\/vc_row][vc_row disable_element=&#8221;yes&#8221; overflow=&#8221;default&#8221; css=&#8221;.vc_custom_1722008390515{margin-top: 30px !important;}&#8221;][vc_column][vc_custom_heading text=&#8221;Formato presentaci\u00f3n partida de intereses&#8221; font_container=&#8221;tag:h4|text_align:left&#8221; css=&#8221;&#8221;][vc_raw_html css=&#8221;.vc_custom_1720809901734{margin-top: 24px !important;}&#8221;]JTNDZGl2JTIwc3R5bGUlM0QlMjJwb3NpdGlvbiUzQXJlbGF0aXZlJTNCcGFkZGluZy10b3AlM0FtYXglMjg2MCUyNSUyQzMyNnB4JTI5JTNCaGVpZ2h0JTNBMCUzQndpZHRoJTNBMTAwJTI1JTIyJTNFJTNDaWZyYW1lJTIwYWxsb3clM0QlMjJjbGlwYm9hcmQtd3JpdGUlMjIlMjBzYW5kYm94JTNEJTIyYWxsb3ctdG9wLW5hdmlnYXRpb24lMjBhbGxvdy10b3AtbmF2aWdhdGlvbi1ieS11c2VyLWFjdGl2YXRpb24lMjBhbGxvdy1kb3dubG9hZHMlMjBhbGxvdy1zY3JpcHRzJTIwYWxsb3ctc2FtZS1vcmlnaW4lMjBhbGxvdy1wb3B1cHMlMjBhbGxvdy1tb2RhbHMlMjBhbGxvdy1wb3B1cHMtdG8tZXNjYXBlLXNhbmRib3glMjBhbGxvdy1mb3JtcyUyMiUyMGFsbG93ZnVsbHNjcmVlbiUzRCUyMnRydWUlMjIlMjBzdHlsZSUzRCUyMnBvc2l0aW9uJTNBYWJzb2x1dGUlM0Jib3JkZXIlM0Fub25lJTNCd2lkdGglM0ExMDAlMjUlM0JoZWlnaHQlM0ExMDAlMjUlM0JsZWZ0JTNBMCUzQnJpZ2h0JTNBMCUzQnRvcCUzQTAlM0Jib3R0b20lM0EwJTNCJTIyJTIwc3JjJTNEJTIyaHR0cHMlM0ElMkYlMkZpc3N1dS5jb20lMkZjb3Jwb3JhY2lvbmJpJTJGZG9jcyUyRmZvcm1hdG9fcHJlc2VudGFjaW9uX3BhcnRpZGFfZGVfaW50ZXJlc19zdWJhc3RhX3B1JTNGZnIlM0RzTlRsaE9EYzFPRGt4TkRJJTIyJTNFJTNDJTJGaWZyYW1lJTNFJTNDJTJGZGl2JTNF[\/vc_raw_html][\/vc_column][\/vc_row][vc_row][vc_column]\r\n            \r\n            <div class=\"sh-empty-space vc_empty_space sh-empty-space-s7YjiQv4Pn  \" style=\"height: 150px\">\r\n                <span class=\"vc_empty_space_inner\"><\/span>\r\n            <\/div>\r\n\r\n        [\/vc_column][\/vc_row][\/vc_section]<\/p>\n<\/div>","protected":false},"excerpt":{"rendered":"<p>[vc_section][vc_row][vc_column][\/vc_column][\/vc_row][vc_row full_width=&#8221;stretch_row&#8221; overflow=&#8221;default&#8221; css=&#8221;.vc_custom_1734116062854{background-color: #ffd26e !important;}&#8221;][vc_column][vc_column_text css=&#8221;.vc_custom_1706738719878{padding-top: 50px !important;padding-bottom: 50px !important;}&#8221;] Por el momento no contamos con avisos. [\/vc_column_text][\/vc_column][\/vc_row][vc_row disable_element=&#8221;yes&#8221; overflow=&#8221;default&#8221; css=&#8221;.vc_custom_1734116209633{margin-top: 30px !important;}&#8221;][vc_column width=&#8221;1\/2&#8243;][\/vc_column][\/vc_row][vc_row disable_element=&#8221;yes&#8221; overflow=&#8221;default&#8221; css=&#8221;.vc_custom_1734116050775{margin-top: 30px !important;}&#8221;][vc_column][vc_raw_html css=&#8221;&#8221;]JTNDZGl2JTIwc3R5bGUlM0QlMjJwb3NpdGlvbiUzQXJlbGF0aXZlJTNCcGFkZGluZy10b3AlM0FtYXglMjg2MCUyNSUyQzMyNnB4JTI5JTNCaGVpZ2h0JTNBMCUzQndpZHRoJTNBMTAwJTI1JTIyJTNFJTNDaWZyYW1lJTIwYWxsb3clM0QlMjJjbGlwYm9hcmQtd3JpdGUlMjIlMjBzYW5kYm94JTNEJTIyYWxsb3ctdG9wLW5hdmlnYXRpb24lMjBhbGxvdy10b3AtbmF2aWdhdGlvbi1ieS11c2VyLWFjdGl2YXRpb24lMjBhbGxvdy1kb3dubG9hZHMlMjBhbGxvdy1zY3JpcHRzJTIwYWxsb3ctc2FtZS1vcmlnaW4lMjBhbGxvdy1wb3B1cHMlMjBhbGxvdy1tb2RhbHMlMjBhbGxvdy1wb3B1cHMtdG8tZXNjYXBlLXNhbmRib3glMjBhbGxvdy1mb3JtcyUyMiUyMGFsbG93ZnVsbHNjcmVlbiUzRCUyMnRydWUlMjIlMjBzdHlsZSUzRCUyMnBvc2l0aW9uJTNBYWJzb2x1dGUlM0Jib3JkZXIlM0Fub25lJTNCd2lkdGglM0ExMDAlMjUlM0JoZWlnaHQlM0ExMDAlMjUlM0JsZWZ0JTNBMCUzQnJpZ2h0JTNBMCUzQnRvcCUzQTAlM0Jib3R0b20lM0EwJTNCJTIyJTIwc3JjJTNEJTIyaHR0cHMlM0ElMkYlMkZlLmlzc3V1LmNvbSUyRmVtYmVkLmh0bWwlM0ZkJTNEYXZpc29fZGVfZG9uYWNpb19uX2RlX21lcmNhbmNpX2FzX3N1YmFzdGFfcHVfYmxpY2FfYWQlMjZoaWRlSXNzdXVMb2dvJTNEdHJ1ZSUyNmhpZGVTaGFyZUJ1dHRvbiUzRHRydWUlMjZ1JTNEY29ycG9yYWNpb25iaSUyMiUzRSUzQyUyRmlmcmFtZSUzRSUzQyUyRmRpdiUzRQ==[\/vc_raw_html][\/vc_column][\/vc_row][vc_row disable_element=&#8221;yes&#8221; overflow=&#8221;default&#8221; css=&#8221;.vc_custom_1734116089152{margin-top: 30px !important;}&#8221;][vc_column][vc_custom_heading text=&#8221;Donaci\u00f3n de mercancias no adjudicadas&#8221; font_container=&#8221;tag:h4|text_align:left&#8221; css=&#8221;&#8221;][vc_raw_html css=&#8221;.vc_custom_1723668848493{margin-top: 24px&#8230;<\/p>\n","protected":false},"author":2,"featured_media":0,"parent":0,"menu_order":0,"comment_status":"closed","ping_status":"closed","template":"","meta":{"footnotes":""},"wf_page_folders":[24],"class_list":["post-838","page","type-page","status-publish","hentry"],"_links":{"self":[{"href":"https:\/\/www.corporacionbi.com\/gt\/integrada\/wp-json\/wp\/v2\/pages\/838","targetHints":{"allow":["GET"]}}],"collection":[{"href":"https:\/\/www.corporacionbi.com\/gt\/integrada\/wp-json\/wp\/v2\/pages"}],"about":[{"href":"https:\/\/www.corporacionbi.com\/gt\/integrada\/wp-json\/wp\/v2\/types\/page"}],"author":[{"embeddable":true,"href":"https:\/\/www.corporacionbi.com\/gt\/integrada\/wp-json\/wp\/v2\/users\/2"}],"replies":[{"embeddable":true,"href":"https:\/\/www.corporacionbi.com\/gt\/integrada\/wp-json\/wp\/v2\/comments?post=838"}],"version-history":[{"count":20,"href":"https:\/\/www.corporacionbi.com\/gt\/integrada\/wp-json\/wp\/v2\/pages\/838\/revisions"}],"predecessor-version":[{"id":1463,"href":"https:\/\/www.corporacionbi.com\/gt\/integrada\/wp-json\/wp\/v2\/pages\/838\/revisions\/1463"}],"wp:attachment":[{"href":"https:\/\/www.corporacionbi.com\/gt\/integrada\/wp-json\/wp\/v2\/media?parent=838"}],"wp:term":[{"taxonomy":"wf_page_folders","embeddable":true,"href":"https:\/\/www.corporacionbi.com\/gt\/integrada\/wp-json\/wp\/v2\/wf_page_folders?post=838"}],"curies":[{"name":"wp","href":"https:\/\/api.w.org\/{rel}","templated":true}]}}