{"id":1105,"date":"2024-01-03T17:47:28","date_gmt":"2024-01-03T11:47:28","guid":{"rendered":"https:\/\/www.corporacionbi.com\/gt\/frcl\/?page_id=1105"},"modified":"2025-08-19T21:05:17","modified_gmt":"2025-08-19T15:05:17","slug":"blogfrcl","status":"publish","type":"page","link":"https:\/\/www.corporacionbi.com\/gt\/frcl\/blogfrcl\/","title":{"rendered":"Blog FRCL"},"content":{"rendered":"<div class=\"wpb-content-wrapper\"><section class=\"vc_section\"><div class=\"vc_row wpb_row vc_row-fluid vc_row_284191019\"><div class=\"wpb_column vc_column_container vc_col-sm-12 vc_column_2034123499\"><div class=\"vc_column-inner \"><div class=\"wpb_wrapper\">\n\t\t\t\t<p class=\"rs-p-wp-fix\"><\/p>\n\t\t\t\t<sr7-module data-alias=\"blog-galeria-2\" data-id=\"45\" id=\"SR7_45_1\" class=\"rs-ov-hidden\" data-version=\"6.7.54\">\n\t\t\t\t\t<sr7-adjuster><\/sr7-adjuster>\n\t\t\t\t\t<sr7-content>\n\t\t\t\t\t\t<sr7-slide id=\"SR7_45_1-24\" data-key=\"24\">\n\t\t\t\t\t\t\t<h2 id=\"SR7_45_1-24-1\" class=\"sr7-layer\">Blog y Noticias<\/h2>\n\t\t\t\t\t\t\t<p id=\"SR7_45_1-24-3\" class=\"sr7-layer\">En este espacio encontrar\u00e1s los art\u00edculos y noticias m\u00e1s<br \/>\nrecientes de Fundaci\u00f3n Ramiro Castillo Love.<\/p>\n\t\t\t\t\t\t<\/sr7-slide>\n\t\t\t\t\t\t<sr7-slide id=\"SR7_45_1-59\" data-key=\"59\">\n\t\t\t\t\t\t<\/sr7-slide>\n\t\t\t\t\t<\/sr7-content>\n\t\t\t\t\t<image_lists style=\"display:none\">\n\t\t\t\t\t\t<img data-src=\"\/\/www.corporacionbi.com\/gt\/frcl\/wp-content\/uploads\/2024\/01\/banner-blog.jpg\" data-libid=\"1141\" data-lib=\"medialibrary\" title=\"banner-blog\" width=\"0\" height=\"0\" data-dbsrc=\"Ly93d3cuY29ycG9yYWNpb25iaS5jb20vZ3QvZnJjbC93cC1jb250ZW50L3VwbG9hZHMvMjAyNC8wMS9iYW5uZXItYmxvZy5qcGc=\"\/>\n\t\t\t\t\t\t<img data-src=\"\/\/www.corporacionbi.com\/gt\/frcl\/wp-content\/uploads\/2024\/01\/pleca-azul.png\" data-libid=\"1140\" data-lib=\"medialibrary\" title=\"pleca-azul\" width=\"0\" height=\"0\" data-dbsrc=\"Ly93d3cuY29ycG9yYWNpb25iaS5jb20vZ3QvZnJjbC93cC1jb250ZW50L3VwbG9hZHMvMjAyNC8wMS9wbGVjYS1henVsLnBuZw==\"\/>\n\t\t\t\t\t<\/image_lists>\n\t\t\t\t<\/sr7-module>\n\t\t\t\t<script>\n\t\t\t\t\twindow.SR7 ??={};SR7.PMH ??={}; SR7.PMH[\"SR7_45_1\"] = {cn:100,state:false,fn: function() { if (window._tpt!==undefined && window._tpt.prepareModuleHeight !== undefined) {  _tpt.prepareModuleHeight({id:\"SR7_45_1\",el:[550,550,300,300,250],type:'standard',shdw:'0',gh:[550,550,300,300,250],gw:[1920,1920,1024,778,480],vpt:['100px&#039;,&#039;100px&#039;,&#039;100px&#039;,&#039;100px&#039;,&#039;100px'],size:{fullWidth:true, fullHeight:false},mh:'0',onh:0,onw:0,bg:{color:'{\"orig\":\"transparent\",\"type\":\"solid\",\"string\":\"transparent\"}'}});   SR7.PMH[\"SR7_45_1\"].state=true;} else if(SR7.PMH[\"SR7_45_1\"].cn-->0)\tsetTimeout( SR7.PMH[\"SR7_45_1\"].fn,19);}};SR7.PMH[\"SR7_45_1\" ].fn();\n\t\t\t\t<\/script>\n<style type=\"text\/css\"> .vc_column_2034123499:not(.vc_parallax):not(.jarallax) { overflow: center!important; position: relative; }<\/style><\/div><\/div><\/div><style type=\"text\/css\"> .vc_row_284191019:not(.vc_parallax) { overflow: center!important; position: relative; }<\/style><\/div><div data-vc-full-width=\"true\" data-vc-full-width-init=\"false\" class=\"vc_row wpb_row vc_row-fluid vc_custom_1696013312563 vc_row_1146567709\"><div class=\"wpb_column vc_column_container vc_col-sm-3 vc_column_1198480134\"><div class=\"vc_column-inner \"><div class=\"wpb_wrapper\"><div  class=\"wpb_widgetised_column wpb_content_element\">\n\t\t<div class=\"wpb_wrapper\">\n\t\t\t\n\t\t\t<div id=\"search-2\" class=\"widget-item widget_search\">\r\n            <form method=\"get\" class=\"search-form\" action=\"https:\/\/www.corporacionbi.com\/gt\/frcl\/\">\r\n                <div>\r\n                    <label>\r\n                        <input type=\"search\" class=\"sh-sidebar-search search-field\" placeholder=\"Search here...\" value=\"\" name=\"s\" title=\"Search text\" required \/>\r\n                    <\/label>\r\n                    <button type=\"submit\" class=\"search-submit\">\r\n                        <i class=\"icon-magnifier\"><\/i>\r\n                    <\/button>\r\n                <\/div>\r\n            <\/form><\/div><div id=\"categories-2\" class=\"widget-item widget_categories\"><h3 class=\"widget-title\">Categor\u00edas<\/h3>\n\t\t\t<ul>\n\t\t\t\t\t<li class=\"cat-item cat-item-10\"><a href=\"https:\/\/www.corporacionbi.com\/gt\/frcl\/category\/actividades-de-recaudacion\/\">Actividades de recaudaci\u00f3n<\/a> (6)\n<\/li>\n\t<li class=\"cat-item cat-item-9\"><a href=\"https:\/\/www.corporacionbi.com\/gt\/frcl\/category\/articulos-de-educacion\/\">Art\u00edculos de educaci\u00f3n<\/a> (6)\n<\/li>\n\t<li class=\"cat-item cat-item-6\"><a href=\"https:\/\/www.corporacionbi.com\/gt\/frcl\/category\/historias-de-vida-escritas\/\">Historias de vida escritas<\/a> (36)\n<\/li>\n\t<li class=\"cat-item cat-item-11\"><a href=\"https:\/\/www.corporacionbi.com\/gt\/frcl\/category\/noticias-de-la-fundacion\/\">Noticias de la Fundaci\u00f3n<\/a> (8)\n<\/li>\n\t<li class=\"cat-item cat-item-8\"><a href=\"https:\/\/www.corporacionbi.com\/gt\/frcl\/category\/resenas-de-libros\/\">Rese\u00f1as de libros<\/a> (15)\n<\/li>\n\t<li class=\"cat-item cat-item-7\"><a href=\"https:\/\/www.corporacionbi.com\/gt\/frcl\/category\/videos-testimoniales\/\">Videos testimoniales<\/a> (40)\n<\/li>\n\t\t\t<\/ul>\n\n\t\t\t<\/div>\n\t\t<\/div>\n\t<\/div>\n<style type=\"text\/css\"> .vc_column_1198480134:not(.vc_parallax):not(.jarallax) { overflow: center!important; position: relative; }<\/style><\/div><\/div><\/div><div class=\"wpb_column vc_column_container vc_col-sm-9 vc_column_1313050559\"><div class=\"vc_column-inner \"><div class=\"wpb_wrapper\">\r\n\r\n\r\n\r\n<div class=\"sh-recent-posts sh-recent-posts-columns2\" id=\"recent-posts-ZUbyvguKAJ\" data-id=\"2\">\r\n\r\n\t\t\r\n\t<div class=\"sh-group blog-list blog-style-masonry\">\r\n\t\t\r\n\t<article id=\"post-2794\" class=\"post-item post-2794 post type-post status-publish format-standard has-post-thumbnail hentry category-resenas-de-libros\" itemscope=\"itemscope\" itemtype=\"http:\/\/schema.org\/Article\">\r\n\t\t<div class=\"post-container\">\r\n\t\t\t\r\n\t\t\t<div class=\"post-meta-thumb\">\r\n\t\t\t\t\r\n\t\t\t\t\t\t\t\t\t<img decoding=\"async\" width=\"1024\" height=\"474\" src=\"https:\/\/www.corporacionbi.com\/gt\/frcl\/wp-content\/uploads\/2026\/04\/Libro-cronicas-del-deporte-resen\u0303a-1024x474.webp\" class=\"attachment-large size-large wp-post-image\" alt=\"Libro cronicas del deporte resen\u0303a\" srcset=\"https:\/\/www.corporacionbi.com\/gt\/frcl\/wp-content\/uploads\/2026\/04\/Libro-cronicas-del-deporte-resen\u0303a-1024x474.webp 1024w, https:\/\/www.corporacionbi.com\/gt\/frcl\/wp-content\/uploads\/2026\/04\/Libro-cronicas-del-deporte-resen\u0303a-300x139.webp 300w, https:\/\/www.corporacionbi.com\/gt\/frcl\/wp-content\/uploads\/2026\/04\/Libro-cronicas-del-deporte-resen\u0303a-768x356.webp 768w, https:\/\/www.corporacionbi.com\/gt\/frcl\/wp-content\/uploads\/2026\/04\/Libro-cronicas-del-deporte-resen\u0303a-18x8.webp 18w, https:\/\/www.corporacionbi.com\/gt\/frcl\/wp-content\/uploads\/2026\/04\/Libro-cronicas-del-deporte-resen\u0303a.webp 1157w\" sizes=\"(max-width: 1024px) 100vw, 1024px\" \/>\t\t\t\t\r\n\t\t\t\t\r\n        <div class=\"sh-overlay-style1\">\r\n            <div class=\"sh-table-full\">\r\n                                    <a href=\"https:\/\/www.corporacionbi.com\/gt\/frcl\/cronicas-del-deporte\/\" class=\"sh-overlay-item sh-table-cell\" title=\"Open the article - Cr\u00f3nicas del deporte\">\r\n                        <div class=\"sh-overlay-item-container\">\r\n                            <i class=\"icon-link\"><\/i>\r\n                        <\/div>\r\n                    <\/a>\r\n                \r\n                                    <a href=\"https:\/\/www.corporacionbi.com\/gt\/frcl\/wp-content\/uploads\/2026\/04\/Libro-cronicas-del-deporte-resen\u0303a-1024x474.webp\" class=\"sh-overlay-item sh-table-cell\" data-rel=\"lightcase\">\r\n                        <div class=\"sh-overlay-item-container\">\r\n                            <i class=\"icon-magnifier-add\"><\/i>\r\n                        <\/div>\r\n                    <\/a>\r\n                            <\/div>\r\n        <\/div>\r\n\r\n    \t\t\t<\/div>\r\n\r\n\t\t\t<div class=\"post-content-container\">\r\n\t\t\t\t<a href=\"https:\/\/www.corporacionbi.com\/gt\/frcl\/cronicas-del-deporte\/\" class=\"post-title\">\r\n\t\t\t\t\t<h2 itemprop=\"headline\">\r\n\t\t\t\t\t\t\t\t\t\t\t\tCr\u00f3nicas del deporte\t\t\t\t\t<\/h2>\r\n\t\t\t\t<\/a>\r\n\r\n\t\t\t\t<div class=\"post-meta post-meta-one\">\r\n\t\t\t\t\t\r\n        \r\n            <span class=\"post-meta-author\">\r\n                by                                    <a href=\"https:\/\/www.corporacionbi.com\/gt\/frcl\/author\/fotoya\/\" class=\"bypostauthor\" itemprop=\"url\" rel=\"author\">\r\n                        Francisco Andres Otoya Arrisue\u00f1o                    <\/a>\r\n                            <\/span>\r\n\r\n        \r\n        \r\n                    <time class=\"updated semantic\" itemprop=\"dateModified\" datetime=\"2026-04-09T18:34:43+00:00\"><\/time>\r\n            <a href=\"https:\/\/www.corporacionbi.com\/gt\/frcl\/cronicas-del-deporte\/\" class=\"post-meta-date sh-default-color\">10 abril, 2026<\/a>\r\n        \r\n    \t\t\t\t<\/div>\r\n\r\n\t\t\t\t<div class=\"post-content\" itemprop=\"text\">\r\n\t\t\t\t\tDEPORTE EN GUATEMALA 1951-2012 Presentamos en esta ocasi\u00f3n la segunda parte de la rese\u00f1a del licenciado Jos\u00e9 Molina Calder\u00f3n* del libro Cr\u00f3nica del Deporte en Guatemala de Juan Zanassi, que en su Tomo II abarca de 1951 a 2012. Publicada en 2014, la obra consta...\t\t\t\t<\/div>\r\n\r\n\t\t\t\t<div class=\"post-meta post-meta-two\">\r\n\t\t\t\t\t\r\n        <div class=\"sh-columns post-meta-comments\">\r\n            <span class=\"post-meta-categories\">\r\n                <i class=\"icon-tag\"><\/i>\r\n                <a href=\"https:\/\/www.corporacionbi.com\/gt\/frcl\/category\/resenas-de-libros\/\" rel=\"category tag\">Rese\u00f1as de libros<\/a>            <\/span>\r\n\r\n                            <div><\/div>\r\n                    <\/div>\r\n\r\n    \t\t\t\t<\/div>\r\n\t\t\t<\/div>\r\n\r\n\t\t<\/div>\r\n\t<\/article>\r\n\r\n\r\n\r\n\t<article id=\"post-2781\" class=\"post-item post-2781 post type-post status-publish format-standard has-post-thumbnail hentry category-videos-testimoniales\" itemscope=\"itemscope\" itemtype=\"http:\/\/schema.org\/Article\">\r\n\t\t<div class=\"post-container\">\r\n\t\t\t\r\n\t\t\t<div class=\"post-meta-thumb\">\r\n\t\t\t\t\r\n\t\t\t\t\t\t\t\t\t<img decoding=\"async\" width=\"1024\" height=\"474\" src=\"https:\/\/www.corporacionbi.com\/gt\/frcl\/wp-content\/uploads\/2026\/03\/frcl_testimonial_alida_aguilar.webp\" class=\"attachment-large size-large wp-post-image\" alt=\"frcl_testimonial_alida_aguilar\" srcset=\"https:\/\/www.corporacionbi.com\/gt\/frcl\/wp-content\/uploads\/2026\/03\/frcl_testimonial_alida_aguilar.webp 1024w, https:\/\/www.corporacionbi.com\/gt\/frcl\/wp-content\/uploads\/2026\/03\/frcl_testimonial_alida_aguilar-300x139.webp 300w, https:\/\/www.corporacionbi.com\/gt\/frcl\/wp-content\/uploads\/2026\/03\/frcl_testimonial_alida_aguilar-768x356.webp 768w, https:\/\/www.corporacionbi.com\/gt\/frcl\/wp-content\/uploads\/2026\/03\/frcl_testimonial_alida_aguilar-18x8.webp 18w\" sizes=\"(max-width: 1024px) 100vw, 1024px\" \/>\t\t\t\t\r\n\t\t\t\t\r\n        <div class=\"sh-overlay-style1\">\r\n            <div class=\"sh-table-full\">\r\n                                    <a href=\"https:\/\/www.corporacionbi.com\/gt\/frcl\/apadrinamiento-alida-aguilar\/\" class=\"sh-overlay-item sh-table-cell\" title=\"Open the article - Apadrinamiento Alida Aguilar\">\r\n                        <div class=\"sh-overlay-item-container\">\r\n                            <i class=\"icon-link\"><\/i>\r\n                        <\/div>\r\n                    <\/a>\r\n                \r\n                                    <a href=\"https:\/\/www.corporacionbi.com\/gt\/frcl\/wp-content\/uploads\/2026\/03\/frcl_testimonial_alida_aguilar.webp\" class=\"sh-overlay-item sh-table-cell\" data-rel=\"lightcase\">\r\n                        <div class=\"sh-overlay-item-container\">\r\n                            <i class=\"icon-magnifier-add\"><\/i>\r\n                        <\/div>\r\n                    <\/a>\r\n                            <\/div>\r\n        <\/div>\r\n\r\n    \t\t\t<\/div>\r\n\r\n\t\t\t<div class=\"post-content-container\">\r\n\t\t\t\t<a href=\"https:\/\/www.corporacionbi.com\/gt\/frcl\/apadrinamiento-alida-aguilar\/\" class=\"post-title\">\r\n\t\t\t\t\t<h2 itemprop=\"headline\">\r\n\t\t\t\t\t\t\t\t\t\t\t\tApadrinamiento Alida Aguilar\t\t\t\t\t<\/h2>\r\n\t\t\t\t<\/a>\r\n\r\n\t\t\t\t<div class=\"post-meta post-meta-one\">\r\n\t\t\t\t\t\r\n        \r\n            <span class=\"post-meta-author\">\r\n                by                                    <a href=\"https:\/\/www.corporacionbi.com\/gt\/frcl\/author\/mgeronimo\/\" class=\"bypostauthor\" itemprop=\"url\" rel=\"author\">\r\n                        Maria Alejandra Diaz Geronimo                    <\/a>\r\n                            <\/span>\r\n\r\n        \r\n        \r\n                    <time class=\"updated semantic\" itemprop=\"dateModified\" datetime=\"2026-03-24T22:19:53+00:00\"><\/time>\r\n            <a href=\"https:\/\/www.corporacionbi.com\/gt\/frcl\/apadrinamiento-alida-aguilar\/\" class=\"post-meta-date sh-default-color\">25 marzo, 2026<\/a>\r\n        \r\n    \t\t\t\t<\/div>\r\n\r\n\t\t\t\t<div class=\"post-content\" itemprop=\"text\">\r\n\t\t\t\t\t\t\t\t\t<\/div>\r\n\r\n\t\t\t\t<div class=\"post-meta post-meta-two\">\r\n\t\t\t\t\t\r\n        <div class=\"sh-columns post-meta-comments\">\r\n            <span class=\"post-meta-categories\">\r\n                <i class=\"icon-tag\"><\/i>\r\n                <a href=\"https:\/\/www.corporacionbi.com\/gt\/frcl\/category\/videos-testimoniales\/\" rel=\"category tag\">Videos testimoniales<\/a>            <\/span>\r\n\r\n                            <div><\/div>\r\n                    <\/div>\r\n\r\n    \t\t\t\t<\/div>\r\n\t\t\t<\/div>\r\n\r\n\t\t<\/div>\r\n\t<\/article>\r\n\r\n\r\n\r\n\t<article id=\"post-2762\" class=\"post-item post-2762 post type-post status-publish format-standard has-post-thumbnail hentry category-videos-testimoniales\" itemscope=\"itemscope\" itemtype=\"http:\/\/schema.org\/Article\">\r\n\t\t<div class=\"post-container\">\r\n\t\t\t\r\n\t\t\t<div class=\"post-meta-thumb\">\r\n\t\t\t\t\r\n\t\t\t\t\t\t\t\t\t<img decoding=\"async\" width=\"1024\" height=\"474\" src=\"https:\/\/www.corporacionbi.com\/gt\/frcl\/wp-content\/uploads\/2026\/03\/frcl_testimonial_carlos_valdes.webp\" class=\"attachment-large size-large wp-post-image\" alt=\"frcl_testimonial_carlos_valdes\" srcset=\"https:\/\/www.corporacionbi.com\/gt\/frcl\/wp-content\/uploads\/2026\/03\/frcl_testimonial_carlos_valdes.webp 1024w, https:\/\/www.corporacionbi.com\/gt\/frcl\/wp-content\/uploads\/2026\/03\/frcl_testimonial_carlos_valdes-300x139.webp 300w, https:\/\/www.corporacionbi.com\/gt\/frcl\/wp-content\/uploads\/2026\/03\/frcl_testimonial_carlos_valdes-768x356.webp 768w, https:\/\/www.corporacionbi.com\/gt\/frcl\/wp-content\/uploads\/2026\/03\/frcl_testimonial_carlos_valdes-18x8.webp 18w\" sizes=\"(max-width: 1024px) 100vw, 1024px\" \/>\t\t\t\t\r\n\t\t\t\t\r\n        <div class=\"sh-overlay-style1\">\r\n            <div class=\"sh-table-full\">\r\n                                    <a href=\"https:\/\/www.corporacionbi.com\/gt\/frcl\/testimonial-carlos-valdes\/\" class=\"sh-overlay-item sh-table-cell\" title=\"Open the article - Testimonial Carlos Vald\u00e9s\">\r\n                        <div class=\"sh-overlay-item-container\">\r\n                            <i class=\"icon-link\"><\/i>\r\n                        <\/div>\r\n                    <\/a>\r\n                \r\n                                    <a href=\"https:\/\/www.corporacionbi.com\/gt\/frcl\/wp-content\/uploads\/2026\/03\/frcl_testimonial_carlos_valdes.webp\" class=\"sh-overlay-item sh-table-cell\" data-rel=\"lightcase\">\r\n                        <div class=\"sh-overlay-item-container\">\r\n                            <i class=\"icon-magnifier-add\"><\/i>\r\n                        <\/div>\r\n                    <\/a>\r\n                            <\/div>\r\n        <\/div>\r\n\r\n    \t\t\t<\/div>\r\n\r\n\t\t\t<div class=\"post-content-container\">\r\n\t\t\t\t<a href=\"https:\/\/www.corporacionbi.com\/gt\/frcl\/testimonial-carlos-valdes\/\" class=\"post-title\">\r\n\t\t\t\t\t<h2 itemprop=\"headline\">\r\n\t\t\t\t\t\t\t\t\t\t\t\tTestimonial Carlos Vald\u00e9s\t\t\t\t\t<\/h2>\r\n\t\t\t\t<\/a>\r\n\r\n\t\t\t\t<div class=\"post-meta post-meta-one\">\r\n\t\t\t\t\t\r\n        \r\n            <span class=\"post-meta-author\">\r\n                by                                    <a href=\"https:\/\/www.corporacionbi.com\/gt\/frcl\/author\/ancruz\/\" class=\"bypostauthor\" itemprop=\"url\" rel=\"author\">\r\n                        Andres Fernandez Cruz                    <\/a>\r\n                            <\/span>\r\n\r\n        \r\n        \r\n                    <time class=\"updated semantic\" itemprop=\"dateModified\" datetime=\"2026-03-13T23:35:07+00:00\"><\/time>\r\n            <a href=\"https:\/\/www.corporacionbi.com\/gt\/frcl\/testimonial-carlos-valdes\/\" class=\"post-meta-date sh-default-color\">14 marzo, 2026<\/a>\r\n        \r\n    \t\t\t\t<\/div>\r\n\r\n\t\t\t\t<div class=\"post-content\" itemprop=\"text\">\r\n\t\t\t\t\t\t\t\t\t<\/div>\r\n\r\n\t\t\t\t<div class=\"post-meta post-meta-two\">\r\n\t\t\t\t\t\r\n        <div class=\"sh-columns post-meta-comments\">\r\n            <span class=\"post-meta-categories\">\r\n                <i class=\"icon-tag\"><\/i>\r\n                <a href=\"https:\/\/www.corporacionbi.com\/gt\/frcl\/category\/videos-testimoniales\/\" rel=\"category tag\">Videos testimoniales<\/a>            <\/span>\r\n\r\n                            <div><\/div>\r\n                    <\/div>\r\n\r\n    \t\t\t\t<\/div>\r\n\t\t\t<\/div>\r\n\r\n\t\t<\/div>\r\n\t<\/article>\r\n\r\n\r\n\r\n\t<article id=\"post-2758\" class=\"post-item post-2758 post type-post status-publish format-standard has-post-thumbnail hentry category-videos-testimoniales\" itemscope=\"itemscope\" itemtype=\"http:\/\/schema.org\/Article\">\r\n\t\t<div class=\"post-container\">\r\n\t\t\t\r\n\t\t\t<div class=\"post-meta-thumb\">\r\n\t\t\t\t\r\n\t\t\t\t\t\t\t\t\t<img decoding=\"async\" width=\"1024\" height=\"474\" src=\"https:\/\/www.corporacionbi.com\/gt\/frcl\/wp-content\/uploads\/2026\/03\/frcl_testimonial_michel_caputi.webp\" class=\"attachment-large size-large wp-post-image\" alt=\"frcl_testimonial_michel_caputi\" srcset=\"https:\/\/www.corporacionbi.com\/gt\/frcl\/wp-content\/uploads\/2026\/03\/frcl_testimonial_michel_caputi.webp 1024w, https:\/\/www.corporacionbi.com\/gt\/frcl\/wp-content\/uploads\/2026\/03\/frcl_testimonial_michel_caputi-300x139.webp 300w, https:\/\/www.corporacionbi.com\/gt\/frcl\/wp-content\/uploads\/2026\/03\/frcl_testimonial_michel_caputi-768x356.webp 768w, https:\/\/www.corporacionbi.com\/gt\/frcl\/wp-content\/uploads\/2026\/03\/frcl_testimonial_michel_caputi-18x8.webp 18w\" sizes=\"(max-width: 1024px) 100vw, 1024px\" \/>\t\t\t\t\r\n\t\t\t\t\r\n        <div class=\"sh-overlay-style1\">\r\n            <div class=\"sh-table-full\">\r\n                                    <a href=\"https:\/\/www.corporacionbi.com\/gt\/frcl\/testimonial-michel-caputi\/\" class=\"sh-overlay-item sh-table-cell\" title=\"Open the article - Testimonial Michel Caputi\">\r\n                        <div class=\"sh-overlay-item-container\">\r\n                            <i class=\"icon-link\"><\/i>\r\n                        <\/div>\r\n                    <\/a>\r\n                \r\n                                    <a href=\"https:\/\/www.corporacionbi.com\/gt\/frcl\/wp-content\/uploads\/2026\/03\/frcl_testimonial_michel_caputi.webp\" class=\"sh-overlay-item sh-table-cell\" data-rel=\"lightcase\">\r\n                        <div class=\"sh-overlay-item-container\">\r\n                            <i class=\"icon-magnifier-add\"><\/i>\r\n                        <\/div>\r\n                    <\/a>\r\n                            <\/div>\r\n        <\/div>\r\n\r\n    \t\t\t<\/div>\r\n\r\n\t\t\t<div class=\"post-content-container\">\r\n\t\t\t\t<a href=\"https:\/\/www.corporacionbi.com\/gt\/frcl\/testimonial-michel-caputi\/\" class=\"post-title\">\r\n\t\t\t\t\t<h2 itemprop=\"headline\">\r\n\t\t\t\t\t\t\t\t\t\t\t\tTestimonial Michel Caputi\t\t\t\t\t<\/h2>\r\n\t\t\t\t<\/a>\r\n\r\n\t\t\t\t<div class=\"post-meta post-meta-one\">\r\n\t\t\t\t\t\r\n        \r\n            <span class=\"post-meta-author\">\r\n                by                                    <a href=\"https:\/\/www.corporacionbi.com\/gt\/frcl\/author\/ancruz\/\" class=\"bypostauthor\" itemprop=\"url\" rel=\"author\">\r\n                        Andres Fernandez Cruz                    <\/a>\r\n                            <\/span>\r\n\r\n        \r\n        \r\n                    <time class=\"updated semantic\" itemprop=\"dateModified\" datetime=\"2026-03-13T23:35:02+00:00\"><\/time>\r\n            <a href=\"https:\/\/www.corporacionbi.com\/gt\/frcl\/testimonial-michel-caputi\/\" class=\"post-meta-date sh-default-color\">14 marzo, 2026<\/a>\r\n        \r\n    \t\t\t\t<\/div>\r\n\r\n\t\t\t\t<div class=\"post-content\" itemprop=\"text\">\r\n\t\t\t\t\t\t\t\t\t<\/div>\r\n\r\n\t\t\t\t<div class=\"post-meta post-meta-two\">\r\n\t\t\t\t\t\r\n        <div class=\"sh-columns post-meta-comments\">\r\n            <span class=\"post-meta-categories\">\r\n                <i class=\"icon-tag\"><\/i>\r\n                <a href=\"https:\/\/www.corporacionbi.com\/gt\/frcl\/category\/videos-testimoniales\/\" rel=\"category tag\">Videos testimoniales<\/a>            <\/span>\r\n\r\n                            <div><\/div>\r\n                    <\/div>\r\n\r\n    \t\t\t\t<\/div>\r\n\t\t\t<\/div>\r\n\r\n\t\t<\/div>\r\n\t<\/article>\r\n\r\n\r\n\t<\/div>\r\n\r\n\t\t\t<div class=\"sh-pagination sh-default-color\"><ul class='page-numbers'>\n\t<li><span aria-current=\"page\" class=\"page-numbers current\">1<\/span><\/li>\n\t<li><a class=\"page-numbers\" href=\"https:\/\/www.corporacionbi.com\/gt\/frcl\/wp-json\/wp\/v2\/pages\/1105\/page\/2\/\">2<\/a><\/li>\n\t<li><a class=\"page-numbers\" href=\"https:\/\/www.corporacionbi.com\/gt\/frcl\/wp-json\/wp\/v2\/pages\/1105\/page\/3\/\">3<\/a><\/li>\n\t<li><a class=\"page-numbers\" href=\"https:\/\/www.corporacionbi.com\/gt\/frcl\/wp-json\/wp\/v2\/pages\/1105\/page\/4\/\">4<\/a><\/li>\n\t<li><span class=\"page-numbers dots\">&hellip;<\/span><\/li>\n\t<li><a class=\"page-numbers\" href=\"https:\/\/www.corporacionbi.com\/gt\/frcl\/wp-json\/wp\/v2\/pages\/1105\/page\/28\/\">28<\/a><\/li>\n\t<li><a class=\"next page-numbers\" href=\"https:\/\/www.corporacionbi.com\/gt\/frcl\/wp-json\/wp\/v2\/pages\/1105\/page\/2\/\">Next<\/a><\/li>\n<\/ul>\n<\/div>\t<\/div>\r\n            <style type=\"text\/css\">\r\n                #recent-posts-ZUbyvguKAJ article.post-item .post-meta-categories,#recent-posts-ZUbyvguKAJ article.post-item .post-meta-categories > * {}#recent-posts-ZUbyvguKAJ article.post-item .post-readmore > div:first-child {}             <\/style>\r\n        <style type=\"text\/css\"> .vc_column_1313050559:not(.vc_parallax):not(.jarallax) { overflow: center!important; position: relative; }<\/style><\/div><\/div><\/div><\/div><div class=\"vc_row-full-width vc_clearfix\"><\/div><\/section>\n<\/div>","protected":false},"excerpt":{"rendered":"","protected":false},"author":1,"featured_media":0,"parent":0,"menu_order":0,"comment_status":"closed","ping_status":"closed","template":"","meta":{"footnotes":""},"wf_page_folders":[30],"class_list":["post-1105","page","type-page","status-publish","hentry"],"_links":{"self":[{"href":"https:\/\/www.corporacionbi.com\/gt\/frcl\/wp-json\/wp\/v2\/pages\/1105","targetHints":{"allow":["GET"]}}],"collection":[{"href":"https:\/\/www.corporacionbi.com\/gt\/frcl\/wp-json\/wp\/v2\/pages"}],"about":[{"href":"https:\/\/www.corporacionbi.com\/gt\/frcl\/wp-json\/wp\/v2\/types\/page"}],"author":[{"embeddable":true,"href":"https:\/\/www.corporacionbi.com\/gt\/frcl\/wp-json\/wp\/v2\/users\/1"}],"replies":[{"embeddable":true,"href":"https:\/\/www.corporacionbi.com\/gt\/frcl\/wp-json\/wp\/v2\/comments?post=1105"}],"version-history":[{"count":2,"href":"https:\/\/www.corporacionbi.com\/gt\/frcl\/wp-json\/wp\/v2\/pages\/1105\/revisions"}],"predecessor-version":[{"id":1266,"href":"https:\/\/www.corporacionbi.com\/gt\/frcl\/wp-json\/wp\/v2\/pages\/1105\/revisions\/1266"}],"wp:attachment":[{"href":"https:\/\/www.corporacionbi.com\/gt\/frcl\/wp-json\/wp\/v2\/media?parent=1105"}],"wp:term":[{"taxonomy":"wf_page_folders","embeddable":true,"href":"https:\/\/www.corporacionbi.com\/gt\/frcl\/wp-json\/wp\/v2\/wf_page_folders?post=1105"}],"curies":[{"name":"wp","href":"https:\/\/api.w.org\/{rel}","templated":true}]}}